{"text_format":"1","workbook":"xlsx","n_sheets":6,"sheets":["Vendor Instructions","Employee Counts","Access - With","Access - Without","Distance - With","Distance - Without"],"not_rendered":{"charts":0,"images":0,"macros":1,"external_links":0,"defined_names":13,"comments":0,"pivot_tables":0},"unopened":[],"bounds":{"document_bytes":16777216,"sheet_cells":100000,"rows_first":2000,"rows_last":500,"rows_between":2000,"halvings":0,"cell_chars":16384,"cell_head_chars":4096},"cells_cut":0,"cells_raw":0,"read":"whole","date_system":"1900"}

{"sheet":"Vendor Instructions","index":0,"n_rows":39,"n_cols":4,"rows_kept":39,"cut":false,"hidden":false,"merged":[[1,1,1,9]]}
[]
[null,"GeoAccess Reporting Template"]
[]
[]
[null,"Step 1: Basic information"]
[null,null,"Enter the name of your organization and (if applicable) the name of the network being analyzed"]
[null,null,"If multiple networks were requested, please complete separate copies of this workbook"]
[]
[null,null,"Vendor Name","[Enter vendor name here]"]
[null,null,"Network Name","[Enter network name here]"]
[]
[null,"Step 2: Validate EE Counts"]
[null,null,"In column $C, we have pre-populated the number of covered employees per zip code"]
[null,null,"Note: We are no longer indicating which class (U/S/R) each zip code is in.  Please use the full census for all access standards."]
[null,null,"In column $D, please confirm the number of employees actually used in your analysis."]
[null,null,"(for example, you may enter '0' if the zip code was found to be invalid)"]
[null,null,"If your totals differ from column $C, you may provide commentary in the spaces provided"]
[]
[1,{"$f":"IF(A19=1,\"Step \"&2+A19&\": Number of employees WITH Access\",\"[HIDE]\")","v":"Step 3: Number of employees WITH Access"}]
[1,null,"Please enter the number of employees with access to each provider within the specified range"]
[1,null,"For example, \"2 in 10\" means the number of employees with at least 2 providers of a given type within a 10 miles drive"]
[1,null,"Provide a numeric (non percentage) response to all columns requested (apply the full census to each access standard)"]
[1]
[1,{"$f":"IF(A24=1,\"Step \"&2+A24+A19&\": Number of employees WITHOUT Access\",\"[HIDE]\")","v":"Step 4: Number of employees WITHOUT Access"}]
[1,null,"Please enter the number of employees with access to each provider within the specified range"]
[1,null,"For example, \"2 in 10\" means the number of employees with at least 2 providers of a given type within a 10 miles drive"]
[1,null,"Provide a numeric (non percentage) response to all columns requested (apply the full census to each access standard)"]
[1]
[1,{"$f":"IF(A29=1,\"Step \"&2+A24+A19+A29&\": Distance for those employees WITH access\",\"[HIDE]\")","v":"Step 5: Distance for those employees WITH access"}]
[1,null,"Provide the average driving distance to the indicated number of providers for employees who do not meet the access standards"]
[1,null,"For example, \"2 in 10\" means the average driving distance among employees with at least 2 providers within 10 miles"]
[1,null,"Provide a numeric (in miles) response to all columns requested (apply the full census to each access standard)"]
[1,null,"You may leave cells blank if all employees live within the defined access standard"]
[1]
[1,{"$f":"IF(A35=1,\"Step \"&2+A24+A19+A29+A35&\": Distance for those employees WITHOUT access\",\"[HIDE]\")","v":"Step 6: Distance for those employees WITHOUT access"}]
[1,null,"Provide the average driving distance to the indicated number of providers for employees who do not meet the access standards"]
[1,null,"For example, \"2 in 10\" means the average driving distance among employees without at least 2 providers within 10 miles"]
[1,null,"Provide a numeric (in miles) response to all columns requested (apply the full census to each access standard)"]
[1,null,"You may leave cells blank if all employees live within the defined access standard"]

{"sheet":"Employee Counts","index":1,"n_rows":2221,"n_cols":7,"rows_kept":2221,"cut":false,"hidden":false,"merged":[[1,1,1,4],[2,1,2,4]]}
[null,null,null,null,null,null,"Vendor Comment"]
[null,"State of Delaware"]
[null,{"$f":"IF('Vendor Instructions'!$D$9=\"\",\"Vendor Name\",'Vendor Instructions'!$D$9)&\"-\"&IF('Vendor Instructions'!$D$10=\"\",\"Vendor Name\",'Vendor Instructions'!$D$10)","v":"[Enter vendor name here]-[Enter network name here]"}]
[]
[null,"In column $C, we have pre-populated the number of covered employees per zip code"]
[null,"Note: We are no longer indicating which class (U/S/R) each zip code is in.  Please use the full census for all access standards."]
[null,"In column $D, please confirm the number of employees actually used in your analysis."]
[null,"(for example, you may enter '0' if the zip code was found to be invalid)"]
[null,"If your totals differ from column $C, you may provide commentary in the spaces provided"]
[null,"ZIP Code","Employees\nProvided","Employees\nUsed by Vendor","Vendor Comment"]
[1,19904,2342]
[2,19901,1785]
[3,19720,1703]
[4,19977,1660]
[5,19709,1553]
[6,19711,1509]
[7,19966,1426]
[8,19958,1415]
[9,19963,1364]
[10,19702,1320]
[11,19701,1251]
[12,19808,1153]
[13,19973,1101]
[14,19947,1048]
[15,19968,1003]
[16,19934,992]
[17,19943,954]
[18,19713,865]
[19,19805,838]
[20,19962,810]
[21,19938,710]
[22,19802,705]
[23,19956,673]
[24,19803,656]
[25,19952,655]
[26,19810,612]
[27,19971,537]
[28,19734,531]
[29,19707,524]
[30,19804,503]
[31,19950,404]
[32,19960,396]
[33,19809,388]
[34,21921,368]
[35,19945,359]
[36,19939,353]
[37,19933,341]
[38,19801,337]
[39,19946,323]
[40,19806,298]
[41,19953,292]
[42,19970,273]
[43,19703,272]
[44,19975,258]
[45,19940,167]
[46,19807,163]
[47,19941,158]
[48,19951,121]
[49,19350,113]
[50,19954,106]
[51,19706,83]
[52,19964,79]
[53,19342,78]
[54,21901,78]
[55,19348,76]
[56,21811,76]
[57,19979,68]
[58,21804,68]
[59,21875,60]
[60,19390,58]
[61,21801,58]
[62,19317,57]
[63,19363,46]
[64,19382,46]
[65,19930,45]
[66,19060,44]
[67,19352,44]
[68,21911,44]
[69,19311,42]
[70,19063,41]
[71,19967,39]
[72,8070,38]
[73,19061,36]
[74,19014,32]
[75,21915,32]
[76,21620,30]
[77,32162,29]
[78,8069,28]
[79,21842,28]
[80,21919,28]
[81,19730,27]
[82,19380,25]
[83,19903,24]
[84,8085,23]
[85,19320,21]
[86,21813,21]
[87,19013,20]
[88,19936,20]
[89,19955,20]
[90,21830,20]
[91,21912,20]
[92,19015,19]
[93,19731,19]
[94,19931,19]
[95,19335,18]
[96,19944,17]
[97,21629,17]
[98,21635,17]
[99,32163,17]
[100,19980,16]
[101,21853,16]
[102,21078,15]
[103,21904,15]
[104,8096,14]
[105,19143,14]
[106,19733,13]
[107,8098,12]
[108,17602,12]
[109,21639,12]
[110,8021,11]
[111,8079,11]
[112,19050,11]
[113,19146,11]
[114,21613,11]
[115,21849,11]
[116,29909,11]
[117,32159,11]
[118,34135,11]
[119,8081,10]
[120,8302,10]
[121,19064,10]
[122,21649,10]
[123,21651,10]
[124,19026,9]
[125,19081,9]
[126,19086,9]
[127,19714,9]
[128,21601,9]
[129,21643,9]
[130,27703,9]
[131,8332,8]
[132,19008,8]
[133,19330,8]
[134,19341,8]
[135,19362,8]
[136,19961,8]
[137,21632,8]
[138,21640,8]
[139,21678,8]
[140,32940,8]
[141,33573,8]
[142,34293,8]
[143,34481,8]
[144,34748,8]
[145,17543,7]
[146,19083,7]
[147,19087,7]
[148,19131,7]
[149,19147,7]
[150,19148,7]
[151,19732,7]
[152,21903,7]
[153,21917,7]
[154,29566,7]
[155,32164,7]
[156,32967,7]
[157,34114,7]
[158,34219,7]
[159,34287,7]
[160,17022,6]
[161,19142,6]
[162,19460,6]
[163,19899,6]
[164,20721,6]
[165,21001,6]
[166,21660,6]
[167,21826,6]
[168,21837,6]
[169,21850,6]
[170,21913,6]
[171,23356,6]
[172,29576,6]
[173,29707,6]
[174,33908,6]
[175,33913,6]
[176,33982,6]
[177,34606,6]
[178,8028,5]
[179,8104,5]
[180,8318,5]
[181,17603,5]
[182,19079,5]
[183,19082,5]
[184,19120,5]
[185,19124,5]
[186,19145,5]
[187,19355,5]
[188,19365,5]
[189,19736,5]
[190,19850,5]
[191,20147,5]
[192,21044,5]
[193,21617,5]
[194,21638,5]
[195,21655,5]
[196,21661,5]
[197,21922,5]
[198,23185,5]
[199,23336,5]
[200,27519,5]
[201,28451,5]
[202,29526,5]
[203,29928,5]
[204,32043,5]
[205,32124,5]
[206,33991,5]
[207,34221,5]
[208,34223,5]
[209,34491,5]
[210,34762,5]
[211,34987,5]
[212,8012,4]
[213,8046,4]
[214,8051,4]
[215,8066,4]
[216,8067,4]
[217,8090,4]
[218,8094,4]
[219,8204,4]
[220,8260,4]
[221,17566,4]
[222,17584,4]
[223,17601,4]
[224,19003,4]
[225,19018,4]
[226,19022,4]
[227,19023,4]
[228,19027,4]
[229,19033,4]
[230,19036,4]
[231,19106,4]
[232,19130,4]
[233,19151,4]
[234,19153,4]
[235,19347,4]
[236,19428,4]
[237,19446,4]
[238,19710,4]
[239,19969,4]
[240,21045,4]
[241,21234,4]
[242,21631,4]
[243,21702,4]
[244,21817,4]
[245,21861,4]
[246,21914,4]
[247,23238,4]
[248,24401,4]
[249,27606,4]
[250,28405,4]
[251,28412,4]
[252,28461,4]
[253,28562,4]
[254,28731,4]
[255,32724,4]
[256,32757,4]
[257,33446,4]
[258,33805,4]
[259,33837,4]
[260,33881,4]
[261,33950,4]
[262,33952,4]
[263,33980,4]
[264,33981,4]
[265,33983,4]
[266,34211,4]
[267,34238,4]
[268,34292,4]
[269,34747,4]
[270,34759,4]
[271,34786,4]
[272,8002,3]
[273,8080,3]
[274,8083,3]
[275,8093,3]
[276,8105,3]
[277,8226,3]
[278,8312,3]
[279,8401,3]
[280,8691,3]
[281,16652,3]
[282,17222,3]
[283,17552,3]
[284,17557,3]
[285,18436,3]
[286,18966,3]
[287,19070,3]
[288,19073,3]
[289,19078,3]
[290,19094,3]
[291,19103,3]
[292,19107,3]
[293,19119,3]
[294,19123,3]
[295,19128,3]
[296,19133,3]
[297,19141,3]
[298,19144,3]
[299,19518,3]
[300,19607,3]
[301,20012,3]
[302,20015,3]
[303,20187,3]
[304,21009,3]
[305,21015,3]
[306,21050,3]
[307,21060,3]
[308,21113,3]
[309,21157,3]
[310,21401,3]
[311,21502,3]
[312,21610,3]
[313,21636,3]
[314,21645,3]
[315,21658,3]
[316,21666,3]
[317,21701,3]
[318,21803,3]
[319,21821,3]
[320,21851,3]
[321,22150,3]
[322,22835,3]
[323,23454,3]
[324,23456,3]
[325,23832,3]
[326,24503,3]
[327,25427,3]
[328,27030,3]
[329,27106,3]
[330,27265,3]
[331,27526,3]
[332,27529,3]
[333,27540,3]
[334,27587,3]
[335,27889,3]
[336,28105,3]
[337,28403,3]
[338,28428,3]
[339,28443,3]
[340,28467,3]
[341,29045,3]
[342,29466,3]
[343,29483,3]
[344,29486,3]
[345,29575,3]
[346,29577,3]
[347,29579,3]
[348,29582,3]
[349,29585,3]
[350,29588,3]
[351,29681,3]
[352,29732,3]
[353,30506,3]
[354,30605,3]
[355,32034,3]
[356,32080,3]
[357,32224,3]
[358,32726,3]
[359,32778,3]
[360,32958,3]
[361,32963,3]
[362,33042,3]
[363,33408,3]
[364,33433,3]
[365,33445,3]
[366,33483,3]
[367,33647,3]
[368,33715,3]
[369,33764,3]
[370,33880,3]
[371,33904,3]
[372,33917,3]
[373,33955,3]
[374,33957,3]
[375,33993,3]
[376,34113,3]
[377,34117,3]
[378,34120,3]
[379,34203,3]
[380,34222,3]
[381,34240,3]
[382,34275,3]
[383,34609,3]
[384,34652,3]
[385,34667,3]
[386,34711,3]
[387,34772,3]
[388,34949,3]
[389,37122,3]
[390,44256,3]
[391,45040,3]
[392,65778,3]
[393,75043,3]
[394,76542,3]
[395,78633,3]
[396,80504,3]
[397,85351,3]
[398,85614,3]
[399,85748,3]
[400,1507,2]
[401,1754,2]
[402,1845,2]
[403,2818,2]
[404,4843,2]
[405,7040,2]
[406,7108,2]
[407,7712,2]
[408,8003,2]
[409,8008,2]
[410,8010,2]
[411,8023,2]
[412,8027,2]
[413,8033,2]
[414,8034,2]
[415,8035,2]
[416,8043,2]
[417,8053,2]
[418,8054,2]
[419,8061,2]
[420,8062,2]
[421,8075,2]
[422,8106,2]
[423,8107,2]
[424,8108,2]
[425,8109,2]
[426,8110,2]
[427,8203,2]
[428,8205,2]
[429,8210,2]
[430,8330,2]
[431,8360,2]
[432,8361,2]
[433,8406,2]
[434,8540,2]
[435,8759,2]
[436,11434,2]
[437,14830,2]
[438,16662,2]
[439,16743,2]
[440,16823,2]
[441,17067,2]
[442,17111,2]
[443,17112,2]
[444,17268,2]
[445,17320,2]
[446,17339,2]
[447,17356,2]
[448,17402,2]
[449,17529,2]
[450,17536,2]
[451,17579,2]
[452,17745,2]
[453,17771,2]
[454,17776,2]
[455,17815,2]
[456,18062,2]
[457,18078,2]
[458,18104,2]
[459,18235,2]
[460,18240,2]
[461,18504,2]
[462,18644,2]
[463,18901,2]
[464,18902,2]
[465,18940,2]
[466,18974,2]
[467,19002,2]
[468,19006,2]
[469,19010,2]
[470,19041,2]
[471,19043,2]
[472,19074,2]
[473,19076,2]
[474,19090,2]
[475,19121,2]
[476,19125,2]
[477,19129,2]
[478,19135,2]
[479,19139,2]
[480,19150,2]
[481,19152,2]
[482,19344,2]
[483,19351,2]
[484,19403,2]
[485,19422,2]
[486,19464,2]
[487,19510,2]
[488,19525,2]
[489,19567,2]
[490,19708,2]
[491,20152,2]
[492,20169,2]
[493,20171,2]
[494,20180,2]
[495,20602,2]
[496,20640,2]
[497,20650,2]
[498,20705,2]
[499,20706,2]
[500,20715,2]
[501,20735,2]
[502,20744,2]
[503,20815,2]
[504,20895,2]
[505,20912,2]
[506,21028,2]
[507,21030,2]
[508,21040,2]
[509,21043,2]
[510,21047,2]
[511,21061,2]
[512,21076,2]
[513,21108,2]
[514,21146,2]
[515,21228,2]
[516,21619,2]
[517,21628,2]
[518,21654,2]
[519,21659,2]
[520,21663,2]
[521,21667,2]
[522,21668,2]
[523,21673,2]
[524,21742,2]
[525,21822,2]
[526,21838,2]
[527,21840,2]
[528,21863,2]
[529,21871,2]
[530,21872,2]
[531,21874,2]
[532,21918,2]
[533,22401,2]
[534,22406,2]
[535,22485,2]
[536,22902,2]
[537,22911,2]
[538,23059,2]
[539,23061,2]
[540,23112,2]
[541,23117,2]
[542,23139,2]
[543,23229,2]
[544,23235,2]
[545,23320,2]
[546,23350,2]
[547,23395,2]
[548,23401,2]
[549,23435,2]
[550,23451,2]
[551,23831,2]
[552,23836,2]
[553,24060,2]
[554,24101,2]
[555,24450,2]
[556,24558,2]
[557,25303,2]
[558,27215,2]
[559,27284,2]
[560,27406,2]
[561,27520,2]
[562,27523,2]
[563,27527,2]
[564,27616,2]
[565,27804,2]
[566,27850,2]
[567,27936,2]
[568,28075,2]
[569,28115,2]
[570,28173,2]
[571,28227,2]
[572,28337,2]
[573,28374,2]
[574,28462,2]
[575,28512,2]
[576,28546,2]
[577,28557,2]
[578,28613,2]
[579,28734,2]
[580,29016,2]
[581,29036,2]
[582,29072,2]
[583,29102,2]
[584,29148,2]
[585,29154,2]
[586,29301,2]
[587,29414,2]
[588,29440,2]
[589,29455,2]
[590,29470,2]
[591,29505,2]
[592,29560,2]
[593,29803,2]
[594,29910,2]
[595,29927,2]
[596,30004,2]
[597,30019,2]
[598,30022,2]
[599,30024,2]
[600,30041,2]
[601,30043,2]
[602,30084,2]
[603,30101,2]
[604,30114,2]
[605,30127,2]
[606,30134,2]
[607,30276,2]
[608,30331,2]
[609,30680,2]
[610,30815,2]
[611,31522,2]
[612,31632,2]
[613,32065,2]
[614,32082,2]
[615,32086,2]
[616,32095,2]
[617,32127,2]
[618,32137,2]
[619,32168,2]
[620,32174,2]
[621,32176,2]
[622,32205,2]
[623,32233,2]
[624,32256,2]
[625,32404,2]
[626,32536,2]
[627,32547,2]
[628,32707,2]
[629,32796,2]
[630,32837,2]
[631,32901,2]
[632,32904,2]
[633,32937,2]
[634,32953,2]
[635,32962,2]
[636,33050,2]
[637,33064,2]
[638,33069,2]
[639,33139,2]
[640,33321,2]
[641,33411,2]
[642,33414,2]
[643,33434,2]
[644,33435,2]
[645,33437,2]
[646,33458,2]
[647,33473,2]
[648,33484,2]
[649,33486,2]
[650,33558,2]
[651,33572,2]
[652,33578,2]
[653,33598,2]
[654,33625,2]
[655,33706,2]
[656,33707,2]
[657,33774,2]
[658,33809,2]
[659,33823,2]
[660,33852,2]
[661,33884,2]
[662,33909,2]
[663,33928,2]
[664,33931,2]
[665,33948,2]
[666,33954,2]
[667,33966,2]
[668,33967,2]
[669,34108,2]
[670,34209,2]
[671,34243,2]
[672,34285,2]
[673,34289,2]
[674,34461,2]
[675,34601,2]
[676,34610,2]
[677,34639,2]
[678,34655,2]
[679,34691,2]
[680,34698,2]
[681,34714,2]
[682,34746,2]
[683,34758,2]
[684,34953,2]
[685,34957,2]
[686,35022,2]
[687,35593,2]
[688,35748,2]
[689,36532,2]
[690,37043,2]
[691,37066,2]
[692,37312,2]
[693,37861,2]
[694,37934,2]
[695,39503,2]
[696,39897,2]
[697,40299,2]
[698,43076,2]
[699,44406,2]
[700,46033,2]
[701,49431,2]
[702,57730,2]
[703,59870,2]
[704,76227,2]
[705,77018,2]
[706,77459,2]
[707,77469,2]
[708,77493,2]
[709,77573,2]
[710,78245,2]
[711,78260,2]
[712,78261,2]
[713,78628,2]
[714,80517,2]
[715,84780,2]
[716,85298,2]
[717,85373,2]
[718,85395,2]
[719,85635,2]
[720,85658,2]
[721,85737,2]
[722,85739,2]
[723,89032,2]
[724,89052,2]
[725,90094,2]
[726,92037,2]
[727,96706,2]
[728,96740,2]
[729,97206,2]
[730,98136,2]
[731,98362,2]
[732,637,1]
[733,650,1]
[734,682,1]
[735,754,1]
[736,820,1]
[737,1002,1]
[738,1096,1]
[739,1129,1]
[740,1452,1]
[741,1453,1]
[742,1516,1]
[743,1950,1]
[744,1960,1]
[745,2035,1]
[746,2043,1]
[747,2121,1]
[748,2136,1]
[749,2139,1]
[750,2184,1]
[751,2360,1]
[752,2420,1]
[753,2445,1]
[754,2540,1]
[755,2631,1]
[756,2651,1]
[757,2653,1]
[758,2663,1]
[759,2673,1]
[760,2675,1]
[761,2777,1]
[762,2861,1]
[763,2892,1]
[764,2906,1]
[765,2910,1]
[766,3062,1]
[767,3301,1]
[768,3304,1]
[769,3595,1]
[770,3740,1]
[771,3753,1]
[772,3801,1]
[773,3842,1]
[774,3848,1]
[775,3856,1]
[776,4072,1]
[777,4074,1]
[778,4076,1]
[779,4090,1]
[780,4106,1]
[781,4210,1]
[782,4282,1]
[783,4294,1]
[784,4352,1]
[785,4401,1]
[786,4464,1]
[787,4578,1]
[788,4605,1]
[789,4627,1]
[790,4776,1]
[791,4848,1]
[792,4854,1]
[793,4901,1]
[794,4917,1]
[795,4939,1]
[796,5037,1]
[797,5143,1]
[798,5201,1]
[799,5401,1]
[800,5403,1]
[801,5452,1]
[802,5464,1]
[803,5488,1]
[804,5701,1]
[805,6082,1]
[806,6095,1]
[807,6096,1]
[808,6237,1]
[809,6351,1]
[810,6355,1]
[811,6415,1]
[812,6443,1]
[813,6488,1]
[814,6498,1]
[815,6516,1]
[816,6604,1]
[817,6850,1]
[818,7010,1]
[819,7016,1]
[820,7071,1]
[821,7103,1]
[822,7302,1]
[823,7444,1]
[824,7450,1]
[825,7461,1]
[826,7481,1]
[827,7601,1]
[828,7645,1]
[829,7675,1]
[830,7677,1]
[831,7719,1]
[832,7746,1]
[833,7756,1]
[834,7840,1]
[835,7843,1]
[836,7860,1]
[837,7866,1]
[838,7930,1]
[839,8004,1]
[840,8009,1]
[841,8015,1]
[842,8016,1]
[843,8020,1]
[844,8022,1]
[845,8030,1]
[846,8031,1]
[847,8037,1]
[848,8038,1]
[849,8045,1]
[850,8050,1]
[851,8052,1]
[852,8055,1]
[853,8060,1]
[854,8063,1]
[855,8072,1]
[856,8078,1]
[857,8084,1]
[858,8086,1]
[859,8102,1]
[860,8215,1]
[861,8221,1]
[862,8241,1]
[863,8243,1]
[864,8251,1]
[865,8320,1]
[866,8322,1]
[867,8343,1]
[868,8344,1]
[869,8362,1]
[870,8402,1]
[871,8505,1]
[872,8514,1]
[873,8534,1]
[874,8542,1]
[875,8559,1]
[876,8610,1]
[877,8620,1]
[878,8648,1]
[879,8701,1]
[880,8751,1]
[881,8757,1]
[882,8758,1]
[883,8801,1]
[884,8816,1]
[885,8857,1]
[886,8859,1]
[887,8873,1]
[888,10010,1]
[889,10018,1]
[890,10044,1]
[891,10128,1]
[892,10460,1]
[893,10527,1]
[894,10598,1]
[895,10607,1]
[896,10706,1]
[897,11010,1]
[898,11021,1]
[899,11105,1]
[900,11231,1]
[901,11254,1]
[902,11369,1]
[903,11411,1]
[904,11510,1]
[905,11530,1]
[906,11691,1]
[907,11743,1]
[908,11937,1]
[909,11961,1]
[910,11977,1]
[911,12065,1]
[912,12090,1]
[913,12401,1]
[914,12472,1]
[915,12776,1]
[916,12831,1]
[917,12866,1]
[918,13045,1]
[919,13057,1]
[920,13167,1]
[921,13808,1]
[922,14092,1]
[923,14424,1]
[924,14450,1]
[925,14472,1]
[926,14616,1]
[927,14626,1]
[928,14701,1]
[929,14826,1]
[930,14891,1]
[931,14901,1]
[932,15037,1]
[933,15067,1]
[934,15101,1]
[935,15108,1]
[936,15137,1]
[937,15147,1]
[938,15202,1]
[939,15216,1]
[940,15218,1]
[941,15301,1]
[942,15317,1]
[943,15323,1]
[944,15401,1]
[945,15658,1]
[946,15676,1]
[947,15701,1]
[948,15759,1]
[949,15824,1]
[950,15825,1]
[951,15834,1]
[952,15905,1]
[953,15928,1]
[954,16001,1]
[955,16002,1]
[956,16057,1]
[957,16066,1]
[958,16111,1]
[959,16148,1]
[960,16323,1]
[961,16412,1]
[962,16506,1]
[963,16509,1]
[964,16650,1]
[965,16680,1]
[966,16801,1]
[967,16803,1]
[968,16868,1]
[969,16875,1]
[970,16901,1]
[971,16946,1]
[972,17015,1]
[973,17019,1]
[974,17042,1]
[975,17050,1]
[976,17055,1]
[977,17057,1]
[978,17063,1]
[979,17066,1]
[980,17202,1]
[981,17228,1]
[982,17241,1]
[983,17257,1]
[984,17314,1]
[985,17315,1]
[986,17350,1]
[987,17362,1]
[988,17403,1]
[989,17406,1]
[990,17505,1]
[991,17512,1]
[992,17516,1]
[993,17517,1]
[994,17519,1]
[995,17527,1]
[996,17532,1]
[997,17538,1]
[998,17545,1]
[999,17563,1]
[1000,17565,1]
[1001,17702,1]
[1002,17731,1]
[1003,17740,1]
[1004,17754,1]
[1005,17841,1]
[1006,17846,1]
[1007,18014,1]
[1008,18017,1]
[1009,18018,1]
[1010,18032,1]
[1011,18034,1]
[1012,18049,1]
[1013,18055,1]
[1014,18067,1]
[1015,18069,1]
[1016,18071,1]
[1017,18106,1]
[1018,18202,1]
[1019,18218,1]
[1020,18229,1]
[1021,18302,1]
[1022,18343,1]
[1023,18346,1]
[1024,18347,1]
[1025,18353,1]
[1026,18407,1]
[1027,18424,1]
[1028,18431,1]
[1029,18433,1]
[1030,18452,1]
[1031,18466,1]
[1032,18472,1]
[1033,18603,1]
[1034,18621,1]
[1035,18628,1]
[1036,18661,1]
[1037,18833,1]
[1038,18834,1]
[1039,18845,1]
[1040,18853,1]
[1041,18917,1]
[1042,18925,1]
[1043,18951,1]
[1044,18960,1]
[1045,18972,1]
[1046,19004,1]
[1047,19016,1]
[1048,19020,1]
[1049,19021,1]
[1050,19025,1]
[1051,19029,1]
[1052,19032,1]
[1053,19038,1]
[1054,19040,1]
[1055,19053,1]
[1056,19056,1]
[1057,19057,1]
[1058,19067,1]
[1059,19072,1]
[1060,19101,1]
[1061,19102,1]
[1062,19104,1]
[1063,19111,1]
[1064,19114,1]
[1065,19116,1]
[1066,19126,1]
[1067,19136,1]
[1068,19140,1]
[1069,19301,1]
[1070,19310,1]
[1071,19312,1]
[1072,19333,1]
[1073,19360,1]
[1074,19369,1]
[1075,19373,1]
[1076,19374,1]
[1077,19375,1]
[1078,19405,1]
[1079,19406,1]
[1080,19425,1]
[1081,19426,1]
[1082,19438,1]
[1083,19440,1]
[1084,19444,1]
[1085,19454,1]
[1086,19462,1]
[1087,19465,1]
[1088,19477,1]
[1089,19505,1]
[1090,19506,1]
[1091,19522,1]
[1092,19560,1]
[1093,19562,1]
[1094,19565,1]
[1095,19601,1]
[1096,19606,1]
[1097,19609,1]
[1098,20007,1]
[1099,20008,1]
[1100,20016,1]
[1101,20037,1]
[1102,20117,1]
[1103,20132,1]
[1104,20164,1]
[1105,20165,1]
[1106,20170,1]
[1107,20176,1]
[1108,20619,1]
[1109,20646,1]
[1110,20688,1]
[1111,20707,1]
[1112,20720,1]
[1113,20723,1]
[1114,20732,1]
[1115,20743,1]
[1116,20772,1]
[1117,20784,1]
[1118,20785,1]
[1119,20794,1]
[1120,20850,1]
[1121,20852,1]
[1122,20853,1]
[1123,20872,1]
[1124,20874,1]
[1125,20903,1]
[1126,20906,1]
[1127,20910,1]
[1128,21012,1]
[1129,21017,1]
[1130,21029,1]
[1131,21042,1]
[1132,21054,1]
[1133,21057,1]
[1134,21077,1]
[1135,21093,1]
[1136,21111,1]
[1137,21114,1]
[1138,21117,1]
[1139,21155,1]
[1140,21162,1]
[1141,21163,1]
[1142,21201,1]
[1143,21202,1]
[1144,21208,1]
[1145,21210,1]
[1146,21212,1]
[1147,21216,1]
[1148,21220,1]
[1149,21222,1]
[1150,21224,1]
[1151,21227,1]
[1152,21229,1]
[1153,21237,1]
[1154,21239,1]
[1155,21531,1]
[1156,21541,1]
[1157,21607,1]
[1158,21623,1]
[1159,21625,1]
[1160,21657,1]
[1161,21662,1]
[1162,21670,1]
[1163,21677,1]
[1164,21704,1]
[1165,21738,1]
[1166,21740,1]
[1167,21773,1]
[1168,21774,1]
[1169,21784,1]
[1170,21791,1]
[1171,21802,1]
[1172,21814,1]
[1173,21843,1]
[1174,21856,1]
[1175,21862,1]
[1176,21865,1]
[1177,21916,1]
[1178,21920,1]
[1179,22025,1]
[1180,22026,1]
[1181,22031,1]
[1182,22101,1]
[1183,22180,1]
[1184,22202,1]
[1185,22207,1]
[1186,22302,1]
[1187,22314,1]
[1188,22407,1]
[1189,22473,1]
[1190,22480,1]
[1191,22520,1]
[1192,22572,1]
[1193,22603,1]
[1194,22802,1]
[1195,22810,1]
[1196,22834,1]
[1197,22901,1]
[1198,22939,1]
[1199,22942,1]
[1200,22947,1]
[1201,22952,1]
[1202,22980,1]
[1203,23015,1]
[1204,23060,1]
[1205,23103,1]
[1206,23111,1]
[1207,23114,1]
[1208,23124,1]
[1209,23128,1]
[1210,23188,1]
[1211,23227,1]
[1212,23230,1]
[1213,23233,1]
[1214,23234,1]
[1215,23294,1]
[1216,23308,1]
[1217,23310,1]
[1218,23314,1]
[1219,23410,1]
[1220,23417,1]
[1221,23418,1]
[1222,23421,1]
[1223,23430,1]
[1224,23432,1]
[1225,23434,1]
[1226,23450,1]
[1227,23455,1]
[1228,23464,1]
[1229,23502,1]
[1230,23503,1]
[1231,23513,1]
[1232,23601,1]
[1233,23607,1]
[1234,23608,1]
[1235,23703,1]
[1236,23851,1]
[1237,23860,1]
[1238,23887,1]
[1239,24012,1]
[1240,24090,1]
[1241,24095,1]
[1242,24112,1]
[1243,24127,1]
[1244,24151,1]
[1245,24171,1]
[1246,24210,1]
[1247,24319,1]
[1248,24426,1]
[1249,24477,1]
[1250,24486,1]
[1251,24551,1]
[1252,24556,1]
[1253,24605,1]
[1254,24901,1]
[1255,24931,1]
[1256,24963,1]
[1257,24993,1]
[1258,25276,1]
[1259,25413,1]
[1260,25434,1]
[1261,25443,1]
[1262,25444,1]
[1263,25544,1]
[1264,25812,1]
[1265,25840,1]
[1266,25976,1]
[1267,26050,1]
[1268,26142,1]
[1269,26267,1]
[1270,26301,1]
[1271,26444,1]
[1272,26505,1]
[1273,26508,1]
[1274,26588,1]
[1275,26601,1]
[1276,26631,1]
[1277,26710,1]
[1278,26739,1]
[1279,26757,1]
[1280,27101,1]
[1281,27104,1]
[1282,27127,1]
[1283,27214,1]
[1284,27235,1]
[1285,27282,1]
[1286,27292,1]
[1287,27295,1]
[1288,27302,1]
[1289,27312,1]
[1290,27317,1]
[1291,27330,1]
[1292,27370,1]
[1293,27377,1]
[1294,27407,1]
[1295,27455,1]
[1296,27511,1]
[1297,27513,1]
[1298,27514,1]
[1299,27516,1]
[1300,27530,1]
[1301,27534,1]
[1302,27539,1]
[1303,27545,1]
[1304,27562,1]
[1305,27565,1]
[1306,27573,1]
[1307,27583,1]
[1308,27604,1]
[1309,27610,1]
[1310,27613,1]
[1311,27614,1]
[1312,27617,1]
[1313,27712,1]
[1314,27822,1]
[1315,27824,1]
[1316,27828,1]
[1317,27856,1]
[1318,27870,1]
[1319,27874,1]
[1320,27906,1]
[1321,27909,1]
[1322,27915,1]
[1323,27924,1]
[1324,27944,1]
[1325,27948,1]
[1326,27959,1]
[1327,27966,1]
[1328,28025,1]
[1329,28027,1]
[1330,28036,1]
[1331,28043,1]
[1332,28052,1]
[1333,28054,1]
[1334,28056,1]
[1335,28083,1]
[1336,28117,1]
[1337,28120,1]
[1338,28128,1]
[1339,28144,1]
[1340,28147,1]
[1341,28150,1]
[1342,28205,1]
[1343,28210,1]
[1344,28211,1]
[1345,28216,1]
[1346,28226,1]
[1347,28269,1]
[1348,28273,1]
[1349,28277,1]
[1350,28278,1]
[1351,28318,1]
[1352,28320,1]
[1353,28326,1]
[1354,28327,1]
[1355,28328,1]
[1356,28371,1]
[1357,28379,1]
[1358,28387,1]
[1359,28396,1]
[1360,28398,1]
[1361,28409,1]
[1362,28411,1]
[1363,28425,1]
[1364,28458,1]
[1365,28463,1]
[1366,28513,1]
[1367,28532,1]
[1368,28540,1]
[1369,28560,1]
[1370,28571,1]
[1371,28584,1]
[1372,28586,1]
[1373,28590,1]
[1374,28594,1]
[1375,28625,1]
[1376,28627,1]
[1377,28636,1]
[1378,28655,1]
[1379,28673,1]
[1380,28694,1]
[1381,28704,1]
[1382,28711,1]
[1383,28712,1]
[1384,28753,1]
[1385,28756,1]
[1386,28787,1]
[1387,28790,1]
[1388,28791,1]
[1389,28792,1]
[1390,28803,1]
[1391,28806,1]
[1392,29030,1]
[1393,29047,1]
[1394,29073,1]
[1395,29115,1]
[1396,29142,1]
[1397,29163,1]
[1398,29164,1]
[1399,29204,1]
[1400,29210,1]
[1401,29229,1]
[1402,29379,1]
[1403,29388,1]
[1404,29407,1]
[1405,29410,1]
[1406,29412,1]
[1407,29439,1]
[1408,29445,1]
[1409,29456,1]
[1410,29461,1]
[1411,29464,1]
[1412,29485,1]
[1413,29488,1]
[1414,29492,1]
[1415,29501,1]
[1416,29511,1]
[1417,29527,1]
[1418,29532,1]
[1419,29541,1]
[1420,29545,1]
[1421,29554,1]
[1422,29568,1]
[1423,29569,1]
[1424,29570,1]
[1425,29572,1]
[1426,29601,1]
[1427,29607,1]
[1428,29611,1]
[1429,29617,1]
[1430,29621,1]
[1431,29631,1]
[1432,29649,1]
[1433,29651,1]
[1434,29664,1]
[1435,29670,1]
[1436,29672,1]
[1437,29676,1]
[1438,29678,1]
[1439,29680,1]
[1440,29690,1]
[1441,29702,1]
[1442,29706,1]
[1443,29708,1]
[1444,29710,1]
[1445,29715,1]
[1446,29717,1]
[1447,29720,1]
[1448,29829,1]
[1449,29902,1]
[1450,29920,1]
[1451,29926,1]
[1452,29935,1]
[1453,30013,1]
[1454,30017,1]
[1455,30028,1]
[1456,30034,1]
[1457,30040,1]
[1458,30045,1]
[1459,30046,1]
[1460,30052,1]
[1461,30068,1]
[1462,30076,1]
[1463,30078,1]
[1464,30080,1]
[1465,30087,1]
[1466,30107,1]
[1467,30126,1]
[1468,30135,1]
[1469,30141,1]
[1470,30143,1]
[1471,30157,1]
[1472,30214,1]
[1473,30215,1]
[1474,30223,1]
[1475,30228,1]
[1476,30238,1]
[1477,30252,1]
[1478,30253,1]
[1479,30281,1]
[1480,30288,1]
[1481,30294,1]
[1482,30310,1]
[1483,30311,1]
[1484,30324,1]
[1485,30327,1]
[1486,30338,1]
[1487,30349,1]
[1488,30417,1]
[1489,30467,1]
[1490,30534,1]
[1491,30535,1]
[1492,30548,1]
[1493,30553,1]
[1494,30643,1]
[1495,30705,1]
[1496,30809,1]
[1497,30909,1]
[1498,31005,1]
[1499,31028,1]
[1500,31069,1]
[1501,31210,1]
[1502,31221,1]
[1503,31302,1]
[1504,31313,1]
[1505,31316,1]
[1506,31322,1]
[1507,31324,1]
[1508,31329,1]
[1509,31408,1]
[1510,31410,1]
[1511,31525,1]
[1512,31548,1]
[1513,31558,1]
[1514,31560,1]
[1515,31569,1]
[1516,31750,1]
[1517,32003,1]
[1518,32073,1]
[1519,32081,1]
[1520,32084,1]
[1521,32091,1]
[1522,32092,1]
[1523,32102,1]
[1524,32118,1]
[1525,32136,1]
[1526,32141,1]
[1527,32169,1]
[1528,32218,1]
[1529,32225,1]
[1530,32234,1]
[1531,32244,1]
[1532,32259,1]
[1533,32277,1]
[1534,32308,1]
[1535,32408,1]
[1536,32413,1]
[1537,32428,1]
[1538,32439,1]
[1539,32459,1]
[1540,32504,1]
[1541,32513,1]
[1542,32514,1]
[1543,32533,1]
[1544,32561,1]
[1545,32563,1]
[1546,32567,1]
[1547,32570,1]
[1548,32578,1]
[1549,32583,1]
[1550,32608,1]
[1551,32609,1]
[1552,32664,1]
[1553,32686,1]
[1554,32696,1]
[1555,32702,1]
[1556,32708,1]
[1557,32714,1]
[1558,32720,1]
[1559,32735,1]
[1560,32736,1]
[1561,32750,1]
[1562,32763,1]
[1563,32765,1]
[1564,32766,1]
[1565,32771,1]
[1566,32780,1]
[1567,32817,1]
[1568,32824,1]
[1569,32836,1]
[1570,32903,1]
[1571,32906,1]
[1572,32907,1]
[1573,32923,1]
[1574,32968,1]
[1575,32976,1]
[1576,33033,1]
[1577,33041,1]
[1578,33060,1]
[1579,33062,1]
[1580,33066,1]
[1581,33068,1]
[1582,33071,1]
[1583,33076,1]
[1584,33138,1]
[1585,33143,1]
[1586,33156,1]
[1587,33178,1]
[1588,33183,1]
[1589,33304,1]
[1590,33331,1]
[1591,33401,1]
[1592,33404,1]
[1593,33412,1]
[1594,33417,1]
[1595,33418,1]
[1596,33426,1]
[1597,33428,1]
[1598,33431,1]
[1599,33460,1]
[1600,33471,1]
[1601,33477,1]
[1602,33478,1]
[1603,33496,1]
[1604,33498,1]
[1605,33510,1]
[1606,33525,1]
[1607,33540,1]
[1608,33541,1]
[1609,33542,1]
[1610,33543,1]
[1611,33547,1]
[1612,33566,1]
[1613,33569,1]
[1614,33570,1]
[1615,33584,1]
[1616,33597,1]
[1617,33604,1]
[1618,33618,1]
[1619,33701,1]
[1620,33703,1]
[1621,33704,1]
[1622,33708,1]
[1623,33710,1]
[1624,33713,1]
[1625,33756,1]
[1626,33762,1]
[1627,33763,1]
[1628,33770,1]
[1629,33771,1]
[1630,33773,1]
[1631,33776,1]
[1632,33778,1]
[1633,33785,1]
[1634,33810,1]
[1635,33811,1]
[1636,33813,1]
[1637,33830,1]
[1638,33844,1]
[1639,33859,1]
[1640,33868,1]
[1641,33896,1]
[1642,33897,1]
[1643,33898,1]
[1644,33903,1]
[1645,33905,1]
[1646,33907,1]
[1647,33914,1]
[1648,33916,1]
[1649,33919,1]
[1650,33920,1]
[1651,33947,1]
[1652,33953,1]
[1653,33971,1]
[1654,33990,1]
[1655,34102,1]
[1656,34104,1]
[1657,34105,1]
[1658,34110,1]
[1659,34112,1]
[1660,34119,1]
[1661,34134,1]
[1662,34142,1]
[1663,34145,1]
[1664,34201,1]
[1665,34202,1]
[1666,34205,1]
[1667,34208,1]
[1668,34210,1]
[1669,34212,1]
[1670,34224,1]
[1671,34231,1]
[1672,34233,1]
[1673,34235,1]
[1674,34241,1]
[1675,34265,1]
[1676,34269,1]
[1677,34291,1]
[1678,34420,1]
[1679,34431,1]
[1680,34433,1]
[1681,34436,1]
[1682,34442,1]
[1683,34446,1]
[1684,34448,1]
[1685,34450,1]
[1686,34453,1]
[1687,34465,1]
[1688,34470,1]
[1689,34471,1]
[1690,34472,1]
[1691,34473,1]
[1692,34476,1]
[1693,34482,1]
[1694,34484,1]
[1695,34607,1]
[1696,34608,1]
[1697,34638,1]
[1698,34668,1]
[1699,34677,1]
[1700,34684,1]
[1701,34685,1]
[1702,34695,1]
[1703,34705,1]
[1704,34744,1]
[1705,34770,1]
[1706,34952,1]
[1707,34972,1]
[1708,34982,1]
[1709,34986,1]
[1710,34990,1]
[1711,34997,1]
[1712,35077,1]
[1713,35085,1]
[1714,35120,1]
[1715,35124,1]
[1716,35244,1]
[1717,35611,1]
[1718,35633,1]
[1719,35744,1]
[1720,35757,1]
[1721,35758,1]
[1722,35769,1]
[1723,35803,1]
[1724,35810,1]
[1725,36066,1]
[1726,36116,1]
[1727,36360,1]
[1728,36526,1]
[1729,36530,1]
[1730,36587,1]
[1731,36703,1]
[1732,36854,1]
[1733,36870,1]
[1734,37090,1]
[1735,37128,1]
[1736,37135,1]
[1737,37138,1]
[1738,37167,1]
[1739,37174,1]
[1740,37205,1]
[1741,37211,1]
[1742,37323,1]
[1743,37343,1]
[1744,37411,1]
[1745,37615,1]
[1746,37617,1]
[1747,37656,1]
[1748,37658,1]
[1749,37687,1]
[1750,37726,1]
[1751,37737,1]
[1752,37743,1]
[1753,37763,1]
[1754,37774,1]
[1755,37777,1]
[1756,37804,1]
[1757,37818,1]
[1758,37857,1]
[1759,37865,1]
[1760,37870,1]
[1761,37882,1]
[1762,37918,1]
[1763,37921,1]
[1764,38024,1]
[1765,38251,1]
[1766,38451,1]
[1767,38485,1]
[1768,38555,1]
[1769,38556,1]
[1770,38658,1]
[1771,38673,1]
[1772,39202,1]
[1773,39272,1]
[1774,39347,1]
[1775,39507,1]
[1776,39553,1]
[1777,39564,1]
[1778,39565,1]
[1779,39759,1]
[1780,40444,1]
[1781,40502,1]
[1782,40513,1]
[1783,41004,1]
[1784,41005,1]
[1785,41091,1]
[1786,42276,1]
[1787,42764,1]
[1788,43017,1]
[1789,43021,1]
[1790,43065,1]
[1791,43110,1]
[1792,43202,1]
[1793,43219,1]
[1794,43221,1]
[1795,43229,1]
[1796,43235,1]
[1797,43420,1]
[1798,43533,1]
[1799,43560,1]
[1800,43942,1]
[1801,43988,1]
[1802,44084,1]
[1803,44116,1]
[1804,44128,1]
[1805,44130,1]
[1806,44145,1]
[1807,44281,1]
[1808,44313,1]
[1809,44408,1]
[1810,44515,1]
[1811,44654,1]
[1812,44721,1]
[1813,44864,1]
[1814,45036,1]
[1815,45102,1]
[1816,45230,1]
[1817,45417,1]
[1818,45424,1]
[1819,45429,1]
[1820,45601,1]
[1821,45662,1]
[1822,45723,1]
[1823,46038,1]
[1824,46163,1]
[1825,46342,1]
[1826,46561,1]
[1827,46617,1]
[1828,47424,1]
[1829,47725,1]
[1830,47802,1]
[1831,47906,1]
[1832,47909,1]
[1833,48101,1]
[1834,48104,1]
[1835,48188,1]
[1836,48197,1]
[1837,48236,1]
[1838,48309,1]
[1839,48322,1]
[1840,48328,1]
[1841,48383,1]
[1842,48450,1]
[1843,48750,1]
[1844,48823,1]
[1845,49046,1]
[1846,49079,1]
[1847,49417,1]
[1848,49461,1]
[1849,49651,1]
[1850,49686,1]
[1851,49801,1]
[1852,49837,1]
[1853,49876,1]
[1854,49931,1]
[1855,50074,1]
[1856,50208,1]
[1857,50266,1]
[1858,51652,1]
[1859,52003,1]
[1860,52404,1]
[1861,52732,1]
[1862,53572,1]
[1863,54016,1]
[1864,54601,1]
[1865,54701,1]
[1866,54810,1]
[1867,55042,1]
[1868,55116,1]
[1869,55350,1]
[1870,55415,1]
[1871,55449,1]
[1872,55956,1]
[1873,56011,1]
[1874,57110,1]
[1875,57702,1]
[1876,57719,1]
[1877,59047,1]
[1878,59405,1]
[1879,59501,1]
[1880,59718,1]
[1881,59720,1]
[1882,59752,1]
[1883,59803,1]
[1884,59804,1]
[1885,59904,1]
[1886,60053,1]
[1887,60061,1]
[1888,60102,1]
[1889,60188,1]
[1890,60201,1]
[1891,60409,1]
[1892,60607,1]
[1893,60640,1]
[1894,61603,1]
[1895,61833,1]
[1896,62095,1]
[1897,62269,1]
[1898,62474,1]
[1899,62959,1]
[1900,62967,1]
[1901,63117,1]
[1902,63129,1]
[1903,63401,1]
[1904,63670,1]
[1905,64155,1]
[1906,65201,1]
[1907,65203,1]
[1908,67039,1]
[1909,67401,1]
[1910,67550,1]
[1911,70118,1]
[1912,70433,1]
[1913,71018,1]
[1914,71291,1]
[1915,71326,1]
[1916,71457,1]
[1917,71603,1]
[1918,72116,1]
[1919,72120,1]
[1920,72127,1]
[1921,72658,1]
[1922,72774,1]
[1923,72835,1]
[1924,73072,1]
[1925,73401,1]
[1926,73521,1]
[1927,73547,1]
[1928,73601,1]
[1929,74002,1]
[1930,74012,1]
[1931,74019,1]
[1932,74066,1]
[1933,74136,1]
[1934,74868,1]
[1935,75006,1]
[1936,75034,1]
[1937,75044,1]
[1938,75069,1]
[1939,75070,1]
[1940,75071,1]
[1941,75087,1]
[1942,75115,1]
[1943,75442,1]
[1944,75452,1]
[1945,75455,1]
[1946,75662,1]
[1947,75701,1]
[1948,76012,1]
[1949,76021,1]
[1950,76050,1]
[1951,76052,1]
[1952,76065,1]
[1953,76126,1]
[1954,76179,1]
[1955,76244,1]
[1956,76248,1]
[1957,76273,1]
[1958,76367,1]
[1959,76502,1]
[1960,76657,1]
[1961,76903,1]
[1962,77014,1]
[1963,77019,1]
[1964,77027,1]
[1965,77089,1]
[1966,77210,1]
[1967,77302,1]
[1968,77303,1]
[1969,77316,1]
[1970,77320,1]
[1971,77346,1]
[1972,77378,1]
[1973,77389,1]
[1974,77396,1]
[1975,77406,1]
[1976,77407,1]
[1977,77471,1]
[1978,77479,1]
[1979,77484,1]
[1980,77494,1]
[1981,77535,1]
[1982,77550,1]
[1983,77551,1]
[1984,77571,1]
[1985,77581,1]
[1986,77584,1]
[1987,77616,1]
[1988,77803,1]
[1989,77951,1]
[1990,77957,1]
[1991,78015,1]
[1992,78109,1]
[1993,78114,1]
[1994,78132,1]
[1995,78154,1]
[1996,78212,1]
[1997,78220,1]
[1998,78223,1]
[1999,78240,1]
[2000,78254,1]
[2001,78255,1]
[2002,78264,1]
[2003,78372,1]
[2004,78413,1]
[2005,78418,1]
[2006,78504,1]
[2007,78613,1]
[2008,78621,1]
[2009,78626,1]
[2010,78664,1]
[2011,78665,1]
[2012,78681,1]
[2013,78735,1]
[2014,78741,1]
[2015,78752,1]
[2016,78840,1]
[2017,79407,1]
[2018,79831,1]
[2019,79935,1]
[2020,80123,1]
[2021,80134,1]
[2022,80227,1]
[2023,80247,1]
[2024,80249,1]
[2025,80303,1]
[2026,80442,1]
[2027,80477,1]
[2028,80501,1]
[2029,80513,1]
[2030,80516,1]
[2031,80602,1]
[2032,80634,1]
[2033,80915,1]
[2034,80923,1]
[2035,81005,1]
[2036,81082,1]
[2037,81091,1]
[2038,81201,1]
[2039,81224,1]
[2040,81520,1]
[2041,82301,1]
[2042,83202,1]
[2043,83642,1]
[2044,83646,1]
[2045,83854,1]
[2046,83858,1]
[2047,83860,1]
[2048,84032,1]
[2049,84045,1]
[2050,84060,1]
[2051,84105,1]
[2052,84116,1]
[2053,84121,1]
[2054,85018,1]
[2055,85029,1]
[2056,85042,1]
[2057,85118,1]
[2058,85131,1]
[2059,85132,1]
[2060,85138,1]
[2061,85140,1]
[2062,85142,1]
[2063,85143,1]
[2064,85207,1]
[2065,85248,1]
[2066,85249,1]
[2067,85253,1]
[2068,85255,1]
[2069,85260,1]
[2070,85282,1]
[2071,85304,1]
[2072,85345,1]
[2073,85364,1]
[2074,85375,1]
[2075,85381,1]
[2076,85382,1]
[2077,85387,1]
[2078,85388,1]
[2079,85390,1]
[2080,85392,1]
[2081,85396,1]
[2082,85641,1]
[2083,85650,1]
[2084,85652,1]
[2085,85653,1]
[2086,85710,1]
[2087,85718,1]
[2088,85719,1]
[2089,85746,1]
[2090,85747,1]
[2091,85750,1]
[2092,85755,1]
[2093,86004,1]
[2094,86301,1]
[2095,86325,1]
[2096,86351,1]
[2097,86406,1]
[2098,87043,1]
[2099,87083,1]
[2100,87110,1]
[2101,87120,1]
[2102,87144,1]
[2103,88012,1]
[2104,88201,1]
[2105,89011,1]
[2106,89044,1]
[2107,89084,1]
[2108,89105,1]
[2109,89123,1]
[2110,89128,1]
[2111,89131,1]
[2112,89135,1]
[2113,89156,1]
[2114,89436,1]
[2115,89509,1]
[2116,89521,1]
[2117,90035,1]
[2118,90275,1]
[2119,90713,1]
[2120,90808,1]
[2121,90814,1]
[2122,91107,1]
[2123,91350,1]
[2124,91361,1]
[2125,91942,1]
[2126,92008,1]
[2127,92009,1]
[2128,92021,1]
[2129,92054,1]
[2130,92065,1]
[2131,92081,1]
[2132,92108,1]
[2133,92111,1]
[2134,92116,1]
[2135,92119,1]
[2136,92129,1]
[2137,92130,1]
[2138,92131,1]
[2139,92203,1]
[2140,92253,1]
[2141,92264,1]
[2142,92543,1]
[2143,92625,1]
[2144,92629,1]
[2145,92673,1]
[2146,92675,1]
[2147,92704,1]
[2148,92867,1]
[2149,93105,1]
[2150,93117,1]
[2151,93291,1]
[2152,93306,1]
[2153,93422,1]
[2154,93427,1]
[2155,94010,1]
[2156,94044,1]
[2157,94513,1]
[2158,94595,1]
[2159,94605,1]
[2160,94608,1]
[2161,95209,1]
[2162,95240,1]
[2163,95476,1]
[2164,95618,1]
[2165,95687,1]
[2166,95758,1]
[2167,95820,1]
[2168,95827,1]
[2169,96738,1]
[2170,96744,1]
[2171,97041,1]
[2172,97070,1]
[2173,97211,1]
[2174,97214,1]
[2175,97217,1]
[2176,97224,1]
[2177,97229,1]
[2178,97280,1]
[2179,97367,1]
[2180,97402,1]
[2181,97439,1]
[2182,97501,1]
[2183,97601,1]
[2184,97702,1]
[2185,97756,1]
[2186,98007,1]
[2187,98038,1]
[2188,98042,1]
[2189,98053,1]
[2190,98074,1]
[2191,98112,1]
[2192,98221,1]
[2193,98225,1]
[2194,98229,1]
[2195,98230,1]
[2196,98262,1]
[2197,98275,1]
[2198,98311,1]
[2199,98363,1]
[2200,98365,1]
[2201,98374,1]
[2202,98501,1]
[2203,98626,1]
[2204,98665,1]
[2205,99019,1]
[2206,99026,1]
[2207,99114,1]
[2208,99352,1]
[2209,99362,1]
[2210,99503,1]
[2211,99615,1]

{"sheet":"Access - With","index":2,"n_rows":2221,"n_cols":33,"rows_kept":2221,"cut":false,"hidden":false,"merged":[[8,30,8,32],[8,27,8,29],[6,6,6,8],[6,3,6,5],[6,9,6,11],[8,21,8,23],[8,24,8,26],[8,18,8,20],[6,12,6,14],[6,15,6,17]]}
[null,null,{"$f":"SUM(C11:C2221)","v":43197},{"$f":"IF(D6=\"HIDE\",\"\",SUM(D11:D2221))","v":0},0,0,0,0,0,0,0,0,0,0,0,0,0,0,"","","","","","","","","","","","","","",""]
[null,"State of Delaware",null,"Please enter the number of employees with access to each provider within the specified range"]
[null,{"$f":"IF('Vendor Instructions'!$D$9=\"\",\"Vendor Name\",'Vendor Instructions'!$D$9)&\"-\"&IF('Vendor Instructions'!$D$10=\"\",\"Vendor Name\",'Vendor Instructions'!$D$10)","v":"[Enter vendor name here]-[Enter network name here]"},null,"For example, \"2 in 10\" means the number of employees with at least 2 providers of a given type within a 10 miles drive"]
[null,null,null,"Provide a numeric (non percentage) response to all columns requested"]
[]
[null,null,null,null,null,null,null,null,null,null,null,null,null,null,null,null,null,null,"HIDE","HIDE","HIDE","HIDE","HIDE","HIDE","HIDE","HIDE","HIDE","HIDE","HIDE","HIDE","HIDE","HIDE","HIDE"]
[null,null,"Provider Type","[DEN] General Dentists",null,null,"[DEN] Endodontists",null,null,"[DEN] Oral Surgeons",null,null,"[DEN] Periodontists",null,null,"[DEN] Orthodontists"]
[null,null,"Access Standard","3 in 5","2 in 10","2 in 15","2 in 10","2 in 15","2 in 20","2 in 10","2 in 15","2 in 20","2 in 10","2 in 15","2 in 20","2 in 10","2 in 15","2 in 20"]
[null,null,"Accepting New Patients?","Yes",null,null,"Yes",null,null,"Yes",null,null,"Yes",null,null,"Yes"]
[null,"Zip Code","EEs Provided"]
[{"$error":"#N/A"},19904,2342]
[{"$error":"#N/A"},19901,1785]
[{"$error":"#N/A"},19720,1703]
[{"$error":"#N/A"},19977,1660]
[{"$error":"#N/A"},19709,1553]
[{"$error":"#N/A"},19711,1509]
[{"$error":"#N/A"},19966,1426]
[{"$error":"#N/A"},19958,1415]
[{"$error":"#N/A"},19963,1364]
[{"$error":"#N/A"},19702,1320]
[{"$error":"#N/A"},19701,1251]
[{"$error":"#N/A"},19808,1153]
[{"$error":"#N/A"},19973,1101]
[{"$error":"#N/A"},19947,1048]
[{"$error":"#N/A"},19968,1003]
[{"$error":"#N/A"},19934,992]
[{"$error":"#N/A"},19943,954]
[{"$error":"#N/A"},19713,865]
[{"$error":"#N/A"},19805,838]
[{"$error":"#N/A"},19962,810]
[{"$error":"#N/A"},19938,710]
[{"$error":"#N/A"},19802,705]
[{"$error":"#N/A"},19956,673]
[{"$error":"#N/A"},19803,656]
[{"$error":"#N/A"},19952,655]
[{"$error":"#N/A"},19810,612]
[{"$error":"#N/A"},19971,537]
[{"$error":"#N/A"},19734,531]
[{"$error":"#N/A"},19707,524]
[{"$error":"#N/A"},19804,503]
[{"$error":"#N/A"},19950,404]
[{"$error":"#N/A"},19960,396]
[{"$error":"#N/A"},19809,388]
[{"$error":"#N/A"},21921,368]
[{"$error":"#N/A"},19945,359]
[{"$error":"#N/A"},19939,353]
[{"$error":"#N/A"},19933,341]
[{"$error":"#N/A"},19801,337]
[{"$error":"#N/A"},19946,323]
[{"$error":"#N/A"},19806,298]
[{"$error":"#N/A"},19953,292]
[{"$error":"#N/A"},19970,273]
[{"$error":"#N/A"},19703,272]
[{"$error":"#N/A"},19975,258]
[{"$error":"#N/A"},19940,167]
[{"$error":"#N/A"},19807,163]
[{"$error":"#N/A"},19941,158]
[{"$error":"#N/A"},19951,121]
[{"$error":"#N/A"},19350,113]
[{"$error":"#N/A"},19954,106]
[{"$error":"#N/A"},19706,83]
[{"$error":"#N/A"},19964,79]
[{"$error":"#N/A"},19342,78]
[{"$error":"#N/A"},21901,78]
[{"$error":"#N/A"},19348,76]
[{"$error":"#N/A"},21811,76]
[{"$error":"#N/A"},19979,68]
[{"$error":"#N/A"},21804,68]
[{"$error":"#N/A"},21875,60]
[{"$error":"#N/A"},19390,58]
[{"$error":"#N/A"},21801,58]
[{"$error":"#N/A"},19317,57]
[{"$error":"#N/A"},19363,46]
[{"$error":"#N/A"},19382,46]
[{"$error":"#N/A"},19930,45]
[{"$error":"#N/A"},19060,44]
[{"$error":"#N/A"},19352,44]
[{"$error":"#N/A"},21911,44]
[{"$error":"#N/A"},19311,42]
[{"$error":"#N/A"},19063,41]
[{"$error":"#N/A"},19967,39]
[{"$error":"#N/A"},8070,38]
[{"$error":"#N/A"},19061,36]
[{"$error":"#N/A"},19014,32]
[{"$error":"#N/A"},21915,32]
[{"$error":"#N/A"},21620,30]
[{"$error":"#N/A"},32162,29]
[{"$error":"#N/A"},8069,28]
[{"$error":"#N/A"},21842,28]
[{"$error":"#N/A"},21919,28]
[{"$error":"#N/A"},19730,27]
[{"$error":"#N/A"},19380,25]
[{"$error":"#N/A"},19903,24]
[{"$error":"#N/A"},8085,23]
[{"$error":"#N/A"},19320,21]
[{"$error":"#N/A"},21813,21]
[{"$error":"#N/A"},19013,20]
[{"$error":"#N/A"},19936,20]
[{"$error":"#N/A"},19955,20]
[{"$error":"#N/A"},21830,20]
[{"$error":"#N/A"},21912,20]
[{"$error":"#N/A"},19015,19]
[{"$error":"#N/A"},19731,19]
[{"$error":"#N/A"},19931,19]
[{"$error":"#N/A"},19335,18]
[{"$error":"#N/A"},19944,17]
[{"$error":"#N/A"},21629,17]
[{"$error":"#N/A"},21635,17]
[{"$error":"#N/A"},32163,17]
[{"$error":"#N/A"},19980,16]
[{"$error":"#N/A"},21853,16]
[{"$error":"#N/A"},21078,15]
[{"$error":"#N/A"},21904,15]
[{"$error":"#N/A"},8096,14]
[{"$error":"#N/A"},19143,14]
[{"$error":"#N/A"},19733,13]
[{"$error":"#N/A"},8098,12]
[{"$error":"#N/A"},17602,12]
[{"$error":"#N/A"},21639,12]
[{"$error":"#N/A"},8021,11]
[{"$error":"#N/A"},8079,11]
[{"$error":"#N/A"},19050,11]
[{"$error":"#N/A"},19146,11]
[{"$error":"#N/A"},21613,11]
[{"$error":"#N/A"},21849,11]
[{"$error":"#N/A"},29909,11]
[{"$error":"#N/A"},32159,11]
[{"$error":"#N/A"},34135,11]
[{"$error":"#N/A"},8081,10]
[{"$error":"#N/A"},8302,10]
[{"$error":"#N/A"},19064,10]
[{"$error":"#N/A"},21649,10]
[{"$error":"#N/A"},21651,10]
[{"$error":"#N/A"},19026,9]
[{"$error":"#N/A"},19081,9]
[{"$error":"#N/A"},19086,9]
[{"$error":"#N/A"},19714,9]
[{"$error":"#N/A"},21601,9]
[{"$error":"#N/A"},21643,9]
[{"$error":"#N/A"},27703,9]
[{"$error":"#N/A"},8332,8]
[{"$error":"#N/A"},19008,8]
[{"$error":"#N/A"},19330,8]
[{"$error":"#N/A"},19341,8]
[{"$error":"#N/A"},19362,8]
[{"$error":"#N/A"},19961,8]
[{"$error":"#N/A"},21632,8]
[{"$error":"#N/A"},21640,8]
[{"$error":"#N/A"},21678,8]
[{"$error":"#N/A"},32940,8]
[{"$error":"#N/A"},33573,8]
[{"$error":"#N/A"},34293,8]
[{"$error":"#N/A"},34481,8]
[{"$error":"#N/A"},34748,8]
[{"$error":"#N/A"},17543,7]
[{"$error":"#N/A"},19083,7]
[{"$error":"#N/A"},19087,7]
[{"$error":"#N/A"},19131,7]
[{"$error":"#N/A"},19147,7]
[{"$error":"#N/A"},19148,7]
[{"$error":"#N/A"},19732,7]
[{"$error":"#N/A"},21903,7]
[{"$error":"#N/A"},21917,7]
[{"$error":"#N/A"},29566,7]
[{"$error":"#N/A"},32164,7]
[{"$error":"#N/A"},32967,7]
[{"$error":"#N/A"},34114,7]
[{"$error":"#N/A"},34219,7]
[{"$error":"#N/A"},34287,7]
[{"$error":"#N/A"},17022,6]
[{"$error":"#N/A"},19142,6]
[{"$error":"#N/A"},19460,6]
[{"$error":"#N/A"},19899,6]
[{"$error":"#N/A"},20721,6]
[{"$error":"#N/A"},21001,6]
[{"$error":"#N/A"},21660,6]
[{"$error":"#N/A"},21826,6]
[{"$error":"#N/A"},21837,6]
[{"$error":"#N/A"},21850,6]
[{"$error":"#N/A"},21913,6]
[{"$error":"#N/A"},23356,6]
[{"$error":"#N/A"},29576,6]
[{"$error":"#N/A"},29707,6]
[{"$error":"#N/A"},33908,6]
[{"$error":"#N/A"},33913,6]
[{"$error":"#N/A"},33982,6]
[{"$error":"#N/A"},34606,6]
[{"$error":"#N/A"},8028,5]
[{"$error":"#N/A"},8104,5]
[{"$error":"#N/A"},8318,5]
[{"$error":"#N/A"},17603,5]
[{"$error":"#N/A"},19079,5]
[{"$error":"#N/A"},19082,5]
[{"$error":"#N/A"},19120,5]
[{"$error":"#N/A"},19124,5]
[{"$error":"#N/A"},19145,5]
[{"$error":"#N/A"},19355,5]
[{"$error":"#N/A"},19365,5]
[{"$error":"#N/A"},19736,5]
[{"$error":"#N/A"},19850,5]
[{"$error":"#N/A"},20147,5]
[{"$error":"#N/A"},21044,5]
[{"$error":"#N/A"},21617,5]
[{"$error":"#N/A"},21638,5]
[{"$error":"#N/A"},21655,5]
[{"$error":"#N/A"},21661,5]
[{"$error":"#N/A"},21922,5]
[{"$error":"#N/A"},23185,5]
[{"$error":"#N/A"},23336,5]
[{"$error":"#N/A"},27519,5]
[{"$error":"#N/A"},28451,5]
[{"$error":"#N/A"},29526,5]
[{"$error":"#N/A"},29928,5]
[{"$error":"#N/A"},32043,5]
[{"$error":"#N/A"},32124,5]
[{"$error":"#N/A"},33991,5]
[{"$error":"#N/A"},34221,5]
[{"$error":"#N/A"},34223,5]
[{"$error":"#N/A"},34491,5]
[{"$error":"#N/A"},34762,5]
[{"$error":"#N/A"},34987,5]
[{"$error":"#N/A"},8012,4]
[{"$error":"#N/A"},8046,4]
[{"$error":"#N/A"},8051,4]
[{"$error":"#N/A"},8066,4]
[{"$error":"#N/A"},8067,4]
[{"$error":"#N/A"},8090,4]
[{"$error":"#N/A"},8094,4]
[{"$error":"#N/A"},8204,4]
[{"$error":"#N/A"},8260,4]
[{"$error":"#N/A"},17566,4]
[{"$error":"#N/A"},17584,4]
[{"$error":"#N/A"},17601,4]
[{"$error":"#N/A"},19003,4]
[{"$error":"#N/A"},19018,4]
[{"$error":"#N/A"},19022,4]
[{"$error":"#N/A"},19023,4]
[{"$error":"#N/A"},19027,4]
[{"$error":"#N/A"},19033,4]
[{"$error":"#N/A"},19036,4]
[{"$error":"#N/A"},19106,4]
[{"$error":"#N/A"},19130,4]
[{"$error":"#N/A"},19151,4]
[{"$error":"#N/A"},19153,4]
[{"$error":"#N/A"},19347,4]
[{"$error":"#N/A"},19428,4]
[{"$error":"#N/A"},19446,4]
[{"$error":"#N/A"},19710,4]
[{"$error":"#N/A"},19969,4]
[{"$error":"#N/A"},21045,4]
[{"$error":"#N/A"},21234,4]
[{"$error":"#N/A"},21631,4]
[{"$error":"#N/A"},21702,4]
[{"$error":"#N/A"},21817,4]
[{"$error":"#N/A"},21861,4]
[{"$error":"#N/A"},21914,4]
[{"$error":"#N/A"},23238,4]
[{"$error":"#N/A"},24401,4]
[{"$error":"#N/A"},27606,4]
[{"$error":"#N/A"},28405,4]
[{"$error":"#N/A"},28412,4]
[{"$error":"#N/A"},28461,4]
[{"$error":"#N/A"},28562,4]
[{"$error":"#N/A"},28731,4]
[{"$error":"#N/A"},32724,4]
[{"$error":"#N/A"},32757,4]
[{"$error":"#N/A"},33446,4]
[{"$error":"#N/A"},33805,4]
[{"$error":"#N/A"},33837,4]
[{"$error":"#N/A"},33881,4]
[{"$error":"#N/A"},33950,4]
[{"$error":"#N/A"},33952,4]
[{"$error":"#N/A"},33980,4]
[{"$error":"#N/A"},33981,4]
[{"$error":"#N/A"},33983,4]
[{"$error":"#N/A"},34211,4]
[{"$error":"#N/A"},34238,4]
[{"$error":"#N/A"},34292,4]
[{"$error":"#N/A"},34747,4]
[{"$error":"#N/A"},34759,4]
[{"$error":"#N/A"},34786,4]
[{"$error":"#N/A"},8002,3]
[{"$error":"#N/A"},8080,3]
[{"$error":"#N/A"},8083,3]
[{"$error":"#N/A"},8093,3]
[{"$error":"#N/A"},8105,3]
[{"$error":"#N/A"},8226,3]
[{"$error":"#N/A"},8312,3]
[{"$error":"#N/A"},8401,3]
[{"$error":"#N/A"},8691,3]
[{"$error":"#N/A"},16652,3]
[{"$error":"#N/A"},17222,3]
[{"$error":"#N/A"},17552,3]
[{"$error":"#N/A"},17557,3]
[{"$error":"#N/A"},18436,3]
[{"$error":"#N/A"},18966,3]
[{"$error":"#N/A"},19070,3]
[{"$error":"#N/A"},19073,3]
[{"$error":"#N/A"},19078,3]
[{"$error":"#N/A"},19094,3]
[{"$error":"#N/A"},19103,3]
[{"$error":"#N/A"},19107,3]
[{"$error":"#N/A"},19119,3]
[{"$error":"#N/A"},19123,3]
[{"$error":"#N/A"},19128,3]
[{"$error":"#N/A"},19133,3]
[{"$error":"#N/A"},19141,3]
[{"$error":"#N/A"},19144,3]
[{"$error":"#N/A"},19518,3]
[{"$error":"#N/A"},19607,3]
[{"$error":"#N/A"},20012,3]
[{"$error":"#N/A"},20015,3]
[{"$error":"#N/A"},20187,3]
[{"$error":"#N/A"},21009,3]
[{"$error":"#N/A"},21015,3]
[{"$error":"#N/A"},21050,3]
[{"$error":"#N/A"},21060,3]
[{"$error":"#N/A"},21113,3]
[{"$error":"#N/A"},21157,3]
[{"$error":"#N/A"},21401,3]
[{"$error":"#N/A"},21502,3]
[{"$error":"#N/A"},21610,3]
[{"$error":"#N/A"},21636,3]
[{"$error":"#N/A"},21645,3]
[{"$error":"#N/A"},21658,3]
[{"$error":"#N/A"},21666,3]
[{"$error":"#N/A"},21701,3]
[{"$error":"#N/A"},21803,3]
[{"$error":"#N/A"},21821,3]
[{"$error":"#N/A"},21851,3]
[{"$error":"#N/A"},22150,3]
[{"$error":"#N/A"},22835,3]
[{"$error":"#N/A"},23454,3]
[{"$error":"#N/A"},23456,3]
[{"$error":"#N/A"},23832,3]
[{"$error":"#N/A"},24503,3]
[{"$error":"#N/A"},25427,3]
[{"$error":"#N/A"},27030,3]
[{"$error":"#N/A"},27106,3]
[{"$error":"#N/A"},27265,3]
[{"$error":"#N/A"},27526,3]
[{"$error":"#N/A"},27529,3]
[{"$error":"#N/A"},27540,3]
[{"$error":"#N/A"},27587,3]
[{"$error":"#N/A"},27889,3]
[{"$error":"#N/A"},28105,3]
[{"$error":"#N/A"},28403,3]
[{"$error":"#N/A"},28428,3]
[{"$error":"#N/A"},28443,3]
[{"$error":"#N/A"},28467,3]
[{"$error":"#N/A"},29045,3]
[{"$error":"#N/A"},29466,3]
[{"$error":"#N/A"},29483,3]
[{"$error":"#N/A"},29486,3]
[{"$error":"#N/A"},29575,3]
[{"$error":"#N/A"},29577,3]
[{"$error":"#N/A"},29579,3]
[{"$error":"#N/A"},29582,3]
[{"$error":"#N/A"},29585,3]
[{"$error":"#N/A"},29588,3]
[{"$error":"#N/A"},29681,3]
[{"$error":"#N/A"},29732,3]
[{"$error":"#N/A"},30506,3]
[{"$error":"#N/A"},30605,3]
[{"$error":"#N/A"},32034,3]
[{"$error":"#N/A"},32080,3]
[{"$error":"#N/A"},32224,3]
[{"$error":"#N/A"},32726,3]
[{"$error":"#N/A"},32778,3]
[{"$error":"#N/A"},32958,3]
[{"$error":"#N/A"},32963,3]
[{"$error":"#N/A"},33042,3]
[{"$error":"#N/A"},33408,3]
[{"$error":"#N/A"},33433,3]
[{"$error":"#N/A"},33445,3]
[{"$error":"#N/A"},33483,3]
[{"$error":"#N/A"},33647,3]
[{"$error":"#N/A"},33715,3]
[{"$error":"#N/A"},33764,3]
[{"$error":"#N/A"},33880,3]
[{"$error":"#N/A"},33904,3]
[{"$error":"#N/A"},33917,3]
[{"$error":"#N/A"},33955,3]
[{"$error":"#N/A"},33957,3]
[{"$error":"#N/A"},33993,3]
[{"$error":"#N/A"},34113,3]
[{"$error":"#N/A"},34117,3]
[{"$error":"#N/A"},34120,3]
[{"$error":"#N/A"},34203,3]
[{"$error":"#N/A"},34222,3]
[{"$error":"#N/A"},34240,3]
[{"$error":"#N/A"},34275,3]
[{"$error":"#N/A"},34609,3]
[{"$error":"#N/A"},34652,3]
[{"$error":"#N/A"},34667,3]
[{"$error":"#N/A"},34711,3]
[{"$error":"#N/A"},34772,3]
[{"$error":"#N/A"},34949,3]
[{"$error":"#N/A"},37122,3]
[{"$error":"#N/A"},44256,3]
[{"$error":"#N/A"},45040,3]
[{"$error":"#N/A"},65778,3]
[{"$error":"#N/A"},75043,3]
[{"$error":"#N/A"},76542,3]
[{"$error":"#N/A"},78633,3]
[{"$error":"#N/A"},80504,3]
[{"$error":"#N/A"},85351,3]
[{"$error":"#N/A"},85614,3]
[{"$error":"#N/A"},85748,3]
[{"$error":"#N/A"},1507,2]
[{"$error":"#N/A"},1754,2]
[{"$error":"#N/A"},1845,2]
[{"$error":"#N/A"},2818,2]
[{"$error":"#N/A"},4843,2]
[{"$error":"#N/A"},7040,2]
[{"$error":"#N/A"},7108,2]
[{"$error":"#N/A"},7712,2]
[{"$error":"#N/A"},8003,2]
[{"$error":"#N/A"},8008,2]
[{"$error":"#N/A"},8010,2]
[{"$error":"#N/A"},8023,2]
[{"$error":"#N/A"},8027,2]
[{"$error":"#N/A"},8033,2]
[{"$error":"#N/A"},8034,2]
[{"$error":"#N/A"},8035,2]
[{"$error":"#N/A"},8043,2]
[{"$error":"#N/A"},8053,2]
[{"$error":"#N/A"},8054,2]
[{"$error":"#N/A"},8061,2]
[{"$error":"#N/A"},8062,2]
[{"$error":"#N/A"},8075,2]
[{"$error":"#N/A"},8106,2]
[{"$error":"#N/A"},8107,2]
[{"$error":"#N/A"},8108,2]
[{"$error":"#N/A"},8109,2]
[{"$error":"#N/A"},8110,2]
[{"$error":"#N/A"},8203,2]
[{"$error":"#N/A"},8205,2]
[{"$error":"#N/A"},8210,2]
[{"$error":"#N/A"},8330,2]
[{"$error":"#N/A"},8360,2]
[{"$error":"#N/A"},8361,2]
[{"$error":"#N/A"},8406,2]
[{"$error":"#N/A"},8540,2]
[{"$error":"#N/A"},8759,2]
[{"$error":"#N/A"},11434,2]
[{"$error":"#N/A"},14830,2]
[{"$error":"#N/A"},16662,2]
[{"$error":"#N/A"},16743,2]
[{"$error":"#N/A"},16823,2]
[{"$error":"#N/A"},17067,2]
[{"$error":"#N/A"},17111,2]
[{"$error":"#N/A"},17112,2]
[{"$error":"#N/A"},17268,2]
[{"$error":"#N/A"},17320,2]
[{"$error":"#N/A"},17339,2]
[{"$error":"#N/A"},17356,2]
[{"$error":"#N/A"},17402,2]
[{"$error":"#N/A"},17529,2]
[{"$error":"#N/A"},17536,2]
[{"$error":"#N/A"},17579,2]
[{"$error":"#N/A"},17745,2]
[{"$error":"#N/A"},17771,2]
[{"$error":"#N/A"},17776,2]
[{"$error":"#N/A"},17815,2]
[{"$error":"#N/A"},18062,2]
[{"$error":"#N/A"},18078,2]
[{"$error":"#N/A"},18104,2]
[{"$error":"#N/A"},18235,2]
[{"$error":"#N/A"},18240,2]
[{"$error":"#N/A"},18504,2]
[{"$error":"#N/A"},18644,2]
[{"$error":"#N/A"},18901,2]
[{"$error":"#N/A"},18902,2]
[{"$error":"#N/A"},18940,2]
[{"$error":"#N/A"},18974,2]
[{"$error":"#N/A"},19002,2]
[{"$error":"#N/A"},19006,2]
[{"$error":"#N/A"},19010,2]
[{"$error":"#N/A"},19041,2]
[{"$error":"#N/A"},19043,2]
[{"$error":"#N/A"},19074,2]
[{"$error":"#N/A"},19076,2]
[{"$error":"#N/A"},19090,2]
[{"$error":"#N/A"},19121,2]
[{"$error":"#N/A"},19125,2]
[{"$error":"#N/A"},19129,2]
[{"$error":"#N/A"},19135,2]
[{"$error":"#N/A"},19139,2]
[{"$error":"#N/A"},19150,2]
[{"$error":"#N/A"},19152,2]
[{"$error":"#N/A"},19344,2]
[{"$error":"#N/A"},19351,2]
[{"$error":"#N/A"},19403,2]
[{"$error":"#N/A"},19422,2]
[{"$error":"#N/A"},19464,2]
[{"$error":"#N/A"},19510,2]
[{"$error":"#N/A"},19525,2]
[{"$error":"#N/A"},19567,2]
[{"$error":"#N/A"},19708,2]
[{"$error":"#N/A"},20152,2]
[{"$error":"#N/A"},20169,2]
[{"$error":"#N/A"},20171,2]
[{"$error":"#N/A"},20180,2]
[{"$error":"#N/A"},20602,2]
[{"$error":"#N/A"},20640,2]
[{"$error":"#N/A"},20650,2]
[{"$error":"#N/A"},20705,2]
[{"$error":"#N/A"},20706,2]
[{"$error":"#N/A"},20715,2]
[{"$error":"#N/A"},20735,2]
[{"$error":"#N/A"},20744,2]
[{"$error":"#N/A"},20815,2]
[{"$error":"#N/A"},20895,2]
[{"$error":"#N/A"},20912,2]
[{"$error":"#N/A"},21028,2]
[{"$error":"#N/A"},21030,2]
[{"$error":"#N/A"},21040,2]
[{"$error":"#N/A"},21043,2]
[{"$error":"#N/A"},21047,2]
[{"$error":"#N/A"},21061,2]
[{"$error":"#N/A"},21076,2]
[{"$error":"#N/A"},21108,2]
[{"$error":"#N/A"},21146,2]
[{"$error":"#N/A"},21228,2]
[{"$error":"#N/A"},21619,2]
[{"$error":"#N/A"},21628,2]
[{"$error":"#N/A"},21654,2]
[{"$error":"#N/A"},21659,2]
[{"$error":"#N/A"},21663,2]
[{"$error":"#N/A"},21667,2]
[{"$error":"#N/A"},21668,2]
[{"$error":"#N/A"},21673,2]
[{"$error":"#N/A"},21742,2]
[{"$error":"#N/A"},21822,2]
[{"$error":"#N/A"},21838,2]
[{"$error":"#N/A"},21840,2]
[{"$error":"#N/A"},21863,2]
[{"$error":"#N/A"},21871,2]
[{"$error":"#N/A"},21872,2]
[{"$error":"#N/A"},21874,2]
[{"$error":"#N/A"},21918,2]
[{"$error":"#N/A"},22401,2]
[{"$error":"#N/A"},22406,2]
[{"$error":"#N/A"},22485,2]
[{"$error":"#N/A"},22902,2]
[{"$error":"#N/A"},22911,2]
[{"$error":"#N/A"},23059,2]
[{"$error":"#N/A"},23061,2]
[{"$error":"#N/A"},23112,2]
[{"$error":"#N/A"},23117,2]
[{"$error":"#N/A"},23139,2]
[{"$error":"#N/A"},23229,2]
[{"$error":"#N/A"},23235,2]
[{"$error":"#N/A"},23320,2]
[{"$error":"#N/A"},23350,2]
[{"$error":"#N/A"},23395,2]
[{"$error":"#N/A"},23401,2]
[{"$error":"#N/A"},23435,2]
[{"$error":"#N/A"},23451,2]
[{"$error":"#N/A"},23831,2]
[{"$error":"#N/A"},23836,2]
[{"$error":"#N/A"},24060,2]
[{"$error":"#N/A"},24101,2]
[{"$error":"#N/A"},24450,2]
[{"$error":"#N/A"},24558,2]
[{"$error":"#N/A"},25303,2]
[{"$error":"#N/A"},27215,2]
[{"$error":"#N/A"},27284,2]
[{"$error":"#N/A"},27406,2]
[{"$error":"#N/A"},27520,2]
[{"$error":"#N/A"},27523,2]
[{"$error":"#N/A"},27527,2]
[{"$error":"#N/A"},27616,2]
[{"$error":"#N/A"},27804,2]
[{"$error":"#N/A"},27850,2]
[{"$error":"#N/A"},27936,2]
[{"$error":"#N/A"},28075,2]
[{"$error":"#N/A"},28115,2]
[{"$error":"#N/A"},28173,2]
[{"$error":"#N/A"},28227,2]
[{"$error":"#N/A"},28337,2]
[{"$error":"#N/A"},28374,2]
[{"$error":"#N/A"},28462,2]
[{"$error":"#N/A"},28512,2]
[{"$error":"#N/A"},28546,2]
[{"$error":"#N/A"},28557,2]
[{"$error":"#N/A"},28613,2]
[{"$error":"#N/A"},28734,2]
[{"$error":"#N/A"},29016,2]
[{"$error":"#N/A"},29036,2]
[{"$error":"#N/A"},29072,2]
[{"$error":"#N/A"},29102,2]
[{"$error":"#N/A"},29148,2]
[{"$error":"#N/A"},29154,2]
[{"$error":"#N/A"},29301,2]
[{"$error":"#N/A"},29414,2]
[{"$error":"#N/A"},29440,2]
[{"$error":"#N/A"},29455,2]
[{"$error":"#N/A"},29470,2]
[{"$error":"#N/A"},29505,2]
[{"$error":"#N/A"},29560,2]
[{"$error":"#N/A"},29803,2]
[{"$error":"#N/A"},29910,2]
[{"$error":"#N/A"},29927,2]
[{"$error":"#N/A"},30004,2]
[{"$error":"#N/A"},30019,2]
[{"$error":"#N/A"},30022,2]
[{"$error":"#N/A"},30024,2]
[{"$error":"#N/A"},30041,2]
[{"$error":"#N/A"},30043,2]
[{"$error":"#N/A"},30084,2]
[{"$error":"#N/A"},30101,2]
[{"$error":"#N/A"},30114,2]
[{"$error":"#N/A"},30127,2]
[{"$error":"#N/A"},30134,2]
[{"$error":"#N/A"},30276,2]
[{"$error":"#N/A"},30331,2]
[{"$error":"#N/A"},30680,2]
[{"$error":"#N/A"},30815,2]
[{"$error":"#N/A"},31522,2]
[{"$error":"#N/A"},31632,2]
[{"$error":"#N/A"},32065,2]
[{"$error":"#N/A"},32082,2]
[{"$error":"#N/A"},32086,2]
[{"$error":"#N/A"},32095,2]
[{"$error":"#N/A"},32127,2]
[{"$error":"#N/A"},32137,2]
[{"$error":"#N/A"},32168,2]
[{"$error":"#N/A"},32174,2]
[{"$error":"#N/A"},32176,2]
[{"$error":"#N/A"},32205,2]
[{"$error":"#N/A"},32233,2]
[{"$error":"#N/A"},32256,2]
[{"$error":"#N/A"},32404,2]
[{"$error":"#N/A"},32536,2]
[{"$error":"#N/A"},32547,2]
[{"$error":"#N/A"},32707,2]
[{"$error":"#N/A"},32796,2]
[{"$error":"#N/A"},32837,2]
[{"$error":"#N/A"},32901,2]
[{"$error":"#N/A"},32904,2]
[{"$error":"#N/A"},32937,2]
[{"$error":"#N/A"},32953,2]
[{"$error":"#N/A"},32962,2]
[{"$error":"#N/A"},33050,2]
[{"$error":"#N/A"},33064,2]
[{"$error":"#N/A"},33069,2]
[{"$error":"#N/A"},33139,2]
[{"$error":"#N/A"},33321,2]
[{"$error":"#N/A"},33411,2]
[{"$error":"#N/A"},33414,2]
[{"$error":"#N/A"},33434,2]
[{"$error":"#N/A"},33435,2]
[{"$error":"#N/A"},33437,2]
[{"$error":"#N/A"},33458,2]
[{"$error":"#N/A"},33473,2]
[{"$error":"#N/A"},33484,2]
[{"$error":"#N/A"},33486,2]
[{"$error":"#N/A"},33558,2]
[{"$error":"#N/A"},33572,2]
[{"$error":"#N/A"},33578,2]
[{"$error":"#N/A"},33598,2]
[{"$error":"#N/A"},33625,2]
[{"$error":"#N/A"},33706,2]
[{"$error":"#N/A"},33707,2]
[{"$error":"#N/A"},33774,2]
[{"$error":"#N/A"},33809,2]
[{"$error":"#N/A"},33823,2]
[{"$error":"#N/A"},33852,2]
[{"$error":"#N/A"},33884,2]
[{"$error":"#N/A"},33909,2]
[{"$error":"#N/A"},33928,2]
[{"$error":"#N/A"},33931,2]
[{"$error":"#N/A"},33948,2]
[{"$error":"#N/A"},33954,2]
[{"$error":"#N/A"},33966,2]
[{"$error":"#N/A"},33967,2]
[{"$error":"#N/A"},34108,2]
[{"$error":"#N/A"},34209,2]
[{"$error":"#N/A"},34243,2]
[{"$error":"#N/A"},34285,2]
[{"$error":"#N/A"},34289,2]
[{"$error":"#N/A"},34461,2]
[{"$error":"#N/A"},34601,2]
[{"$error":"#N/A"},34610,2]
[{"$error":"#N/A"},34639,2]
[{"$error":"#N/A"},34655,2]
[{"$error":"#N/A"},34691,2]
[{"$error":"#N/A"},34698,2]
[{"$error":"#N/A"},34714,2]
[{"$error":"#N/A"},34746,2]
[{"$error":"#N/A"},34758,2]
[{"$error":"#N/A"},34953,2]
[{"$error":"#N/A"},34957,2]
[{"$error":"#N/A"},35022,2]
[{"$error":"#N/A"},35593,2]
[{"$error":"#N/A"},35748,2]
[{"$error":"#N/A"},36532,2]
[{"$error":"#N/A"},37043,2]
[{"$error":"#N/A"},37066,2]
[{"$error":"#N/A"},37312,2]
[{"$error":"#N/A"},37861,2]
[{"$error":"#N/A"},37934,2]
[{"$error":"#N/A"},39503,2]
[{"$error":"#N/A"},39897,2]
[{"$error":"#N/A"},40299,2]
[{"$error":"#N/A"},43076,2]
[{"$error":"#N/A"},44406,2]
[{"$error":"#N/A"},46033,2]
[{"$error":"#N/A"},49431,2]
[{"$error":"#N/A"},57730,2]
[{"$error":"#N/A"},59870,2]
[{"$error":"#N/A"},76227,2]
[{"$error":"#N/A"},77018,2]
[{"$error":"#N/A"},77459,2]
[{"$error":"#N/A"},77469,2]
[{"$error":"#N/A"},77493,2]
[{"$error":"#N/A"},77573,2]
[{"$error":"#N/A"},78245,2]
[{"$error":"#N/A"},78260,2]
[{"$error":"#N/A"},78261,2]
[{"$error":"#N/A"},78628,2]
[{"$error":"#N/A"},80517,2]
[{"$error":"#N/A"},84780,2]
[{"$error":"#N/A"},85298,2]
[{"$error":"#N/A"},85373,2]
[{"$error":"#N/A"},85395,2]
[{"$error":"#N/A"},85635,2]
[{"$error":"#N/A"},85658,2]
[{"$error":"#N/A"},85737,2]
[{"$error":"#N/A"},85739,2]
[{"$error":"#N/A"},89032,2]
[{"$error":"#N/A"},89052,2]
[{"$error":"#N/A"},90094,2]
[{"$error":"#N/A"},92037,2]
[{"$error":"#N/A"},96706,2]
[{"$error":"#N/A"},96740,2]
[{"$error":"#N/A"},97206,2]
[{"$error":"#N/A"},98136,2]
[{"$error":"#N/A"},98362,2]
[{"$error":"#N/A"},637,1]
[{"$error":"#N/A"},650,1]
[{"$error":"#N/A"},682,1]
[{"$error":"#N/A"},754,1]
[{"$error":"#N/A"},820,1]
[{"$error":"#N/A"},1002,1]
[{"$error":"#N/A"},1096,1]
[{"$error":"#N/A"},1129,1]
[{"$error":"#N/A"},1452,1]
[{"$error":"#N/A"},1453,1]
[{"$error":"#N/A"},1516,1]
[{"$error":"#N/A"},1950,1]
[{"$error":"#N/A"},1960,1]
[{"$error":"#N/A"},2035,1]
[{"$error":"#N/A"},2043,1]
[{"$error":"#N/A"},2121,1]
[{"$error":"#N/A"},2136,1]
[{"$error":"#N/A"},2139,1]
[{"$error":"#N/A"},2184,1]
[{"$error":"#N/A"},2360,1]
[{"$error":"#N/A"},2420,1]
[{"$error":"#N/A"},2445,1]
[{"$error":"#N/A"},2540,1]
[{"$error":"#N/A"},2631,1]
[{"$error":"#N/A"},2651,1]
[{"$error":"#N/A"},2653,1]
[{"$error":"#N/A"},2663,1]
[{"$error":"#N/A"},2673,1]
[{"$error":"#N/A"},2675,1]
[{"$error":"#N/A"},2777,1]
[{"$error":"#N/A"},2861,1]
[{"$error":"#N/A"},2892,1]
[{"$error":"#N/A"},2906,1]
[{"$error":"#N/A"},2910,1]
[{"$error":"#N/A"},3062,1]
[{"$error":"#N/A"},3301,1]
[{"$error":"#N/A"},3304,1]
[{"$error":"#N/A"},3595,1]
[{"$error":"#N/A"},3740,1]
[{"$error":"#N/A"},3753,1]
[{"$error":"#N/A"},3801,1]
[{"$error":"#N/A"},3842,1]
[{"$error":"#N/A"},3848,1]
[{"$error":"#N/A"},3856,1]
[{"$error":"#N/A"},4072,1]
[{"$error":"#N/A"},4074,1]
[{"$error":"#N/A"},4076,1]
[{"$error":"#N/A"},4090,1]
[{"$error":"#N/A"},4106,1]
[{"$error":"#N/A"},4210,1]
[{"$error":"#N/A"},4282,1]
[{"$error":"#N/A"},4294,1]
[{"$error":"#N/A"},4352,1]
[{"$error":"#N/A"},4401,1]
[{"$error":"#N/A"},4464,1]
[{"$error":"#N/A"},4578,1]
[{"$error":"#N/A"},4605,1]
[{"$error":"#N/A"},4627,1]
[{"$error":"#N/A"},4776,1]
[{"$error":"#N/A"},4848,1]
[{"$error":"#N/A"},4854,1]
[{"$error":"#N/A"},4901,1]
[{"$error":"#N/A"},4917,1]
[{"$error":"#N/A"},4939,1]
[{"$error":"#N/A"},5037,1]
[{"$error":"#N/A"},5143,1]
[{"$error":"#N/A"},5201,1]
[{"$error":"#N/A"},5401,1]
[{"$error":"#N/A"},5403,1]
[{"$error":"#N/A"},5452,1]
[{"$error":"#N/A"},5464,1]
[{"$error":"#N/A"},5488,1]
[{"$error":"#N/A"},5701,1]
[{"$error":"#N/A"},6082,1]
[{"$error":"#N/A"},6095,1]
[{"$error":"#N/A"},6096,1]
[{"$error":"#N/A"},6237,1]
[{"$error":"#N/A"},6351,1]
[{"$error":"#N/A"},6355,1]
[{"$error":"#N/A"},6415,1]
[{"$error":"#N/A"},6443,1]
[{"$error":"#N/A"},6488,1]
[{"$error":"#N/A"},6498,1]
[{"$error":"#N/A"},6516,1]
[{"$error":"#N/A"},6604,1]
[{"$error":"#N/A"},6850,1]
[{"$error":"#N/A"},7010,1]
[{"$error":"#N/A"},7016,1]
[{"$error":"#N/A"},7071,1]
[{"$error":"#N/A"},7103,1]
[{"$error":"#N/A"},7302,1]
[{"$error":"#N/A"},7444,1]
[{"$error":"#N/A"},7450,1]
[{"$error":"#N/A"},7461,1]
[{"$error":"#N/A"},7481,1]
[{"$error":"#N/A"},7601,1]
[{"$error":"#N/A"},7645,1]
[{"$error":"#N/A"},7675,1]
[{"$error":"#N/A"},7677,1]
[{"$error":"#N/A"},7719,1]
[{"$error":"#N/A"},7746,1]
[{"$error":"#N/A"},7756,1]
[{"$error":"#N/A"},7840,1]
[{"$error":"#N/A"},7843,1]
[{"$error":"#N/A"},7860,1]
[{"$error":"#N/A"},7866,1]
[{"$error":"#N/A"},7930,1]
[{"$error":"#N/A"},8004,1]
[{"$error":"#N/A"},8009,1]
[{"$error":"#N/A"},8015,1]
[{"$error":"#N/A"},8016,1]
[{"$error":"#N/A"},8020,1]
[{"$error":"#N/A"},8022,1]
[{"$error":"#N/A"},8030,1]
[{"$error":"#N/A"},8031,1]
[{"$error":"#N/A"},8037,1]
[{"$error":"#N/A"},8038,1]
[{"$error":"#N/A"},8045,1]
[{"$error":"#N/A"},8050,1]
[{"$error":"#N/A"},8052,1]
[{"$error":"#N/A"},8055,1]
[{"$error":"#N/A"},8060,1]
[{"$error":"#N/A"},8063,1]
[{"$error":"#N/A"},8072,1]
[{"$error":"#N/A"},8078,1]
[{"$error":"#N/A"},8084,1]
[{"$error":"#N/A"},8086,1]
[{"$error":"#N/A"},8102,1]
[{"$error":"#N/A"},8215,1]
[{"$error":"#N/A"},8221,1]
[{"$error":"#N/A"},8241,1]
[{"$error":"#N/A"},8243,1]
[{"$error":"#N/A"},8251,1]
[{"$error":"#N/A"},8320,1]
[{"$error":"#N/A"},8322,1]
[{"$error":"#N/A"},8343,1]
[{"$error":"#N/A"},8344,1]
[{"$error":"#N/A"},8362,1]
[{"$error":"#N/A"},8402,1]
[{"$error":"#N/A"},8505,1]
[{"$error":"#N/A"},8514,1]
[{"$error":"#N/A"},8534,1]
[{"$error":"#N/A"},8542,1]
[{"$error":"#N/A"},8559,1]
[{"$error":"#N/A"},8610,1]
[{"$error":"#N/A"},8620,1]
[{"$error":"#N/A"},8648,1]
[{"$error":"#N/A"},8701,1]
[{"$error":"#N/A"},8751,1]
[{"$error":"#N/A"},8757,1]
[{"$error":"#N/A"},8758,1]
[{"$error":"#N/A"},8801,1]
[{"$error":"#N/A"},8816,1]
[{"$error":"#N/A"},8857,1]
[{"$error":"#N/A"},8859,1]
[{"$error":"#N/A"},8873,1]
[{"$error":"#N/A"},10010,1]
[{"$error":"#N/A"},10018,1]
[{"$error":"#N/A"},10044,1]
[{"$error":"#N/A"},10128,1]
[{"$error":"#N/A"},10460,1]
[{"$error":"#N/A"},10527,1]
[{"$error":"#N/A"},10598,1]
[{"$error":"#N/A"},10607,1]
[{"$error":"#N/A"},10706,1]
[{"$error":"#N/A"},11010,1]
[{"$error":"#N/A"},11021,1]
[{"$error":"#N/A"},11105,1]
[{"$error":"#N/A"},11231,1]
[{"$error":"#N/A"},11254,1]
[{"$error":"#N/A"},11369,1]
[{"$error":"#N/A"},11411,1]
[{"$error":"#N/A"},11510,1]
[{"$error":"#N/A"},11530,1]
[{"$error":"#N/A"},11691,1]
[{"$error":"#N/A"},11743,1]
[{"$error":"#N/A"},11937,1]
[{"$error":"#N/A"},11961,1]
[{"$error":"#N/A"},11977,1]
[{"$error":"#N/A"},12065,1]
[{"$error":"#N/A"},12090,1]
[{"$error":"#N/A"},12401,1]
[{"$error":"#N/A"},12472,1]
[{"$error":"#N/A"},12776,1]
[{"$error":"#N/A"},12831,1]
[{"$error":"#N/A"},12866,1]
[{"$error":"#N/A"},13045,1]
[{"$error":"#N/A"},13057,1]
[{"$error":"#N/A"},13167,1]
[{"$error":"#N/A"},13808,1]
[{"$error":"#N/A"},14092,1]
[{"$error":"#N/A"},14424,1]
[{"$error":"#N/A"},14450,1]
[{"$error":"#N/A"},14472,1]
[{"$error":"#N/A"},14616,1]
[{"$error":"#N/A"},14626,1]
[{"$error":"#N/A"},14701,1]
[{"$error":"#N/A"},14826,1]
[{"$error":"#N/A"},14891,1]
[{"$error":"#N/A"},14901,1]
[{"$error":"#N/A"},15037,1]
[{"$error":"#N/A"},15067,1]
[{"$error":"#N/A"},15101,1]
[{"$error":"#N/A"},15108,1]
[{"$error":"#N/A"},15137,1]
[{"$error":"#N/A"},15147,1]
[{"$error":"#N/A"},15202,1]
[{"$error":"#N/A"},15216,1]
[{"$error":"#N/A"},15218,1]
[{"$error":"#N/A"},15301,1]
[{"$error":"#N/A"},15317,1]
[{"$error":"#N/A"},15323,1]
[{"$error":"#N/A"},15401,1]
[{"$error":"#N/A"},15658,1]
[{"$error":"#N/A"},15676,1]
[{"$error":"#N/A"},15701,1]
[{"$error":"#N/A"},15759,1]
[{"$error":"#N/A"},15824,1]
[{"$error":"#N/A"},15825,1]
[{"$error":"#N/A"},15834,1]
[{"$error":"#N/A"},15905,1]
[{"$error":"#N/A"},15928,1]
[{"$error":"#N/A"},16001,1]
[{"$error":"#N/A"},16002,1]
[{"$error":"#N/A"},16057,1]
[{"$error":"#N/A"},16066,1]
[{"$error":"#N/A"},16111,1]
[{"$error":"#N/A"},16148,1]
[{"$error":"#N/A"},16323,1]
[{"$error":"#N/A"},16412,1]
[{"$error":"#N/A"},16506,1]
[{"$error":"#N/A"},16509,1]
[{"$error":"#N/A"},16650,1]
[{"$error":"#N/A"},16680,1]
[{"$error":"#N/A"},16801,1]
[{"$error":"#N/A"},16803,1]
[{"$error":"#N/A"},16868,1]
[{"$error":"#N/A"},16875,1]
[{"$error":"#N/A"},16901,1]
[{"$error":"#N/A"},16946,1]
[{"$error":"#N/A"},17015,1]
[{"$error":"#N/A"},17019,1]
[{"$error":"#N/A"},17042,1]
[{"$error":"#N/A"},17050,1]
[{"$error":"#N/A"},17055,1]
[{"$error":"#N/A"},17057,1]
[{"$error":"#N/A"},17063,1]
[{"$error":"#N/A"},17066,1]
[{"$error":"#N/A"},17202,1]
[{"$error":"#N/A"},17228,1]
[{"$error":"#N/A"},17241,1]
[{"$error":"#N/A"},17257,1]
[{"$error":"#N/A"},17314,1]
[{"$error":"#N/A"},17315,1]
[{"$error":"#N/A"},17350,1]
[{"$error":"#N/A"},17362,1]
[{"$error":"#N/A"},17403,1]
[{"$error":"#N/A"},17406,1]
[{"$error":"#N/A"},17505,1]
[{"$error":"#N/A"},17512,1]
[{"$error":"#N/A"},17516,1]
[{"$error":"#N/A"},17517,1]
[{"$error":"#N/A"},17519,1]
[{"$error":"#N/A"},17527,1]
[{"$error":"#N/A"},17532,1]
[{"$error":"#N/A"},17538,1]
[{"$error":"#N/A"},17545,1]
[{"$error":"#N/A"},17563,1]
[{"$error":"#N/A"},17565,1]
[{"$error":"#N/A"},17702,1]
[{"$error":"#N/A"},17731,1]
[{"$error":"#N/A"},17740,1]
[{"$error":"#N/A"},17754,1]
[{"$error":"#N/A"},17841,1]
[{"$error":"#N/A"},17846,1]
[{"$error":"#N/A"},18014,1]
[{"$error":"#N/A"},18017,1]
[{"$error":"#N/A"},18018,1]
[{"$error":"#N/A"},18032,1]
[{"$error":"#N/A"},18034,1]
[{"$error":"#N/A"},18049,1]
[{"$error":"#N/A"},18055,1]
[{"$error":"#N/A"},18067,1]
[{"$error":"#N/A"},18069,1]
[{"$error":"#N/A"},18071,1]
[{"$error":"#N/A"},18106,1]
[{"$error":"#N/A"},18202,1]
[{"$error":"#N/A"},18218,1]
[{"$error":"#N/A"},18229,1]
[{"$error":"#N/A"},18302,1]
[{"$error":"#N/A"},18343,1]
[{"$error":"#N/A"},18346,1]
[{"$error":"#N/A"},18347,1]
[{"$error":"#N/A"},18353,1]
[{"$error":"#N/A"},18407,1]
[{"$error":"#N/A"},18424,1]
[{"$error":"#N/A"},18431,1]
[{"$error":"#N/A"},18433,1]
[{"$error":"#N/A"},18452,1]
[{"$error":"#N/A"},18466,1]
[{"$error":"#N/A"},18472,1]
[{"$error":"#N/A"},18603,1]
[{"$error":"#N/A"},18621,1]
[{"$error":"#N/A"},18628,1]
[{"$error":"#N/A"},18661,1]
[{"$error":"#N/A"},18833,1]
[{"$error":"#N/A"},18834,1]
[{"$error":"#N/A"},18845,1]
[{"$error":"#N/A"},18853,1]
[{"$error":"#N/A"},18917,1]
[{"$error":"#N/A"},18925,1]
[{"$error":"#N/A"},18951,1]
[{"$error":"#N/A"},18960,1]
[{"$error":"#N/A"},18972,1]
[{"$error":"#N/A"},19004,1]
[{"$error":"#N/A"},19016,1]
[{"$error":"#N/A"},19020,1]
[{"$error":"#N/A"},19021,1]
[{"$error":"#N/A"},19025,1]
[{"$error":"#N/A"},19029,1]
[{"$error":"#N/A"},19032,1]
[{"$error":"#N/A"},19038,1]
[{"$error":"#N/A"},19040,1]
[{"$error":"#N/A"},19053,1]
[{"$error":"#N/A"},19056,1]
[{"$error":"#N/A"},19057,1]
[{"$error":"#N/A"},19067,1]
[{"$error":"#N/A"},19072,1]
[{"$error":"#N/A"},19101,1]
[{"$error":"#N/A"},19102,1]
[{"$error":"#N/A"},19104,1]
[{"$error":"#N/A"},19111,1]
[{"$error":"#N/A"},19114,1]
[{"$error":"#N/A"},19116,1]
[{"$error":"#N/A"},19126,1]
[{"$error":"#N/A"},19136,1]
[{"$error":"#N/A"},19140,1]
[{"$error":"#N/A"},19301,1]
[{"$error":"#N/A"},19310,1]
[{"$error":"#N/A"},19312,1]
[{"$error":"#N/A"},19333,1]
[{"$error":"#N/A"},19360,1]
[{"$error":"#N/A"},19369,1]
[{"$error":"#N/A"},19373,1]
[{"$error":"#N/A"},19374,1]
[{"$error":"#N/A"},19375,1]
[{"$error":"#N/A"},19405,1]
[{"$error":"#N/A"},19406,1]
[{"$error":"#N/A"},19425,1]
[{"$error":"#N/A"},19426,1]
[{"$error":"#N/A"},19438,1]
[{"$error":"#N/A"},19440,1]
[{"$error":"#N/A"},19444,1]
[{"$error":"#N/A"},19454,1]
[{"$error":"#N/A"},19462,1]
[{"$error":"#N/A"},19465,1]
[{"$error":"#N/A"},19477,1]
[{"$error":"#N/A"},19505,1]
[{"$error":"#N/A"},19506,1]
[{"$error":"#N/A"},19522,1]
[{"$error":"#N/A"},19560,1]
[{"$error":"#N/A"},19562,1]
[{"$error":"#N/A"},19565,1]
[{"$error":"#N/A"},19601,1]
[{"$error":"#N/A"},19606,1]
[{"$error":"#N/A"},19609,1]
[{"$error":"#N/A"},20007,1]
[{"$error":"#N/A"},20008,1]
[{"$error":"#N/A"},20016,1]
[{"$error":"#N/A"},20037,1]
[{"$error":"#N/A"},20117,1]
[{"$error":"#N/A"},20132,1]
[{"$error":"#N/A"},20164,1]
[{"$error":"#N/A"},20165,1]
[{"$error":"#N/A"},20170,1]
[{"$error":"#N/A"},20176,1]
[{"$error":"#N/A"},20619,1]
[{"$error":"#N/A"},20646,1]
[{"$error":"#N/A"},20688,1]
[{"$error":"#N/A"},20707,1]
[{"$error":"#N/A"},20720,1]
[{"$error":"#N/A"},20723,1]
[{"$error":"#N/A"},20732,1]
[{"$error":"#N/A"},20743,1]
[{"$error":"#N/A"},20772,1]
[{"$error":"#N/A"},20784,1]
[{"$error":"#N/A"},20785,1]
[{"$error":"#N/A"},20794,1]
[{"$error":"#N/A"},20850,1]
[{"$error":"#N/A"},20852,1]
[{"$error":"#N/A"},20853,1]
[{"$error":"#N/A"},20872,1]
[{"$error":"#N/A"},20874,1]
[{"$error":"#N/A"},20903,1]
[{"$error":"#N/A"},20906,1]
[{"$error":"#N/A"},20910,1]
[{"$error":"#N/A"},21012,1]
[{"$error":"#N/A"},21017,1]
[{"$error":"#N/A"},21029,1]
[{"$error":"#N/A"},21042,1]
[{"$error":"#N/A"},21054,1]
[{"$error":"#N/A"},21057,1]
[{"$error":"#N/A"},21077,1]
[{"$error":"#N/A"},21093,1]
[{"$error":"#N/A"},21111,1]
[{"$error":"#N/A"},21114,1]
[{"$error":"#N/A"},21117,1]
[{"$error":"#N/A"},21155,1]
[{"$error":"#N/A"},21162,1]
[{"$error":"#N/A"},21163,1]
[{"$error":"#N/A"},21201,1]
[{"$error":"#N/A"},21202,1]
[{"$error":"#N/A"},21208,1]
[{"$error":"#N/A"},21210,1]
[{"$error":"#N/A"},21212,1]
[{"$error":"#N/A"},21216,1]
[{"$error":"#N/A"},21220,1]
[{"$error":"#N/A"},21222,1]
[{"$error":"#N/A"},21224,1]
[{"$error":"#N/A"},21227,1]
[{"$error":"#N/A"},21229,1]
[{"$error":"#N/A"},21237,1]
[{"$error":"#N/A"},21239,1]
[{"$error":"#N/A"},21531,1]
[{"$error":"#N/A"},21541,1]
[{"$error":"#N/A"},21607,1]
[{"$error":"#N/A"},21623,1]
[{"$error":"#N/A"},21625,1]
[{"$error":"#N/A"},21657,1]
[{"$error":"#N/A"},21662,1]
[{"$error":"#N/A"},21670,1]
[{"$error":"#N/A"},21677,1]
[{"$error":"#N/A"},21704,1]
[{"$error":"#N/A"},21738,1]
[{"$error":"#N/A"},21740,1]
[{"$error":"#N/A"},21773,1]
[{"$error":"#N/A"},21774,1]
[{"$error":"#N/A"},21784,1]
[{"$error":"#N/A"},21791,1]
[{"$error":"#N/A"},21802,1]
[{"$error":"#N/A"},21814,1]
[{"$error":"#N/A"},21843,1]
[{"$error":"#N/A"},21856,1]
[{"$error":"#N/A"},21862,1]
[{"$error":"#N/A"},21865,1]
[{"$error":"#N/A"},21916,1]
[{"$error":"#N/A"},21920,1]
[{"$error":"#N/A"},22025,1]
[{"$error":"#N/A"},22026,1]
[{"$error":"#N/A"},22031,1]
[{"$error":"#N/A"},22101,1]
[{"$error":"#N/A"},22180,1]
[{"$error":"#N/A"},22202,1]
[{"$error":"#N/A"},22207,1]
[{"$error":"#N/A"},22302,1]
[{"$error":"#N/A"},22314,1]
[{"$error":"#N/A"},22407,1]
[{"$error":"#N/A"},22473,1]
[{"$error":"#N/A"},22480,1]
[{"$error":"#N/A"},22520,1]
[{"$error":"#N/A"},22572,1]
[{"$error":"#N/A"},22603,1]
[{"$error":"#N/A"},22802,1]
[{"$error":"#N/A"},22810,1]
[{"$error":"#N/A"},22834,1]
[{"$error":"#N/A"},22901,1]
[{"$error":"#N/A"},22939,1]
[{"$error":"#N/A"},22942,1]
[{"$error":"#N/A"},22947,1]
[{"$error":"#N/A"},22952,1]
[{"$error":"#N/A"},22980,1]
[{"$error":"#N/A"},23015,1]
[{"$error":"#N/A"},23060,1]
[{"$error":"#N/A"},23103,1]
[{"$error":"#N/A"},23111,1]
[{"$error":"#N/A"},23114,1]
[{"$error":"#N/A"},23124,1]
[{"$error":"#N/A"},23128,1]
[{"$error":"#N/A"},23188,1]
[{"$error":"#N/A"},23227,1]
[{"$error":"#N/A"},23230,1]
[{"$error":"#N/A"},23233,1]
[{"$error":"#N/A"},23234,1]
[{"$error":"#N/A"},23294,1]
[{"$error":"#N/A"},23308,1]
[{"$error":"#N/A"},23310,1]
[{"$error":"#N/A"},23314,1]
[{"$error":"#N/A"},23410,1]
[{"$error":"#N/A"},23417,1]
[{"$error":"#N/A"},23418,1]
[{"$error":"#N/A"},23421,1]
[{"$error":"#N/A"},23430,1]
[{"$error":"#N/A"},23432,1]
[{"$error":"#N/A"},23434,1]
[{"$error":"#N/A"},23450,1]
[{"$error":"#N/A"},23455,1]
[{"$error":"#N/A"},23464,1]
[{"$error":"#N/A"},23502,1]
[{"$error":"#N/A"},23503,1]
[{"$error":"#N/A"},23513,1]
[{"$error":"#N/A"},23601,1]
[{"$error":"#N/A"},23607,1]
[{"$error":"#N/A"},23608,1]
[{"$error":"#N/A"},23703,1]
[{"$error":"#N/A"},23851,1]
[{"$error":"#N/A"},23860,1]
[{"$error":"#N/A"},23887,1]
[{"$error":"#N/A"},24012,1]
[{"$error":"#N/A"},24090,1]
[{"$error":"#N/A"},24095,1]
[{"$error":"#N/A"},24112,1]
[{"$error":"#N/A"},24127,1]
[{"$error":"#N/A"},24151,1]
[{"$error":"#N/A"},24171,1]
[{"$error":"#N/A"},24210,1]
[{"$error":"#N/A"},24319,1]
[{"$error":"#N/A"},24426,1]
[{"$error":"#N/A"},24477,1]
[{"$error":"#N/A"},24486,1]
[{"$error":"#N/A"},24551,1]
[{"$error":"#N/A"},24556,1]
[{"$error":"#N/A"},24605,1]
[{"$error":"#N/A"},24901,1]
[{"$error":"#N/A"},24931,1]
[{"$error":"#N/A"},24963,1]
[{"$error":"#N/A"},24993,1]
[{"$error":"#N/A"},25276,1]
[{"$error":"#N/A"},25413,1]
[{"$error":"#N/A"},25434,1]
[{"$error":"#N/A"},25443,1]
[{"$error":"#N/A"},25444,1]
[{"$error":"#N/A"},25544,1]
[{"$error":"#N/A"},25812,1]
[{"$error":"#N/A"},25840,1]
[{"$error":"#N/A"},25976,1]
[{"$error":"#N/A"},26050,1]
[{"$error":"#N/A"},26142,1]
[{"$error":"#N/A"},26267,1]
[{"$error":"#N/A"},26301,1]
[{"$error":"#N/A"},26444,1]
[{"$error":"#N/A"},26505,1]
[{"$error":"#N/A"},26508,1]
[{"$error":"#N/A"},26588,1]
[{"$error":"#N/A"},26601,1]
[{"$error":"#N/A"},26631,1]
[{"$error":"#N/A"},26710,1]
[{"$error":"#N/A"},26739,1]
[{"$error":"#N/A"},26757,1]
[{"$error":"#N/A"},27101,1]
[{"$error":"#N/A"},27104,1]
[{"$error":"#N/A"},27127,1]
[{"$error":"#N/A"},27214,1]
[{"$error":"#N/A"},27235,1]
[{"$error":"#N/A"},27282,1]
[{"$error":"#N/A"},27292,1]
[{"$error":"#N/A"},27295,1]
[{"$error":"#N/A"},27302,1]
[{"$error":"#N/A"},27312,1]
[{"$error":"#N/A"},27317,1]
[{"$error":"#N/A"},27330,1]
[{"$error":"#N/A"},27370,1]
[{"$error":"#N/A"},27377,1]
[{"$error":"#N/A"},27407,1]
[{"$error":"#N/A"},27455,1]
[{"$error":"#N/A"},27511,1]
[{"$error":"#N/A"},27513,1]
[{"$error":"#N/A"},27514,1]
[{"$error":"#N/A"},27516,1]
[{"$error":"#N/A"},27530,1]
[{"$error":"#N/A"},27534,1]
[{"$error":"#N/A"},27539,1]
[{"$error":"#N/A"},27545,1]
[{"$error":"#N/A"},27562,1]
[{"$error":"#N/A"},27565,1]
[{"$error":"#N/A"},27573,1]
[{"$error":"#N/A"},27583,1]
[{"$error":"#N/A"},27604,1]
[{"$error":"#N/A"},27610,1]
[{"$error":"#N/A"},27613,1]
[{"$error":"#N/A"},27614,1]
[{"$error":"#N/A"},27617,1]
[{"$error":"#N/A"},27712,1]
[{"$error":"#N/A"},27822,1]
[{"$error":"#N/A"},27824,1]
[{"$error":"#N/A"},27828,1]
[{"$error":"#N/A"},27856,1]
[{"$error":"#N/A"},27870,1]
[{"$error":"#N/A"},27874,1]
[{"$error":"#N/A"},27906,1]
[{"$error":"#N/A"},27909,1]
[{"$error":"#N/A"},27915,1]
[{"$error":"#N/A"},27924,1]
[{"$error":"#N/A"},27944,1]
[{"$error":"#N/A"},27948,1]
[{"$error":"#N/A"},27959,1]
[{"$error":"#N/A"},27966,1]
[{"$error":"#N/A"},28025,1]
[{"$error":"#N/A"},28027,1]
[{"$error":"#N/A"},28036,1]
[{"$error":"#N/A"},28043,1]
[{"$error":"#N/A"},28052,1]
[{"$error":"#N/A"},28054,1]
[{"$error":"#N/A"},28056,1]
[{"$error":"#N/A"},28083,1]
[{"$error":"#N/A"},28117,1]
[{"$error":"#N/A"},28120,1]
[{"$error":"#N/A"},28128,1]
[{"$error":"#N/A"},28144,1]
[{"$error":"#N/A"},28147,1]
[{"$error":"#N/A"},28150,1]
[{"$error":"#N/A"},28205,1]
[{"$error":"#N/A"},28210,1]
[{"$error":"#N/A"},28211,1]
[{"$error":"#N/A"},28216,1]
[{"$error":"#N/A"},28226,1]
[{"$error":"#N/A"},28269,1]
[{"$error":"#N/A"},28273,1]
[{"$error":"#N/A"},28277,1]
[{"$error":"#N/A"},28278,1]
[{"$error":"#N/A"},28318,1]
[{"$error":"#N/A"},28320,1]
[{"$error":"#N/A"},28326,1]
[{"$error":"#N/A"},28327,1]
[{"$error":"#N/A"},28328,1]
[{"$error":"#N/A"},28371,1]
[{"$error":"#N/A"},28379,1]
[{"$error":"#N/A"},28387,1]
[{"$error":"#N/A"},28396,1]
[{"$error":"#N/A"},28398,1]
[{"$error":"#N/A"},28409,1]
[{"$error":"#N/A"},28411,1]
[{"$error":"#N/A"},28425,1]
[{"$error":"#N/A"},28458,1]
[{"$error":"#N/A"},28463,1]
[{"$error":"#N/A"},28513,1]
[{"$error":"#N/A"},28532,1]
[{"$error":"#N/A"},28540,1]
[{"$error":"#N/A"},28560,1]
[{"$error":"#N/A"},28571,1]
[{"$error":"#N/A"},28584,1]
[{"$error":"#N/A"},28586,1]
[{"$error":"#N/A"},28590,1]
[{"$error":"#N/A"},28594,1]
[{"$error":"#N/A"},28625,1]
[{"$error":"#N/A"},28627,1]
[{"$error":"#N/A"},28636,1]
[{"$error":"#N/A"},28655,1]
[{"$error":"#N/A"},28673,1]
[{"$error":"#N/A"},28694,1]
[{"$error":"#N/A"},28704,1]
[{"$error":"#N/A"},28711,1]
[{"$error":"#N/A"},28712,1]
[{"$error":"#N/A"},28753,1]
[{"$error":"#N/A"},28756,1]
[{"$error":"#N/A"},28787,1]
[{"$error":"#N/A"},28790,1]
[{"$error":"#N/A"},28791,1]
[{"$error":"#N/A"},28792,1]
[{"$error":"#N/A"},28803,1]
[{"$error":"#N/A"},28806,1]
[{"$error":"#N/A"},29030,1]
[{"$error":"#N/A"},29047,1]
[{"$error":"#N/A"},29073,1]
[{"$error":"#N/A"},29115,1]
[{"$error":"#N/A"},29142,1]
[{"$error":"#N/A"},29163,1]
[{"$error":"#N/A"},29164,1]
[{"$error":"#N/A"},29204,1]
[{"$error":"#N/A"},29210,1]
[{"$error":"#N/A"},29229,1]
[{"$error":"#N/A"},29379,1]
[{"$error":"#N/A"},29388,1]
[{"$error":"#N/A"},29407,1]
[{"$error":"#N/A"},29410,1]
[{"$error":"#N/A"},29412,1]
[{"$error":"#N/A"},29439,1]
[{"$error":"#N/A"},29445,1]
[{"$error":"#N/A"},29456,1]
[{"$error":"#N/A"},29461,1]
[{"$error":"#N/A"},29464,1]
[{"$error":"#N/A"},29485,1]
[{"$error":"#N/A"},29488,1]
[{"$error":"#N/A"},29492,1]
[{"$error":"#N/A"},29501,1]
[{"$error":"#N/A"},29511,1]
[{"$error":"#N/A"},29527,1]
[{"$error":"#N/A"},29532,1]
[{"$error":"#N/A"},29541,1]
[{"$error":"#N/A"},29545,1]
[{"$error":"#N/A"},29554,1]
[{"$error":"#N/A"},29568,1]
[{"$error":"#N/A"},29569,1]
[{"$error":"#N/A"},29570,1]
[{"$error":"#N/A"},29572,1]
[{"$error":"#N/A"},29601,1]
[{"$error":"#N/A"},29607,1]
[{"$error":"#N/A"},29611,1]
[{"$error":"#N/A"},29617,1]
[{"$error":"#N/A"},29621,1]
[{"$error":"#N/A"},29631,1]
[{"$error":"#N/A"},29649,1]
[{"$error":"#N/A"},29651,1]
[{"$error":"#N/A"},29664,1]
[{"$error":"#N/A"},29670,1]
[{"$error":"#N/A"},29672,1]
[{"$error":"#N/A"},29676,1]
[{"$error":"#N/A"},29678,1]
[{"$error":"#N/A"},29680,1]
[{"$error":"#N/A"},29690,1]
[{"$error":"#N/A"},29702,1]
[{"$error":"#N/A"},29706,1]
[{"$error":"#N/A"},29708,1]
[{"$error":"#N/A"},29710,1]
[{"$error":"#N/A"},29715,1]
[{"$error":"#N/A"},29717,1]
[{"$error":"#N/A"},29720,1]
[{"$error":"#N/A"},29829,1]
[{"$error":"#N/A"},29902,1]
[{"$error":"#N/A"},29920,1]
[{"$error":"#N/A"},29926,1]
[{"$error":"#N/A"},29935,1]
[{"$error":"#N/A"},30013,1]
[{"$error":"#N/A"},30017,1]
[{"$error":"#N/A"},30028,1]
[{"$error":"#N/A"},30034,1]
[{"$error":"#N/A"},30040,1]
[{"$error":"#N/A"},30045,1]
[{"$error":"#N/A"},30046,1]
[{"$error":"#N/A"},30052,1]
[{"$error":"#N/A"},30068,1]
[{"$error":"#N/A"},30076,1]
[{"$error":"#N/A"},30078,1]
[{"$error":"#N/A"},30080,1]
[{"$error":"#N/A"},30087,1]
[{"$error":"#N/A"},30107,1]
[{"$error":"#N/A"},30126,1]
[{"$error":"#N/A"},30135,1]
[{"$error":"#N/A"},30141,1]
[{"$error":"#N/A"},30143,1]
[{"$error":"#N/A"},30157,1]
[{"$error":"#N/A"},30214,1]
[{"$error":"#N/A"},30215,1]
[{"$error":"#N/A"},30223,1]
[{"$error":"#N/A"},30228,1]
[{"$error":"#N/A"},30238,1]
[{"$error":"#N/A"},30252,1]
[{"$error":"#N/A"},30253,1]
[{"$error":"#N/A"},30281,1]
[{"$error":"#N/A"},30288,1]
[{"$error":"#N/A"},30294,1]
[{"$error":"#N/A"},30310,1]
[{"$error":"#N/A"},30311,1]
[{"$error":"#N/A"},30324,1]
[{"$error":"#N/A"},30327,1]
[{"$error":"#N/A"},30338,1]
[{"$error":"#N/A"},30349,1]
[{"$error":"#N/A"},30417,1]
[{"$error":"#N/A"},30467,1]
[{"$error":"#N/A"},30534,1]
[{"$error":"#N/A"},30535,1]
[{"$error":"#N/A"},30548,1]
[{"$error":"#N/A"},30553,1]
[{"$error":"#N/A"},30643,1]
[{"$error":"#N/A"},30705,1]
[{"$error":"#N/A"},30809,1]
[{"$error":"#N/A"},30909,1]
[{"$error":"#N/A"},31005,1]
[{"$error":"#N/A"},31028,1]
[{"$error":"#N/A"},31069,1]
[{"$error":"#N/A"},31210,1]
[{"$error":"#N/A"},31221,1]
[{"$error":"#N/A"},31302,1]
[{"$error":"#N/A"},31313,1]
[{"$error":"#N/A"},31316,1]
[{"$error":"#N/A"},31322,1]
[{"$error":"#N/A"},31324,1]
[{"$error":"#N/A"},31329,1]
[{"$error":"#N/A"},31408,1]
[{"$error":"#N/A"},31410,1]
[{"$error":"#N/A"},31525,1]
[{"$error":"#N/A"},31548,1]
[{"$error":"#N/A"},31558,1]
[{"$error":"#N/A"},31560,1]
[{"$error":"#N/A"},31569,1]
[{"$error":"#N/A"},31750,1]
[{"$error":"#N/A"},32003,1]
[{"$error":"#N/A"},32073,1]
[{"$error":"#N/A"},32081,1]
[{"$error":"#N/A"},32084,1]
[{"$error":"#N/A"},32091,1]
[{"$error":"#N/A"},32092,1]
[{"$error":"#N/A"},32102,1]
[{"$error":"#N/A"},32118,1]
[{"$error":"#N/A"},32136,1]
[{"$error":"#N/A"},32141,1]
[{"$error":"#N/A"},32169,1]
[{"$error":"#N/A"},32218,1]
[{"$error":"#N/A"},32225,1]
[{"$error":"#N/A"},32234,1]
[{"$error":"#N/A"},32244,1]
[{"$error":"#N/A"},32259,1]
[{"$error":"#N/A"},32277,1]
[{"$error":"#N/A"},32308,1]
[{"$error":"#N/A"},32408,1]
[{"$error":"#N/A"},32413,1]
[{"$error":"#N/A"},32428,1]
[{"$error":"#N/A"},32439,1]
[{"$error":"#N/A"},32459,1]
[{"$error":"#N/A"},32504,1]
[{"$error":"#N/A"},32513,1]
[{"$error":"#N/A"},32514,1]
[{"$error":"#N/A"},32533,1]
[{"$error":"#N/A"},32561,1]
[{"$error":"#N/A"},32563,1]
[{"$error":"#N/A"},32567,1]
[{"$error":"#N/A"},32570,1]
[{"$error":"#N/A"},32578,1]
[{"$error":"#N/A"},32583,1]
[{"$error":"#N/A"},32608,1]
[{"$error":"#N/A"},32609,1]
[{"$error":"#N/A"},32664,1]
[{"$error":"#N/A"},32686,1]
[{"$error":"#N/A"},32696,1]
[{"$error":"#N/A"},32702,1]
[{"$error":"#N/A"},32708,1]
[{"$error":"#N/A"},32714,1]
[{"$error":"#N/A"},32720,1]
[{"$error":"#N/A"},32735,1]
[{"$error":"#N/A"},32736,1]
[{"$error":"#N/A"},32750,1]
[{"$error":"#N/A"},32763,1]
[{"$error":"#N/A"},32765,1]
[{"$error":"#N/A"},32766,1]
[{"$error":"#N/A"},32771,1]
[{"$error":"#N/A"},32780,1]
[{"$error":"#N/A"},32817,1]
[{"$error":"#N/A"},32824,1]
[{"$error":"#N/A"},32836,1]
[{"$error":"#N/A"},32903,1]
[{"$error":"#N/A"},32906,1]
[{"$error":"#N/A"},32907,1]
[{"$error":"#N/A"},32923,1]
[{"$error":"#N/A"},32968,1]
[{"$error":"#N/A"},32976,1]
[{"$error":"#N/A"},33033,1]
[{"$error":"#N/A"},33041,1]
[{"$error":"#N/A"},33060,1]
[{"$error":"#N/A"},33062,1]
[{"$error":"#N/A"},33066,1]
[{"$error":"#N/A"},33068,1]
[{"$error":"#N/A"},33071,1]
[{"$error":"#N/A"},33076,1]
[{"$error":"#N/A"},33138,1]
[{"$error":"#N/A"},33143,1]
[{"$error":"#N/A"},33156,1]
[{"$error":"#N/A"},33178,1]
[{"$error":"#N/A"},33183,1]
[{"$error":"#N/A"},33304,1]
[{"$error":"#N/A"},33331,1]
[{"$error":"#N/A"},33401,1]
[{"$error":"#N/A"},33404,1]
[{"$error":"#N/A"},33412,1]
[{"$error":"#N/A"},33417,1]
[{"$error":"#N/A"},33418,1]
[{"$error":"#N/A"},33426,1]
[{"$error":"#N/A"},33428,1]
[{"$error":"#N/A"},33431,1]
[{"$error":"#N/A"},33460,1]
[{"$error":"#N/A"},33471,1]
[{"$error":"#N/A"},33477,1]
[{"$error":"#N/A"},33478,1]
[{"$error":"#N/A"},33496,1]
[{"$error":"#N/A"},33498,1]
[{"$error":"#N/A"},33510,1]
[{"$error":"#N/A"},33525,1]
[{"$error":"#N/A"},33540,1]
[{"$error":"#N/A"},33541,1]
[{"$error":"#N/A"},33542,1]
[{"$error":"#N/A"},33543,1]
[{"$error":"#N/A"},33547,1]
[{"$error":"#N/A"},33566,1]
[{"$error":"#N/A"},33569,1]
[{"$error":"#N/A"},33570,1]
[{"$error":"#N/A"},33584,1]
[{"$error":"#N/A"},33597,1]
[{"$error":"#N/A"},33604,1]
[{"$error":"#N/A"},33618,1]
[{"$error":"#N/A"},33701,1]
[{"$error":"#N/A"},33703,1]
[{"$error":"#N/A"},33704,1]
[{"$error":"#N/A"},33708,1]
[{"$error":"#N/A"},33710,1]
[{"$error":"#N/A"},33713,1]
[{"$error":"#N/A"},33756,1]
[{"$error":"#N/A"},33762,1]
[{"$error":"#N/A"},33763,1]
[{"$error":"#N/A"},33770,1]
[{"$error":"#N/A"},33771,1]
[{"$error":"#N/A"},33773,1]
[{"$error":"#N/A"},33776,1]
[{"$error":"#N/A"},33778,1]
[{"$error":"#N/A"},33785,1]
[{"$error":"#N/A"},33810,1]
[{"$error":"#N/A"},33811,1]
[{"$error":"#N/A"},33813,1]
[{"$error":"#N/A"},33830,1]
[{"$error":"#N/A"},33844,1]
[{"$error":"#N/A"},33859,1]
[{"$error":"#N/A"},33868,1]
[{"$error":"#N/A"},33896,1]
[{"$error":"#N/A"},33897,1]
[{"$error":"#N/A"},33898,1]
[{"$error":"#N/A"},33903,1]
[{"$error":"#N/A"},33905,1]
[{"$error":"#N/A"},33907,1]
[{"$error":"#N/A"},33914,1]
[{"$error":"#N/A"},33916,1]
[{"$error":"#N/A"},33919,1]
[{"$error":"#N/A"},33920,1]
[{"$error":"#N/A"},33947,1]
[{"$error":"#N/A"},33953,1]
[{"$error":"#N/A"},33971,1]
[{"$error":"#N/A"},33990,1]
[{"$error":"#N/A"},34102,1]
[{"$error":"#N/A"},34104,1]
[{"$error":"#N/A"},34105,1]
[{"$error":"#N/A"},34110,1]
[{"$error":"#N/A"},34112,1]
[{"$error":"#N/A"},34119,1]
[{"$error":"#N/A"},34134,1]
[{"$error":"#N/A"},34142,1]
[{"$error":"#N/A"},34145,1]
[{"$error":"#N/A"},34201,1]
[{"$error":"#N/A"},34202,1]
[{"$error":"#N/A"},34205,1]
[{"$error":"#N/A"},34208,1]
[{"$error":"#N/A"},34210,1]
[{"$error":"#N/A"},34212,1]
[{"$error":"#N/A"},34224,1]
[{"$error":"#N/A"},34231,1]
[{"$error":"#N/A"},34233,1]
[{"$error":"#N/A"},34235,1]
[{"$error":"#N/A"},34241,1]
[{"$error":"#N/A"},34265,1]
[{"$error":"#N/A"},34269,1]
[{"$error":"#N/A"},34291,1]
[{"$error":"#N/A"},34420,1]
[{"$error":"#N/A"},34431,1]
[{"$error":"#N/A"},34433,1]
[{"$error":"#N/A"},34436,1]
[{"$error":"#N/A"},34442,1]
[{"$error":"#N/A"},34446,1]
[{"$error":"#N/A"},34448,1]
[{"$error":"#N/A"},34450,1]
[{"$error":"#N/A"},34453,1]
[{"$error":"#N/A"},34465,1]
[{"$error":"#N/A"},34470,1]
[{"$error":"#N/A"},34471,1]
[{"$error":"#N/A"},34472,1]
[{"$error":"#N/A"},34473,1]
[{"$error":"#N/A"},34476,1]
[{"$error":"#N/A"},34482,1]
[{"$error":"#N/A"},34484,1]
[{"$error":"#N/A"},34607,1]
[{"$error":"#N/A"},34608,1]
[{"$error":"#N/A"},34638,1]
[{"$error":"#N/A"},34668,1]
[{"$error":"#N/A"},34677,1]
[{"$error":"#N/A"},34684,1]
[{"$error":"#N/A"},34685,1]
[{"$error":"#N/A"},34695,1]
[{"$error":"#N/A"},34705,1]
[{"$error":"#N/A"},34744,1]
[{"$error":"#N/A"},34770,1]
[{"$error":"#N/A"},34952,1]
[{"$error":"#N/A"},34972,1]
[{"$error":"#N/A"},34982,1]
[{"$error":"#N/A"},34986,1]
[{"$error":"#N/A"},34990,1]
[{"$error":"#N/A"},34997,1]
[{"$error":"#N/A"},35077,1]
[{"$error":"#N/A"},35085,1]
[{"$error":"#N/A"},35120,1]
[{"$error":"#N/A"},35124,1]
[{"$error":"#N/A"},35244,1]
[{"$error":"#N/A"},35611,1]
[{"$error":"#N/A"},35633,1]
[{"$error":"#N/A"},35744,1]
[{"$error":"#N/A"},35757,1]
[{"$error":"#N/A"},35758,1]
[{"$error":"#N/A"},35769,1]
[{"$error":"#N/A"},35803,1]
[{"$error":"#N/A"},35810,1]
[{"$error":"#N/A"},36066,1]
[{"$error":"#N/A"},36116,1]
[{"$error":"#N/A"},36360,1]
[{"$error":"#N/A"},36526,1]
[{"$error":"#N/A"},36530,1]
[{"$error":"#N/A"},36587,1]
[{"$error":"#N/A"},36703,1]
[{"$error":"#N/A"},36854,1]
[{"$error":"#N/A"},36870,1]
[{"$error":"#N/A"},37090,1]
[{"$error":"#N/A"},37128,1]
[{"$error":"#N/A"},37135,1]
[{"$error":"#N/A"},37138,1]
[{"$error":"#N/A"},37167,1]
[{"$error":"#N/A"},37174,1]
[{"$error":"#N/A"},37205,1]
[{"$error":"#N/A"},37211,1]
[{"$error":"#N/A"},37323,1]
[{"$error":"#N/A"},37343,1]
[{"$error":"#N/A"},37411,1]
[{"$error":"#N/A"},37615,1]
[{"$error":"#N/A"},37617,1]
[{"$error":"#N/A"},37656,1]
[{"$error":"#N/A"},37658,1]
[{"$error":"#N/A"},37687,1]
[{"$error":"#N/A"},37726,1]
[{"$error":"#N/A"},37737,1]
[{"$error":"#N/A"},37743,1]
[{"$error":"#N/A"},37763,1]
[{"$error":"#N/A"},37774,1]
[{"$error":"#N/A"},37777,1]
[{"$error":"#N/A"},37804,1]
[{"$error":"#N/A"},37818,1]
[{"$error":"#N/A"},37857,1]
[{"$error":"#N/A"},37865,1]
[{"$error":"#N/A"},37870,1]
[{"$error":"#N/A"},37882,1]
[{"$error":"#N/A"},37918,1]
[{"$error":"#N/A"},37921,1]
[{"$error":"#N/A"},38024,1]
[{"$error":"#N/A"},38251,1]
[{"$error":"#N/A"},38451,1]
[{"$error":"#N/A"},38485,1]
[{"$error":"#N/A"},38555,1]
[{"$error":"#N/A"},38556,1]
[{"$error":"#N/A"},38658,1]
[{"$error":"#N/A"},38673,1]
[{"$error":"#N/A"},39202,1]
[{"$error":"#N/A"},39272,1]
[{"$error":"#N/A"},39347,1]
[{"$error":"#N/A"},39507,1]
[{"$error":"#N/A"},39553,1]
[{"$error":"#N/A"},39564,1]
[{"$error":"#N/A"},39565,1]
[{"$error":"#N/A"},39759,1]
[{"$error":"#N/A"},40444,1]
[{"$error":"#N/A"},40502,1]
[{"$error":"#N/A"},40513,1]
[{"$error":"#N/A"},41004,1]
[{"$error":"#N/A"},41005,1]
[{"$error":"#N/A"},41091,1]
[{"$error":"#N/A"},42276,1]
[{"$error":"#N/A"},42764,1]
[{"$error":"#N/A"},43017,1]
[{"$error":"#N/A"},43021,1]
[{"$error":"#N/A"},43065,1]
[{"$error":"#N/A"},43110,1]
[{"$error":"#N/A"},43202,1]
[{"$error":"#N/A"},43219,1]
[{"$error":"#N/A"},43221,1]
[{"$error":"#N/A"},43229,1]
[{"$error":"#N/A"},43235,1]
[{"$error":"#N/A"},43420,1]
[{"$error":"#N/A"},43533,1]
[{"$error":"#N/A"},43560,1]
[{"$error":"#N/A"},43942,1]
[{"$error":"#N/A"},43988,1]
[{"$error":"#N/A"},44084,1]
[{"$error":"#N/A"},44116,1]
[{"$error":"#N/A"},44128,1]
[{"$error":"#N/A"},44130,1]
[{"$error":"#N/A"},44145,1]
[{"$error":"#N/A"},44281,1]
[{"$error":"#N/A"},44313,1]
[{"$error":"#N/A"},44408,1]
[{"$error":"#N/A"},44515,1]
[{"$error":"#N/A"},44654,1]
[{"$error":"#N/A"},44721,1]
[{"$error":"#N/A"},44864,1]
[{"$error":"#N/A"},45036,1]
[{"$error":"#N/A"},45102,1]
[{"$error":"#N/A"},45230,1]
[{"$error":"#N/A"},45417,1]
[{"$error":"#N/A"},45424,1]
[{"$error":"#N/A"},45429,1]
[{"$error":"#N/A"},45601,1]
[{"$error":"#N/A"},45662,1]
[{"$error":"#N/A"},45723,1]
[{"$error":"#N/A"},46038,1]
[{"$error":"#N/A"},46163,1]
[{"$error":"#N/A"},46342,1]
[{"$error":"#N/A"},46561,1]
[{"$error":"#N/A"},46617,1]
[{"$error":"#N/A"},47424,1]
[{"$error":"#N/A"},47725,1]
[{"$error":"#N/A"},47802,1]
[{"$error":"#N/A"},47906,1]
[{"$error":"#N/A"},47909,1]
[{"$error":"#N/A"},48101,1]
[{"$error":"#N/A"},48104,1]
[{"$error":"#N/A"},48188,1]
[{"$error":"#N/A"},48197,1]
[{"$error":"#N/A"},48236,1]
[{"$error":"#N/A"},48309,1]
[{"$error":"#N/A"},48322,1]
[{"$error":"#N/A"},48328,1]
[{"$error":"#N/A"},48383,1]
[{"$error":"#N/A"},48450,1]
[{"$error":"#N/A"},48750,1]
[{"$error":"#N/A"},48823,1]
[{"$error":"#N/A"},49046,1]
[{"$error":"#N/A"},49079,1]
[{"$error":"#N/A"},49417,1]
[{"$error":"#N/A"},49461,1]
[{"$error":"#N/A"},49651,1]
[{"$error":"#N/A"},49686,1]
[{"$error":"#N/A"},49801,1]
[{"$error":"#N/A"},49837,1]
[{"$error":"#N/A"},49876,1]
[{"$error":"#N/A"},49931,1]
[{"$error":"#N/A"},50074,1]
[{"$error":"#N/A"},50208,1]
[{"$error":"#N/A"},50266,1]
[{"$error":"#N/A"},51652,1]
[{"$error":"#N/A"},52003,1]
[{"$error":"#N/A"},52404,1]
[{"$error":"#N/A"},52732,1]
[{"$error":"#N/A"},53572,1]
[{"$error":"#N/A"},54016,1]
[{"$error":"#N/A"},54601,1]
[{"$error":"#N/A"},54701,1]
[{"$error":"#N/A"},54810,1]
[{"$error":"#N/A"},55042,1]
[{"$error":"#N/A"},55116,1]
[{"$error":"#N/A"},55350,1]
[{"$error":"#N/A"},55415,1]
[{"$error":"#N/A"},55449,1]
[{"$error":"#N/A"},55956,1]
[{"$error":"#N/A"},56011,1]
[{"$error":"#N/A"},57110,1]
[{"$error":"#N/A"},57702,1]
[{"$error":"#N/A"},57719,1]
[{"$error":"#N/A"},59047,1]
[{"$error":"#N/A"},59405,1]
[{"$error":"#N/A"},59501,1]
[{"$error":"#N/A"},59718,1]
[{"$error":"#N/A"},59720,1]
[{"$error":"#N/A"},59752,1]
[{"$error":"#N/A"},59803,1]
[{"$error":"#N/A"},59804,1]
[{"$error":"#N/A"},59904,1]
[{"$error":"#N/A"},60053,1]
[{"$error":"#N/A"},60061,1]
[{"$error":"#N/A"},60102,1]
[{"$error":"#N/A"},60188,1]
[{"$error":"#N/A"},60201,1]
[{"$error":"#N/A"},60409,1]
[{"$error":"#N/A"},60607,1]
[{"$error":"#N/A"},60640,1]
[{"$error":"#N/A"},61603,1]
[{"$error":"#N/A"},61833,1]
[{"$error":"#N/A"},62095,1]
[{"$error":"#N/A"},62269,1]
[{"$error":"#N/A"},62474,1]
[{"$error":"#N/A"},62959,1]
[{"$error":"#N/A"},62967,1]
[{"$error":"#N/A"},63117,1]
[{"$error":"#N/A"},63129,1]
[{"$error":"#N/A"},63401,1]
[{"$error":"#N/A"},63670,1]
[{"$error":"#N/A"},64155,1]
[{"$error":"#N/A"},65201,1]
[{"$error":"#N/A"},65203,1]
[{"$error":"#N/A"},67039,1]
[{"$error":"#N/A"},67401,1]
[{"$error":"#N/A"},67550,1]
[{"$error":"#N/A"},70118,1]
[{"$error":"#N/A"},70433,1]
[{"$error":"#N/A"},71018,1]
[{"$error":"#N/A"},71291,1]
[{"$error":"#N/A"},71326,1]
[{"$error":"#N/A"},71457,1]
[{"$error":"#N/A"},71603,1]
[{"$error":"#N/A"},72116,1]
[{"$error":"#N/A"},72120,1]
[{"$error":"#N/A"},72127,1]
[{"$error":"#N/A"},72658,1]
[{"$error":"#N/A"},72774,1]
[{"$error":"#N/A"},72835,1]
[{"$error":"#N/A"},73072,1]
[{"$error":"#N/A"},73401,1]
[{"$error":"#N/A"},73521,1]
[{"$error":"#N/A"},73547,1]
[{"$error":"#N/A"},73601,1]
[{"$error":"#N/A"},74002,1]
[{"$error":"#N/A"},74012,1]
[{"$error":"#N/A"},74019,1]
[{"$error":"#N/A"},74066,1]
[{"$error":"#N/A"},74136,1]
[{"$error":"#N/A"},74868,1]
[{"$error":"#N/A"},75006,1]
[{"$error":"#N/A"},75034,1]
[{"$error":"#N/A"},75044,1]
[{"$error":"#N/A"},75069,1]
[{"$error":"#N/A"},75070,1]
[{"$error":"#N/A"},75071,1]
[{"$error":"#N/A"},75087,1]
[{"$error":"#N/A"},75115,1]
[{"$error":"#N/A"},75442,1]
[{"$error":"#N/A"},75452,1]
[{"$error":"#N/A"},75455,1]
[{"$error":"#N/A"},75662,1]
[{"$error":"#N/A"},75701,1]
[{"$error":"#N/A"},76012,1]
[{"$error":"#N/A"},76021,1]
[{"$error":"#N/A"},76050,1]
[{"$error":"#N/A"},76052,1]
[{"$error":"#N/A"},76065,1]
[{"$error":"#N/A"},76126,1]
[{"$error":"#N/A"},76179,1]
[{"$error":"#N/A"},76244,1]
[{"$error":"#N/A"},76248,1]
[{"$error":"#N/A"},76273,1]
[{"$error":"#N/A"},76367,1]
[{"$error":"#N/A"},76502,1]
[{"$error":"#N/A"},76657,1]
[{"$error":"#N/A"},76903,1]
[{"$error":"#N/A"},77014,1]
[{"$error":"#N/A"},77019,1]
[{"$error":"#N/A"},77027,1]
[{"$error":"#N/A"},77089,1]
[{"$error":"#N/A"},77210,1]
[{"$error":"#N/A"},77302,1]
[{"$error":"#N/A"},77303,1]
[{"$error":"#N/A"},77316,1]
[{"$error":"#N/A"},77320,1]
[{"$error":"#N/A"},77346,1]
[{"$error":"#N/A"},77378,1]
[{"$error":"#N/A"},77389,1]
[{"$error":"#N/A"},77396,1]
[{"$error":"#N/A"},77406,1]
[{"$error":"#N/A"},77407,1]
[{"$error":"#N/A"},77471,1]
[{"$error":"#N/A"},77479,1]
[{"$error":"#N/A"},77484,1]
[{"$error":"#N/A"},77494,1]
[{"$error":"#N/A"},77535,1]
[{"$error":"#N/A"},77550,1]
[{"$error":"#N/A"},77551,1]
[{"$error":"#N/A"},77571,1]
[{"$error":"#N/A"},77581,1]
[{"$error":"#N/A"},77584,1]
[{"$error":"#N/A"},77616,1]
[{"$error":"#N/A"},77803,1]
[{"$error":"#N/A"},77951,1]
[{"$error":"#N/A"},77957,1]
[{"$error":"#N/A"},78015,1]
[{"$error":"#N/A"},78109,1]
[{"$error":"#N/A"},78114,1]
[{"$error":"#N/A"},78132,1]
[{"$error":"#N/A"},78154,1]
[{"$error":"#N/A"},78212,1]
[{"$error":"#N/A"},78220,1]
[{"$error":"#N/A"},78223,1]
[{"$error":"#N/A"},78240,1]
[{"$error":"#N/A"},78254,1]
[{"$error":"#N/A"},78255,1]
[{"$error":"#N/A"},78264,1]
[{"$error":"#N/A"},78372,1]
[{"$error":"#N/A"},78413,1]
[{"$error":"#N/A"},78418,1]
[{"$error":"#N/A"},78504,1]
[{"$error":"#N/A"},78613,1]
[{"$error":"#N/A"},78621,1]
[{"$error":"#N/A"},78626,1]
[{"$error":"#N/A"},78664,1]
[{"$error":"#N/A"},78665,1]
[{"$error":"#N/A"},78681,1]
[{"$error":"#N/A"},78735,1]
[{"$error":"#N/A"},78741,1]
[{"$error":"#N/A"},78752,1]
[{"$error":"#N/A"},78840,1]
[{"$error":"#N/A"},79407,1]
[{"$error":"#N/A"},79831,1]
[{"$error":"#N/A"},79935,1]
[{"$error":"#N/A"},80123,1]
[{"$error":"#N/A"},80134,1]
[{"$error":"#N/A"},80227,1]
[{"$error":"#N/A"},80247,1]
[{"$error":"#N/A"},80249,1]
[{"$error":"#N/A"},80303,1]
[{"$error":"#N/A"},80442,1]
[{"$error":"#N/A"},80477,1]
[{"$error":"#N/A"},80501,1]
[{"$error":"#N/A"},80513,1]
[{"$error":"#N/A"},80516,1]
[{"$error":"#N/A"},80602,1]
[{"$error":"#N/A"},80634,1]
[{"$error":"#N/A"},80915,1]
[{"$error":"#N/A"},80923,1]
[{"$error":"#N/A"},81005,1]
[{"$error":"#N/A"},81082,1]
[{"$error":"#N/A"},81091,1]
[{"$error":"#N/A"},81201,1]
[{"$error":"#N/A"},81224,1]
[{"$error":"#N/A"},81520,1]
[{"$error":"#N/A"},82301,1]
[{"$error":"#N/A"},83202,1]
[{"$error":"#N/A"},83642,1]
[{"$error":"#N/A"},83646,1]
[{"$error":"#N/A"},83854,1]
[{"$error":"#N/A"},83858,1]
[{"$error":"#N/A"},83860,1]
[{"$error":"#N/A"},84032,1]
[{"$error":"#N/A"},84045,1]
[{"$error":"#N/A"},84060,1]
[{"$error":"#N/A"},84105,1]
[{"$error":"#N/A"},84116,1]
[{"$error":"#N/A"},84121,1]
[{"$error":"#N/A"},85018,1]
[{"$error":"#N/A"},85029,1]
[{"$error":"#N/A"},85042,1]
[{"$error":"#N/A"},85118,1]
[{"$error":"#N/A"},85131,1]
[{"$error":"#N/A"},85132,1]
[{"$error":"#N/A"},85138,1]
[{"$error":"#N/A"},85140,1]
[{"$error":"#N/A"},85142,1]
[{"$error":"#N/A"},85143,1]
[{"$error":"#N/A"},85207,1]
[{"$error":"#N/A"},85248,1]
[{"$error":"#N/A"},85249,1]
[{"$error":"#N/A"},85253,1]
[{"$error":"#N/A"},85255,1]
[{"$error":"#N/A"},85260,1]
[{"$error":"#N/A"},85282,1]
[{"$error":"#N/A"},85304,1]
[{"$error":"#N/A"},85345,1]
[{"$error":"#N/A"},85364,1]
[{"$error":"#N/A"},85375,1]
[{"$error":"#N/A"},85381,1]
[{"$error":"#N/A"},85382,1]
[{"$error":"#N/A"},85387,1]
[{"$error":"#N/A"},85388,1]
[{"$error":"#N/A"},85390,1]
[{"$error":"#N/A"},85392,1]
[{"$error":"#N/A"},85396,1]
[{"$error":"#N/A"},85641,1]
[{"$error":"#N/A"},85650,1]
[{"$error":"#N/A"},85652,1]
[{"$error":"#N/A"},85653,1]
[{"$error":"#N/A"},85710,1]
[{"$error":"#N/A"},85718,1]
[{"$error":"#N/A"},85719,1]
[{"$error":"#N/A"},85746,1]
[{"$error":"#N/A"},85747,1]
[{"$error":"#N/A"},85750,1]
[{"$error":"#N/A"},85755,1]
[{"$error":"#N/A"},86004,1]
[{"$error":"#N/A"},86301,1]
[{"$error":"#N/A"},86325,1]
[{"$error":"#N/A"},86351,1]
[{"$error":"#N/A"},86406,1]
[{"$error":"#N/A"},87043,1]
[{"$error":"#N/A"},87083,1]
[{"$error":"#N/A"},87110,1]
[{"$error":"#N/A"},87120,1]
[{"$error":"#N/A"},87144,1]
[{"$error":"#N/A"},88012,1]
[{"$error":"#N/A"},88201,1]
[{"$error":"#N/A"},89011,1]
[{"$error":"#N/A"},89044,1]
[{"$error":"#N/A"},89084,1]
[{"$error":"#N/A"},89105,1]
[{"$error":"#N/A"},89123,1]
[{"$error":"#N/A"},89128,1]
[{"$error":"#N/A"},89131,1]
[{"$error":"#N/A"},89135,1]
[{"$error":"#N/A"},89156,1]
[{"$error":"#N/A"},89436,1]
[{"$error":"#N/A"},89509,1]
[{"$error":"#N/A"},89521,1]
[{"$error":"#N/A"},90035,1]
[{"$error":"#N/A"},90275,1]
[{"$error":"#N/A"},90713,1]
[{"$error":"#N/A"},90808,1]
[{"$error":"#N/A"},90814,1]
[{"$error":"#N/A"},91107,1]
[{"$error":"#N/A"},91350,1]
[{"$error":"#N/A"},91361,1]
[{"$error":"#N/A"},91942,1]
[{"$error":"#N/A"},92008,1]
[{"$error":"#N/A"},92009,1]
[{"$error":"#N/A"},92021,1]
[{"$error":"#N/A"},92054,1]
[{"$error":"#N/A"},92065,1]
[{"$error":"#N/A"},92081,1]
[{"$error":"#N/A"},92108,1]
[{"$error":"#N/A"},92111,1]
[{"$error":"#N/A"},92116,1]
[{"$error":"#N/A"},92119,1]
[{"$error":"#N/A"},92129,1]
[{"$error":"#N/A"},92130,1]
[{"$error":"#N/A"},92131,1]
[{"$error":"#N/A"},92203,1]
[{"$error":"#N/A"},92253,1]
[{"$error":"#N/A"},92264,1]
[{"$error":"#N/A"},92543,1]
[{"$error":"#N/A"},92625,1]
[{"$error":"#N/A"},92629,1]
[{"$error":"#N/A"},92673,1]
[{"$error":"#N/A"},92675,1]
[{"$error":"#N/A"},92704,1]
[{"$error":"#N/A"},92867,1]
[{"$error":"#N/A"},93105,1]
[{"$error":"#N/A"},93117,1]
[{"$error":"#N/A"},93291,1]
[{"$error":"#N/A"},93306,1]
[{"$error":"#N/A"},93422,1]
[{"$error":"#N/A"},93427,1]
[{"$error":"#N/A"},94010,1]
[{"$error":"#N/A"},94044,1]
[{"$error":"#N/A"},94513,1]
[{"$error":"#N/A"},94595,1]
[{"$error":"#N/A"},94605,1]
[{"$error":"#N/A"},94608,1]
[{"$error":"#N/A"},95209,1]
[{"$error":"#N/A"},95240,1]
[{"$error":"#N/A"},95476,1]
[{"$error":"#N/A"},95618,1]
[{"$error":"#N/A"},95687,1]
[{"$error":"#N/A"},95758,1]
[{"$error":"#N/A"},95820,1]
[{"$error":"#N/A"},95827,1]
[{"$error":"#N/A"},96738,1]
[{"$error":"#N/A"},96744,1]
[{"$error":"#N/A"},97041,1]
[{"$error":"#N/A"},97070,1]
[{"$error":"#N/A"},97211,1]
[{"$error":"#N/A"},97214,1]
[{"$error":"#N/A"},97217,1]
[{"$error":"#N/A"},97224,1]
[{"$error":"#N/A"},97229,1]
[{"$error":"#N/A"},97280,1]
[{"$error":"#N/A"},97367,1]
[{"$error":"#N/A"},97402,1]
[{"$error":"#N/A"},97439,1]
[{"$error":"#N/A"},97501,1]
[{"$error":"#N/A"},97601,1]
[{"$error":"#N/A"},97702,1]
[{"$error":"#N/A"},97756,1]
[{"$error":"#N/A"},98007,1]
[{"$error":"#N/A"},98038,1]
[{"$error":"#N/A"},98042,1]
[{"$error":"#N/A"},98053,1]
[{"$error":"#N/A"},98074,1]
[{"$error":"#N/A"},98112,1]
[{"$error":"#N/A"},98221,1]
[{"$error":"#N/A"},98225,1]
[{"$error":"#N/A"},98229,1]
[{"$error":"#N/A"},98230,1]
[{"$error":"#N/A"},98262,1]
[{"$error":"#N/A"},98275,1]
[{"$error":"#N/A"},98311,1]
[{"$error":"#N/A"},98363,1]
[{"$error":"#N/A"},98365,1]
[{"$error":"#N/A"},98374,1]
[{"$error":"#N/A"},98501,1]
[{"$error":"#N/A"},98626,1]
[{"$error":"#N/A"},98665,1]
[{"$error":"#N/A"},99019,1]
[{"$error":"#N/A"},99026,1]
[{"$error":"#N/A"},99114,1]
[{"$error":"#N/A"},99352,1]
[{"$error":"#N/A"},99362,1]
[{"$error":"#N/A"},99503,1]
[{"$error":"#N/A"},99615,1]

{"sheet":"Access - Without","index":3,"n_rows":2221,"n_cols":33,"rows_kept":2221,"cut":false,"hidden":false,"merged":[[8,21,8,23],[8,24,8,26],[8,27,8,29],[8,30,8,32],[8,18,8,20],[6,3,6,5],[6,6,6,8],[6,9,6,11],[6,12,6,14],[6,15,6,17]]}
[null,null,{"$f":"SUM(C11:C2221)","v":43197},{"$f":"IF(D6=\"HIDE\",\"\",SUMPRODUCT('Employee Counts'!$D10:$D2221-'Access - With'!D$11:D$2221,'Distance - Without'!D$11:D$2221))","v":{"$error":"#VALUE!"}},{"$f":"IF(E6=\"HIDE\",\"\",SUMPRODUCT('Employee Counts'!$D10:$D2221-'Access - With'!E$11:E$2221,'Distance - Without'!E$11:E$2221))","v":{"$error":"#VALUE!"}},{"$f":"IF(F6=\"HIDE\",\"\",SUMPRODUCT('Employee Counts'!$D10:$D2221-'Access - With'!F$11:F$2221,'Distance - Without'!F$11:F$2221))","v":{"$error":"#VALUE!"}},{"$f":"IF(G6=\"HIDE\",\"\",SUMPRODUCT('Employee Counts'!$D10:$D2221-'Access - With'!G$11:G$2221,'Distance - Without'!G$11:G$2221))","v":{"$error":"#VALUE!"}},{"$f":"IF(H6=\"HIDE\",\"\",SUMPRODUCT('Employee Counts'!$D10:$D2221-'Access - With'!H$11:H$2221,'Distance - Without'!H$11:H$2221))","v":{"$error":"#VALUE!"}},{"$f":"IF(I6=\"HIDE\",\"\",SUMPRODUCT('Employee Counts'!$D10:$D2221-'Access - With'!I$11:I$2221,'Distance - Without'!I$11:I$2221))","v":{"$error":"#VALUE!"}},{"$f":"IF(J6=\"HIDE\",\"\",SUMPRODUCT('Employee Counts'!$D10:$D2221-'Access - With'!J$11:J$2221,'Distance - Without'!J$11:J$2221))","v":{"$error":"#VALUE!"}},{"$f":"IF(K6=\"HIDE\",\"\",SUMPRODUCT('Employee Counts'!$D10:$D2221-'Access - With'!K$11:K$2221,'Distance - Without'!K$11:K$2221))","v":{"$error":"#VALUE!"}},{"$f":"IF(L6=\"HIDE\",\"\",SUMPRODUCT('Employee Counts'!$D10:$D2221-'Access - With'!L$11:L$2221,'Distance - Without'!L$11:L$2221))","v":{"$error":"#VALUE!"}},{"$f":"IF(M6=\"HIDE\",\"\",SUMPRODUCT('Employee Counts'!$D10:$D2221-'Access - With'!M$11:M$2221,'Distance - Without'!M$11:M$2221))","v":{"$error":"#VALUE!"}},{"$f":"IF(N6=\"HIDE\",\"\",SUMPRODUCT('Employee Counts'!$D10:$D2221-'Access - With'!N$11:N$2221,'Distance - Without'!N$11:N$2221))","v":{"$error":"#VALUE!"}},{"$f":"IF(O6=\"HIDE\",\"\",SUMPRODUCT('Employee Counts'!$D10:$D2221-'Access - With'!O$11:O$2221,'Distance - Without'!O$11:O$2221))","v":{"$error":"#VALUE!"}},{"$f":"IF(P6=\"HIDE\",\"\",SUMPRODUCT('Employee Counts'!$D10:$D2221-'Access - With'!P$11:P$2221,'Distance - Without'!P$11:P$2221))","v":{"$error":"#VALUE!"}},{"$f":"IF(Q6=\"HIDE\",\"\",SUMPRODUCT('Employee Counts'!$D10:$D2221-'Access - With'!Q$11:Q$2221,'Distance - Without'!Q$11:Q$2221))","v":{"$error":"#VALUE!"}},{"$f":"IF(R6=\"HIDE\",\"\",SUMPRODUCT('Employee Counts'!$D10:$D2221-'Access - With'!R$11:R$2221,'Distance - Without'!R$11:R$2221))","v":{"$error":"#VALUE!"}},{"$f":"IF(S6=\"HIDE\",\"\",SUMPRODUCT('Employee Counts'!$D10:$D2221-'Access - With'!S$11:S$2221,'Distance - Without'!S$11:S$2221))","v":""},{"$f":"IF(T6=\"HIDE\",\"\",SUMPRODUCT('Employee Counts'!$D10:$D2221-'Access - With'!T$11:T$2221,'Distance - Without'!T$11:T$2221))","v":""},{"$f":"IF(U6=\"HIDE\",\"\",SUMPRODUCT('Employee Counts'!$D10:$D2221-'Access - With'!U$11:U$2221,'Distance - Without'!U$11:U$2221))","v":""},{"$f":"IF(V6=\"HIDE\",\"\",SUMPRODUCT('Employee Counts'!$D10:$D2221-'Access - With'!V$11:V$2221,'Distance - Without'!V$11:V$2221))","v":""},{"$f":"IF(W6=\"HIDE\",\"\",SUMPRODUCT('Employee Counts'!$D10:$D2221-'Access - With'!W$11:W$2221,'Distance - Without'!W$11:W$2221))","v":""},{"$f":"IF(X6=\"HIDE\",\"\",SUMPRODUCT('Employee Counts'!$D10:$D2221-'Access - With'!X$11:X$2221,'Distance - Without'!X$11:X$2221))","v":""},{"$f":"IF(Y6=\"HIDE\",\"\",SUMPRODUCT('Employee Counts'!$D10:$D2221-'Access - With'!Y$11:Y$2221,'Distance - Without'!Y$11:Y$2221))","v":""},{"$f":"IF(Z6=\"HIDE\",\"\",SUMPRODUCT('Employee Counts'!$D10:$D2221-'Access - With'!Z$11:Z$2221,'Distance - Without'!Z$11:Z$2221))","v":""},{"$f":"IF(AA6=\"HIDE\",\"\",SUMPRODUCT('Employee Counts'!$D10:$D2221-'Access - With'!AA$11:AA$2221,'Distance - Without'!AA$11:AA$2221))","v":""},{"$f":"IF(AB6=\"HIDE\",\"\",SUMPRODUCT('Employee Counts'!$D10:$D2221-'Access - With'!AB$11:AB$2221,'Distance - Without'!AB$11:AB$2221))","v":""},{"$f":"IF(AC6=\"HIDE\",\"\",SUMPRODUCT('Employee Counts'!$D10:$D2221-'Access - With'!AC$11:AC$2221,'Distance - Without'!AC$11:AC$2221))","v":""},{"$f":"IF(AD6=\"HIDE\",\"\",SUMPRODUCT('Employee Counts'!$D10:$D2221-'Access - With'!AD$11:AD$2221,'Distance - Without'!AD$11:AD$2221))","v":""},{"$f":"IF(AE6=\"HIDE\",\"\",SUMPRODUCT('Employee Counts'!$D10:$D2221-'Access - With'!AE$11:AE$2221,'Distance - Without'!AE$11:AE$2221))","v":""},{"$f":"IF(AF6=\"HIDE\",\"\",SUMPRODUCT('Employee Counts'!$D10:$D2221-'Access - With'!AF$11:AF$2221,'Distance - Without'!AF$11:AF$2221))","v":""},{"$f":"IF(AG6=\"HIDE\",\"\",SUMPRODUCT('Employee Counts'!$D10:$D2221-'Access - With'!AG$11:AG$2221,'Distance - Without'!AG$11:AG$2221))","v":""}]
[null,"State of Delaware",null,"Please enter the number of employees without access to each provider within the specified range"]
[null,{"$f":"IF('Vendor Instructions'!$D$9=\"\",\"Vendor Name\",'Vendor Instructions'!$D$9)&\"-\"&IF('Vendor Instructions'!$D$10=\"\",\"Vendor Name\",'Vendor Instructions'!$D$10)","v":"[Enter vendor name here]-[Enter network name here]"},null,"For example, \"2 in 10\" means the number of employees without at least 2 providers of a given type within a 10 miles drive"]
[null,null,null,"Provide a numeric (non percentage) response to all columns requested"]
[]
[null,null,null,null,null,null,null,null,null,null,null,null,null,null,null,null,null,null,"HIDE","HIDE","HIDE","HIDE","HIDE","HIDE","HIDE","HIDE","HIDE","HIDE","HIDE","HIDE","HIDE","HIDE","HIDE"]
[null,null,"Provider Type","[DEN] General Dentists",null,null,"[DEN] Endodontists",null,null,"[DEN] Oral Surgeons",null,null,"[DEN] Periodontists",null,null,"[DEN] Orthodontists"]
[null,null,"Access Standard","3 in 5","2 in 10","2 in 15","2 in 10","2 in 15","2 in 20","2 in 10","2 in 15","2 in 20","2 in 10","2 in 15","2 in 20","2 in 10","2 in 15","2 in 20"]
[null,null,"Accepting New Patients?","Yes",null,null,"Yes",null,null,"Yes",null,null,"Yes",null,null,"Yes"]
[null,"Zip Code","EEs Provided"]
[{"$error":"#N/A"},19904,2342]
[{"$error":"#N/A"},19901,1785]
[{"$error":"#N/A"},19720,1703]
[{"$error":"#N/A"},19977,1660]
[{"$error":"#N/A"},19709,1553]
[{"$error":"#N/A"},19711,1509]
[{"$error":"#N/A"},19966,1426]
[{"$error":"#N/A"},19958,1415]
[{"$error":"#N/A"},19963,1364]
[{"$error":"#N/A"},19702,1320]
[{"$error":"#N/A"},19701,1251]
[{"$error":"#N/A"},19808,1153]
[{"$error":"#N/A"},19973,1101]
[{"$error":"#N/A"},19947,1048]
[{"$error":"#N/A"},19968,1003]
[{"$error":"#N/A"},19934,992]
[{"$error":"#N/A"},19943,954]
[{"$error":"#N/A"},19713,865]
[{"$error":"#N/A"},19805,838]
[{"$error":"#N/A"},19962,810]
[{"$error":"#N/A"},19938,710]
[{"$error":"#N/A"},19802,705]
[{"$error":"#N/A"},19956,673]
[{"$error":"#N/A"},19803,656]
[{"$error":"#N/A"},19952,655]
[{"$error":"#N/A"},19810,612]
[{"$error":"#N/A"},19971,537]
[{"$error":"#N/A"},19734,531]
[{"$error":"#N/A"},19707,524]
[{"$error":"#N/A"},19804,503]
[{"$error":"#N/A"},19950,404]
[{"$error":"#N/A"},19960,396]
[{"$error":"#N/A"},19809,388]
[{"$error":"#N/A"},21921,368]
[{"$error":"#N/A"},19945,359]
[{"$error":"#N/A"},19939,353]
[{"$error":"#N/A"},19933,341]
[{"$error":"#N/A"},19801,337]
[{"$error":"#N/A"},19946,323]
[{"$error":"#N/A"},19806,298]
[{"$error":"#N/A"},19953,292]
[{"$error":"#N/A"},19970,273]
[{"$error":"#N/A"},19703,272]
[{"$error":"#N/A"},19975,258]
[{"$error":"#N/A"},19940,167]
[{"$error":"#N/A"},19807,163]
[{"$error":"#N/A"},19941,158]
[{"$error":"#N/A"},19951,121]
[{"$error":"#N/A"},19350,113]
[{"$error":"#N/A"},19954,106]
[{"$error":"#N/A"},19706,83]
[{"$error":"#N/A"},19964,79]
[{"$error":"#N/A"},19342,78]
[{"$error":"#N/A"},21901,78]
[{"$error":"#N/A"},19348,76]
[{"$error":"#N/A"},21811,76]
[{"$error":"#N/A"},19979,68]
[{"$error":"#N/A"},21804,68]
[{"$error":"#N/A"},21875,60]
[{"$error":"#N/A"},19390,58]
[{"$error":"#N/A"},21801,58]
[{"$error":"#N/A"},19317,57]
[{"$error":"#N/A"},19363,46]
[{"$error":"#N/A"},19382,46]
[{"$error":"#N/A"},19930,45]
[{"$error":"#N/A"},19060,44]
[{"$error":"#N/A"},19352,44]
[{"$error":"#N/A"},21911,44]
[{"$error":"#N/A"},19311,42]
[{"$error":"#N/A"},19063,41]
[{"$error":"#N/A"},19967,39]
[{"$error":"#N/A"},8070,38]
[{"$error":"#N/A"},19061,36]
[{"$error":"#N/A"},19014,32]
[{"$error":"#N/A"},21915,32]
[{"$error":"#N/A"},21620,30]
[{"$error":"#N/A"},32162,29]
[{"$error":"#N/A"},8069,28]
[{"$error":"#N/A"},21842,28]
[{"$error":"#N/A"},21919,28]
[{"$error":"#N/A"},19730,27]
[{"$error":"#N/A"},19380,25]
[{"$error":"#N/A"},19903,24]
[{"$error":"#N/A"},8085,23]
[{"$error":"#N/A"},19320,21]
[{"$error":"#N/A"},21813,21]
[{"$error":"#N/A"},19013,20]
[{"$error":"#N/A"},19936,20]
[{"$error":"#N/A"},19955,20]
[{"$error":"#N/A"},21830,20]
[{"$error":"#N/A"},21912,20]
[{"$error":"#N/A"},19015,19]
[{"$error":"#N/A"},19731,19]
[{"$error":"#N/A"},19931,19]
[{"$error":"#N/A"},19335,18]
[{"$error":"#N/A"},19944,17]
[{"$error":"#N/A"},21629,17]
[{"$error":"#N/A"},21635,17]
[{"$error":"#N/A"},32163,17]
[{"$error":"#N/A"},19980,16]
[{"$error":"#N/A"},21853,16]
[{"$error":"#N/A"},21078,15]
[{"$error":"#N/A"},21904,15]
[{"$error":"#N/A"},8096,14]
[{"$error":"#N/A"},19143,14]
[{"$error":"#N/A"},19733,13]
[{"$error":"#N/A"},8098,12]
[{"$error":"#N/A"},17602,12]
[{"$error":"#N/A"},21639,12]
[{"$error":"#N/A"},8021,11]
[{"$error":"#N/A"},8079,11]
[{"$error":"#N/A"},19050,11]
[{"$error":"#N/A"},19146,11]
[{"$error":"#N/A"},21613,11]
[{"$error":"#N/A"},21849,11]
[{"$error":"#N/A"},29909,11]
[{"$error":"#N/A"},32159,11]
[{"$error":"#N/A"},34135,11]
[{"$error":"#N/A"},8081,10]
[{"$error":"#N/A"},8302,10]
[{"$error":"#N/A"},19064,10]
[{"$error":"#N/A"},21649,10]
[{"$error":"#N/A"},21651,10]
[{"$error":"#N/A"},19026,9]
[{"$error":"#N/A"},19081,9]
[{"$error":"#N/A"},19086,9]
[{"$error":"#N/A"},19714,9]
[{"$error":"#N/A"},21601,9]
[{"$error":"#N/A"},21643,9]
[{"$error":"#N/A"},27703,9]
[{"$error":"#N/A"},8332,8]
[{"$error":"#N/A"},19008,8]
[{"$error":"#N/A"},19330,8]
[{"$error":"#N/A"},19341,8]
[{"$error":"#N/A"},19362,8]
[{"$error":"#N/A"},19961,8]
[{"$error":"#N/A"},21632,8]
[{"$error":"#N/A"},21640,8]
[{"$error":"#N/A"},21678,8]
[{"$error":"#N/A"},32940,8]
[{"$error":"#N/A"},33573,8]
[{"$error":"#N/A"},34293,8]
[{"$error":"#N/A"},34481,8]
[{"$error":"#N/A"},34748,8]
[{"$error":"#N/A"},17543,7]
[{"$error":"#N/A"},19083,7]
[{"$error":"#N/A"},19087,7]
[{"$error":"#N/A"},19131,7]
[{"$error":"#N/A"},19147,7]
[{"$error":"#N/A"},19148,7]
[{"$error":"#N/A"},19732,7]
[{"$error":"#N/A"},21903,7]
[{"$error":"#N/A"},21917,7]
[{"$error":"#N/A"},29566,7]
[{"$error":"#N/A"},32164,7]
[{"$error":"#N/A"},32967,7]
[{"$error":"#N/A"},34114,7]
[{"$error":"#N/A"},34219,7]
[{"$error":"#N/A"},34287,7]
[{"$error":"#N/A"},17022,6]
[{"$error":"#N/A"},19142,6]
[{"$error":"#N/A"},19460,6]
[{"$error":"#N/A"},19899,6]
[{"$error":"#N/A"},20721,6]
[{"$error":"#N/A"},21001,6]
[{"$error":"#N/A"},21660,6]
[{"$error":"#N/A"},21826,6]
[{"$error":"#N/A"},21837,6]
[{"$error":"#N/A"},21850,6]
[{"$error":"#N/A"},21913,6]
[{"$error":"#N/A"},23356,6]
[{"$error":"#N/A"},29576,6]
[{"$error":"#N/A"},29707,6]
[{"$error":"#N/A"},33908,6]
[{"$error":"#N/A"},33913,6]
[{"$error":"#N/A"},33982,6]
[{"$error":"#N/A"},34606,6]
[{"$error":"#N/A"},8028,5]
[{"$error":"#N/A"},8104,5]
[{"$error":"#N/A"},8318,5]
[{"$error":"#N/A"},17603,5]
[{"$error":"#N/A"},19079,5]
[{"$error":"#N/A"},19082,5]
[{"$error":"#N/A"},19120,5]
[{"$error":"#N/A"},19124,5]
[{"$error":"#N/A"},19145,5]
[{"$error":"#N/A"},19355,5]
[{"$error":"#N/A"},19365,5]
[{"$error":"#N/A"},19736,5]
[{"$error":"#N/A"},19850,5]
[{"$error":"#N/A"},20147,5]
[{"$error":"#N/A"},21044,5]
[{"$error":"#N/A"},21617,5]
[{"$error":"#N/A"},21638,5]
[{"$error":"#N/A"},21655,5]
[{"$error":"#N/A"},21661,5]
[{"$error":"#N/A"},21922,5]
[{"$error":"#N/A"},23185,5]
[{"$error":"#N/A"},23336,5]
[{"$error":"#N/A"},27519,5]
[{"$error":"#N/A"},28451,5]
[{"$error":"#N/A"},29526,5]
[{"$error":"#N/A"},29928,5]
[{"$error":"#N/A"},32043,5]
[{"$error":"#N/A"},32124,5]
[{"$error":"#N/A"},33991,5]
[{"$error":"#N/A"},34221,5]
[{"$error":"#N/A"},34223,5]
[{"$error":"#N/A"},34491,5]
[{"$error":"#N/A"},34762,5]
[{"$error":"#N/A"},34987,5]
[{"$error":"#N/A"},8012,4]
[{"$error":"#N/A"},8046,4]
[{"$error":"#N/A"},8051,4]
[{"$error":"#N/A"},8066,4]
[{"$error":"#N/A"},8067,4]
[{"$error":"#N/A"},8090,4]
[{"$error":"#N/A"},8094,4]
[{"$error":"#N/A"},8204,4]
[{"$error":"#N/A"},8260,4]
[{"$error":"#N/A"},17566,4]
[{"$error":"#N/A"},17584,4]
[{"$error":"#N/A"},17601,4]
[{"$error":"#N/A"},19003,4]
[{"$error":"#N/A"},19018,4]
[{"$error":"#N/A"},19022,4]
[{"$error":"#N/A"},19023,4]
[{"$error":"#N/A"},19027,4]
[{"$error":"#N/A"},19033,4]
[{"$error":"#N/A"},19036,4]
[{"$error":"#N/A"},19106,4]
[{"$error":"#N/A"},19130,4]
[{"$error":"#N/A"},19151,4]
[{"$error":"#N/A"},19153,4]
[{"$error":"#N/A"},19347,4]
[{"$error":"#N/A"},19428,4]
[{"$error":"#N/A"},19446,4]
[{"$error":"#N/A"},19710,4]
[{"$error":"#N/A"},19969,4]
[{"$error":"#N/A"},21045,4]
[{"$error":"#N/A"},21234,4]
[{"$error":"#N/A"},21631,4]
[{"$error":"#N/A"},21702,4]
[{"$error":"#N/A"},21817,4]
[{"$error":"#N/A"},21861,4]
[{"$error":"#N/A"},21914,4]
[{"$error":"#N/A"},23238,4]
[{"$error":"#N/A"},24401,4]
[{"$error":"#N/A"},27606,4]
[{"$error":"#N/A"},28405,4]
[{"$error":"#N/A"},28412,4]
[{"$error":"#N/A"},28461,4]
[{"$error":"#N/A"},28562,4]
[{"$error":"#N/A"},28731,4]
[{"$error":"#N/A"},32724,4]
[{"$error":"#N/A"},32757,4]
[{"$error":"#N/A"},33446,4]
[{"$error":"#N/A"},33805,4]
[{"$error":"#N/A"},33837,4]
[{"$error":"#N/A"},33881,4]
[{"$error":"#N/A"},33950,4]
[{"$error":"#N/A"},33952,4]
[{"$error":"#N/A"},33980,4]
[{"$error":"#N/A"},33981,4]
[{"$error":"#N/A"},33983,4]
[{"$error":"#N/A"},34211,4]
[{"$error":"#N/A"},34238,4]
[{"$error":"#N/A"},34292,4]
[{"$error":"#N/A"},34747,4]
[{"$error":"#N/A"},34759,4]
[{"$error":"#N/A"},34786,4]
[{"$error":"#N/A"},8002,3]
[{"$error":"#N/A"},8080,3]
[{"$error":"#N/A"},8083,3]
[{"$error":"#N/A"},8093,3]
[{"$error":"#N/A"},8105,3]
[{"$error":"#N/A"},8226,3]
[{"$error":"#N/A"},8312,3]
[{"$error":"#N/A"},8401,3]
[{"$error":"#N/A"},8691,3]
[{"$error":"#N/A"},16652,3]
[{"$error":"#N/A"},17222,3]
[{"$error":"#N/A"},17552,3]
[{"$error":"#N/A"},17557,3]
[{"$error":"#N/A"},18436,3]
[{"$error":"#N/A"},18966,3]
[{"$error":"#N/A"},19070,3]
[{"$error":"#N/A"},19073,3]
[{"$error":"#N/A"},19078,3]
[{"$error":"#N/A"},19094,3]
[{"$error":"#N/A"},19103,3]
[{"$error":"#N/A"},19107,3]
[{"$error":"#N/A"},19119,3]
[{"$error":"#N/A"},19123,3]
[{"$error":"#N/A"},19128,3]
[{"$error":"#N/A"},19133,3]
[{"$error":"#N/A"},19141,3]
[{"$error":"#N/A"},19144,3]
[{"$error":"#N/A"},19518,3]
[{"$error":"#N/A"},19607,3]
[{"$error":"#N/A"},20012,3]
[{"$error":"#N/A"},20015,3]
[{"$error":"#N/A"},20187,3]
[{"$error":"#N/A"},21009,3]
[{"$error":"#N/A"},21015,3]
[{"$error":"#N/A"},21050,3]
[{"$error":"#N/A"},21060,3]
[{"$error":"#N/A"},21113,3]
[{"$error":"#N/A"},21157,3]
[{"$error":"#N/A"},21401,3]
[{"$error":"#N/A"},21502,3]
[{"$error":"#N/A"},21610,3]
[{"$error":"#N/A"},21636,3]
[{"$error":"#N/A"},21645,3]
[{"$error":"#N/A"},21658,3]
[{"$error":"#N/A"},21666,3]
[{"$error":"#N/A"},21701,3]
[{"$error":"#N/A"},21803,3]
[{"$error":"#N/A"},21821,3]
[{"$error":"#N/A"},21851,3]
[{"$error":"#N/A"},22150,3]
[{"$error":"#N/A"},22835,3]
[{"$error":"#N/A"},23454,3]
[{"$error":"#N/A"},23456,3]
[{"$error":"#N/A"},23832,3]
[{"$error":"#N/A"},24503,3]
[{"$error":"#N/A"},25427,3]
[{"$error":"#N/A"},27030,3]
[{"$error":"#N/A"},27106,3]
[{"$error":"#N/A"},27265,3]
[{"$error":"#N/A"},27526,3]
[{"$error":"#N/A"},27529,3]
[{"$error":"#N/A"},27540,3]
[{"$error":"#N/A"},27587,3]
[{"$error":"#N/A"},27889,3]
[{"$error":"#N/A"},28105,3]
[{"$error":"#N/A"},28403,3]
[{"$error":"#N/A"},28428,3]
[{"$error":"#N/A"},28443,3]
[{"$error":"#N/A"},28467,3]
[{"$error":"#N/A"},29045,3]
[{"$error":"#N/A"},29466,3]
[{"$error":"#N/A"},29483,3]
[{"$error":"#N/A"},29486,3]
[{"$error":"#N/A"},29575,3]
[{"$error":"#N/A"},29577,3]
[{"$error":"#N/A"},29579,3]
[{"$error":"#N/A"},29582,3]
[{"$error":"#N/A"},29585,3]
[{"$error":"#N/A"},29588,3]
[{"$error":"#N/A"},29681,3]
[{"$error":"#N/A"},29732,3]
[{"$error":"#N/A"},30506,3]
[{"$error":"#N/A"},30605,3]
[{"$error":"#N/A"},32034,3]
[{"$error":"#N/A"},32080,3]
[{"$error":"#N/A"},32224,3]
[{"$error":"#N/A"},32726,3]
[{"$error":"#N/A"},32778,3]
[{"$error":"#N/A"},32958,3]
[{"$error":"#N/A"},32963,3]
[{"$error":"#N/A"},33042,3]
[{"$error":"#N/A"},33408,3]
[{"$error":"#N/A"},33433,3]
[{"$error":"#N/A"},33445,3]
[{"$error":"#N/A"},33483,3]
[{"$error":"#N/A"},33647,3]
[{"$error":"#N/A"},33715,3]
[{"$error":"#N/A"},33764,3]
[{"$error":"#N/A"},33880,3]
[{"$error":"#N/A"},33904,3]
[{"$error":"#N/A"},33917,3]
[{"$error":"#N/A"},33955,3]
[{"$error":"#N/A"},33957,3]
[{"$error":"#N/A"},33993,3]
[{"$error":"#N/A"},34113,3]
[{"$error":"#N/A"},34117,3]
[{"$error":"#N/A"},34120,3]
[{"$error":"#N/A"},34203,3]
[{"$error":"#N/A"},34222,3]
[{"$error":"#N/A"},34240,3]
[{"$error":"#N/A"},34275,3]
[{"$error":"#N/A"},34609,3]
[{"$error":"#N/A"},34652,3]
[{"$error":"#N/A"},34667,3]
[{"$error":"#N/A"},34711,3]
[{"$error":"#N/A"},34772,3]
[{"$error":"#N/A"},34949,3]
[{"$error":"#N/A"},37122,3]
[{"$error":"#N/A"},44256,3]
[{"$error":"#N/A"},45040,3]
[{"$error":"#N/A"},65778,3]
[{"$error":"#N/A"},75043,3]
[{"$error":"#N/A"},76542,3]
[{"$error":"#N/A"},78633,3]
[{"$error":"#N/A"},80504,3]
[{"$error":"#N/A"},85351,3]
[{"$error":"#N/A"},85614,3]
[{"$error":"#N/A"},85748,3]
[{"$error":"#N/A"},1507,2]
[{"$error":"#N/A"},1754,2]
[{"$error":"#N/A"},1845,2]
[{"$error":"#N/A"},2818,2]
[{"$error":"#N/A"},4843,2]
[{"$error":"#N/A"},7040,2]
[{"$error":"#N/A"},7108,2]
[{"$error":"#N/A"},7712,2]
[{"$error":"#N/A"},8003,2]
[{"$error":"#N/A"},8008,2]
[{"$error":"#N/A"},8010,2]
[{"$error":"#N/A"},8023,2]
[{"$error":"#N/A"},8027,2]
[{"$error":"#N/A"},8033,2]
[{"$error":"#N/A"},8034,2]
[{"$error":"#N/A"},8035,2]
[{"$error":"#N/A"},8043,2]
[{"$error":"#N/A"},8053,2]
[{"$error":"#N/A"},8054,2]
[{"$error":"#N/A"},8061,2]
[{"$error":"#N/A"},8062,2]
[{"$error":"#N/A"},8075,2]
[{"$error":"#N/A"},8106,2]
[{"$error":"#N/A"},8107,2]
[{"$error":"#N/A"},8108,2]
[{"$error":"#N/A"},8109,2]
[{"$error":"#N/A"},8110,2]
[{"$error":"#N/A"},8203,2]
[{"$error":"#N/A"},8205,2]
[{"$error":"#N/A"},8210,2]
[{"$error":"#N/A"},8330,2]
[{"$error":"#N/A"},8360,2]
[{"$error":"#N/A"},8361,2]
[{"$error":"#N/A"},8406,2]
[{"$error":"#N/A"},8540,2]
[{"$error":"#N/A"},8759,2]
[{"$error":"#N/A"},11434,2]
[{"$error":"#N/A"},14830,2]
[{"$error":"#N/A"},16662,2]
[{"$error":"#N/A"},16743,2]
[{"$error":"#N/A"},16823,2]
[{"$error":"#N/A"},17067,2]
[{"$error":"#N/A"},17111,2]
[{"$error":"#N/A"},17112,2]
[{"$error":"#N/A"},17268,2]
[{"$error":"#N/A"},17320,2]
[{"$error":"#N/A"},17339,2]
[{"$error":"#N/A"},17356,2]
[{"$error":"#N/A"},17402,2]
[{"$error":"#N/A"},17529,2]
[{"$error":"#N/A"},17536,2]
[{"$error":"#N/A"},17579,2]
[{"$error":"#N/A"},17745,2]
[{"$error":"#N/A"},17771,2]
[{"$error":"#N/A"},17776,2]
[{"$error":"#N/A"},17815,2]
[{"$error":"#N/A"},18062,2]
[{"$error":"#N/A"},18078,2]
[{"$error":"#N/A"},18104,2]
[{"$error":"#N/A"},18235,2]
[{"$error":"#N/A"},18240,2]
[{"$error":"#N/A"},18504,2]
[{"$error":"#N/A"},18644,2]
[{"$error":"#N/A"},18901,2]
[{"$error":"#N/A"},18902,2]
[{"$error":"#N/A"},18940,2]
[{"$error":"#N/A"},18974,2]
[{"$error":"#N/A"},19002,2]
[{"$error":"#N/A"},19006,2]
[{"$error":"#N/A"},19010,2]
[{"$error":"#N/A"},19041,2]
[{"$error":"#N/A"},19043,2]
[{"$error":"#N/A"},19074,2]
[{"$error":"#N/A"},19076,2]
[{"$error":"#N/A"},19090,2]
[{"$error":"#N/A"},19121,2]
[{"$error":"#N/A"},19125,2]
[{"$error":"#N/A"},19129,2]
[{"$error":"#N/A"},19135,2]
[{"$error":"#N/A"},19139,2]
[{"$error":"#N/A"},19150,2]
[{"$error":"#N/A"},19152,2]
[{"$error":"#N/A"},19344,2]
[{"$error":"#N/A"},19351,2]
[{"$error":"#N/A"},19403,2]
[{"$error":"#N/A"},19422,2]
[{"$error":"#N/A"},19464,2]
[{"$error":"#N/A"},19510,2]
[{"$error":"#N/A"},19525,2]
[{"$error":"#N/A"},19567,2]
[{"$error":"#N/A"},19708,2]
[{"$error":"#N/A"},20152,2]
[{"$error":"#N/A"},20169,2]
[{"$error":"#N/A"},20171,2]
[{"$error":"#N/A"},20180,2]
[{"$error":"#N/A"},20602,2]
[{"$error":"#N/A"},20640,2]
[{"$error":"#N/A"},20650,2]
[{"$error":"#N/A"},20705,2]
[{"$error":"#N/A"},20706,2]
[{"$error":"#N/A"},20715,2]
[{"$error":"#N/A"},20735,2]
[{"$error":"#N/A"},20744,2]
[{"$error":"#N/A"},20815,2]
[{"$error":"#N/A"},20895,2]
[{"$error":"#N/A"},20912,2]
[{"$error":"#N/A"},21028,2]
[{"$error":"#N/A"},21030,2]
[{"$error":"#N/A"},21040,2]
[{"$error":"#N/A"},21043,2]
[{"$error":"#N/A"},21047,2]
[{"$error":"#N/A"},21061,2]
[{"$error":"#N/A"},21076,2]
[{"$error":"#N/A"},21108,2]
[{"$error":"#N/A"},21146,2]
[{"$error":"#N/A"},21228,2]
[{"$error":"#N/A"},21619,2]
[{"$error":"#N/A"},21628,2]
[{"$error":"#N/A"},21654,2]
[{"$error":"#N/A"},21659,2]
[{"$error":"#N/A"},21663,2]
[{"$error":"#N/A"},21667,2]
[{"$error":"#N/A"},21668,2]
[{"$error":"#N/A"},21673,2]
[{"$error":"#N/A"},21742,2]
[{"$error":"#N/A"},21822,2]
[{"$error":"#N/A"},21838,2]
[{"$error":"#N/A"},21840,2]
[{"$error":"#N/A"},21863,2]
[{"$error":"#N/A"},21871,2]
[{"$error":"#N/A"},21872,2]
[{"$error":"#N/A"},21874,2]
[{"$error":"#N/A"},21918,2]
[{"$error":"#N/A"},22401,2]
[{"$error":"#N/A"},22406,2]
[{"$error":"#N/A"},22485,2]
[{"$error":"#N/A"},22902,2]
[{"$error":"#N/A"},22911,2]
[{"$error":"#N/A"},23059,2]
[{"$error":"#N/A"},23061,2]
[{"$error":"#N/A"},23112,2]
[{"$error":"#N/A"},23117,2]
[{"$error":"#N/A"},23139,2]
[{"$error":"#N/A"},23229,2]
[{"$error":"#N/A"},23235,2]
[{"$error":"#N/A"},23320,2]
[{"$error":"#N/A"},23350,2]
[{"$error":"#N/A"},23395,2]
[{"$error":"#N/A"},23401,2]
[{"$error":"#N/A"},23435,2]
[{"$error":"#N/A"},23451,2]
[{"$error":"#N/A"},23831,2]
[{"$error":"#N/A"},23836,2]
[{"$error":"#N/A"},24060,2]
[{"$error":"#N/A"},24101,2]
[{"$error":"#N/A"},24450,2]
[{"$error":"#N/A"},24558,2]
[{"$error":"#N/A"},25303,2]
[{"$error":"#N/A"},27215,2]
[{"$error":"#N/A"},27284,2]
[{"$error":"#N/A"},27406,2]
[{"$error":"#N/A"},27520,2]
[{"$error":"#N/A"},27523,2]
[{"$error":"#N/A"},27527,2]
[{"$error":"#N/A"},27616,2]
[{"$error":"#N/A"},27804,2]
[{"$error":"#N/A"},27850,2]
[{"$error":"#N/A"},27936,2]
[{"$error":"#N/A"},28075,2]
[{"$error":"#N/A"},28115,2]
[{"$error":"#N/A"},28173,2]
[{"$error":"#N/A"},28227,2]
[{"$error":"#N/A"},28337,2]
[{"$error":"#N/A"},28374,2]
[{"$error":"#N/A"},28462,2]
[{"$error":"#N/A"},28512,2]
[{"$error":"#N/A"},28546,2]
[{"$error":"#N/A"},28557,2]
[{"$error":"#N/A"},28613,2]
[{"$error":"#N/A"},28734,2]
[{"$error":"#N/A"},29016,2]
[{"$error":"#N/A"},29036,2]
[{"$error":"#N/A"},29072,2]
[{"$error":"#N/A"},29102,2]
[{"$error":"#N/A"},29148,2]
[{"$error":"#N/A"},29154,2]
[{"$error":"#N/A"},29301,2]
[{"$error":"#N/A"},29414,2]
[{"$error":"#N/A"},29440,2]
[{"$error":"#N/A"},29455,2]
[{"$error":"#N/A"},29470,2]
[{"$error":"#N/A"},29505,2]
[{"$error":"#N/A"},29560,2]
[{"$error":"#N/A"},29803,2]
[{"$error":"#N/A"},29910,2]
[{"$error":"#N/A"},29927,2]
[{"$error":"#N/A"},30004,2]
[{"$error":"#N/A"},30019,2]
[{"$error":"#N/A"},30022,2]
[{"$error":"#N/A"},30024,2]
[{"$error":"#N/A"},30041,2]
[{"$error":"#N/A"},30043,2]
[{"$error":"#N/A"},30084,2]
[{"$error":"#N/A"},30101,2]
[{"$error":"#N/A"},30114,2]
[{"$error":"#N/A"},30127,2]
[{"$error":"#N/A"},30134,2]
[{"$error":"#N/A"},30276,2]
[{"$error":"#N/A"},30331,2]
[{"$error":"#N/A"},30680,2]
[{"$error":"#N/A"},30815,2]
[{"$error":"#N/A"},31522,2]
[{"$error":"#N/A"},31632,2]
[{"$error":"#N/A"},32065,2]
[{"$error":"#N/A"},32082,2]
[{"$error":"#N/A"},32086,2]
[{"$error":"#N/A"},32095,2]
[{"$error":"#N/A"},32127,2]
[{"$error":"#N/A"},32137,2]
[{"$error":"#N/A"},32168,2]
[{"$error":"#N/A"},32174,2]
[{"$error":"#N/A"},32176,2]
[{"$error":"#N/A"},32205,2]
[{"$error":"#N/A"},32233,2]
[{"$error":"#N/A"},32256,2]
[{"$error":"#N/A"},32404,2]
[{"$error":"#N/A"},32536,2]
[{"$error":"#N/A"},32547,2]
[{"$error":"#N/A"},32707,2]
[{"$error":"#N/A"},32796,2]
[{"$error":"#N/A"},32837,2]
[{"$error":"#N/A"},32901,2]
[{"$error":"#N/A"},32904,2]
[{"$error":"#N/A"},32937,2]
[{"$error":"#N/A"},32953,2]
[{"$error":"#N/A"},32962,2]
[{"$error":"#N/A"},33050,2]
[{"$error":"#N/A"},33064,2]
[{"$error":"#N/A"},33069,2]
[{"$error":"#N/A"},33139,2]
[{"$error":"#N/A"},33321,2]
[{"$error":"#N/A"},33411,2]
[{"$error":"#N/A"},33414,2]
[{"$error":"#N/A"},33434,2]
[{"$error":"#N/A"},33435,2]
[{"$error":"#N/A"},33437,2]
[{"$error":"#N/A"},33458,2]
[{"$error":"#N/A"},33473,2]
[{"$error":"#N/A"},33484,2]
[{"$error":"#N/A"},33486,2]
[{"$error":"#N/A"},33558,2]
[{"$error":"#N/A"},33572,2]
[{"$error":"#N/A"},33578,2]
[{"$error":"#N/A"},33598,2]
[{"$error":"#N/A"},33625,2]
[{"$error":"#N/A"},33706,2]
[{"$error":"#N/A"},33707,2]
[{"$error":"#N/A"},33774,2]
[{"$error":"#N/A"},33809,2]
[{"$error":"#N/A"},33823,2]
[{"$error":"#N/A"},33852,2]
[{"$error":"#N/A"},33884,2]
[{"$error":"#N/A"},33909,2]
[{"$error":"#N/A"},33928,2]
[{"$error":"#N/A"},33931,2]
[{"$error":"#N/A"},33948,2]
[{"$error":"#N/A"},33954,2]
[{"$error":"#N/A"},33966,2]
[{"$error":"#N/A"},33967,2]
[{"$error":"#N/A"},34108,2]
[{"$error":"#N/A"},34209,2]
[{"$error":"#N/A"},34243,2]
[{"$error":"#N/A"},34285,2]
[{"$error":"#N/A"},34289,2]
[{"$error":"#N/A"},34461,2]
[{"$error":"#N/A"},34601,2]
[{"$error":"#N/A"},34610,2]
[{"$error":"#N/A"},34639,2]
[{"$error":"#N/A"},34655,2]
[{"$error":"#N/A"},34691,2]
[{"$error":"#N/A"},34698,2]
[{"$error":"#N/A"},34714,2]
[{"$error":"#N/A"},34746,2]
[{"$error":"#N/A"},34758,2]
[{"$error":"#N/A"},34953,2]
[{"$error":"#N/A"},34957,2]
[{"$error":"#N/A"},35022,2]
[{"$error":"#N/A"},35593,2]
[{"$error":"#N/A"},35748,2]
[{"$error":"#N/A"},36532,2]
[{"$error":"#N/A"},37043,2]
[{"$error":"#N/A"},37066,2]
[{"$error":"#N/A"},37312,2]
[{"$error":"#N/A"},37861,2]
[{"$error":"#N/A"},37934,2]
[{"$error":"#N/A"},39503,2]
[{"$error":"#N/A"},39897,2]
[{"$error":"#N/A"},40299,2]
[{"$error":"#N/A"},43076,2]
[{"$error":"#N/A"},44406,2]
[{"$error":"#N/A"},46033,2]
[{"$error":"#N/A"},49431,2]
[{"$error":"#N/A"},57730,2]
[{"$error":"#N/A"},59870,2]
[{"$error":"#N/A"},76227,2]
[{"$error":"#N/A"},77018,2]
[{"$error":"#N/A"},77459,2]
[{"$error":"#N/A"},77469,2]
[{"$error":"#N/A"},77493,2]
[{"$error":"#N/A"},77573,2]
[{"$error":"#N/A"},78245,2]
[{"$error":"#N/A"},78260,2]
[{"$error":"#N/A"},78261,2]
[{"$error":"#N/A"},78628,2]
[{"$error":"#N/A"},80517,2]
[{"$error":"#N/A"},84780,2]
[{"$error":"#N/A"},85298,2]
[{"$error":"#N/A"},85373,2]
[{"$error":"#N/A"},85395,2]
[{"$error":"#N/A"},85635,2]
[{"$error":"#N/A"},85658,2]
[{"$error":"#N/A"},85737,2]
[{"$error":"#N/A"},85739,2]
[{"$error":"#N/A"},89032,2]
[{"$error":"#N/A"},89052,2]
[{"$error":"#N/A"},90094,2]
[{"$error":"#N/A"},92037,2]
[{"$error":"#N/A"},96706,2]
[{"$error":"#N/A"},96740,2]
[{"$error":"#N/A"},97206,2]
[{"$error":"#N/A"},98136,2]
[{"$error":"#N/A"},98362,2]
[{"$error":"#N/A"},637,1]
[{"$error":"#N/A"},650,1]
[{"$error":"#N/A"},682,1]
[{"$error":"#N/A"},754,1]
[{"$error":"#N/A"},820,1]
[{"$error":"#N/A"},1002,1]
[{"$error":"#N/A"},1096,1]
[{"$error":"#N/A"},1129,1]
[{"$error":"#N/A"},1452,1]
[{"$error":"#N/A"},1453,1]
[{"$error":"#N/A"},1516,1]
[{"$error":"#N/A"},1950,1]
[{"$error":"#N/A"},1960,1]
[{"$error":"#N/A"},2035,1]
[{"$error":"#N/A"},2043,1]
[{"$error":"#N/A"},2121,1]
[{"$error":"#N/A"},2136,1]
[{"$error":"#N/A"},2139,1]
[{"$error":"#N/A"},2184,1]
[{"$error":"#N/A"},2360,1]
[{"$error":"#N/A"},2420,1]
[{"$error":"#N/A"},2445,1]
[{"$error":"#N/A"},2540,1]
[{"$error":"#N/A"},2631,1]
[{"$error":"#N/A"},2651,1]
[{"$error":"#N/A"},2653,1]
[{"$error":"#N/A"},2663,1]
[{"$error":"#N/A"},2673,1]
[{"$error":"#N/A"},2675,1]
[{"$error":"#N/A"},2777,1]
[{"$error":"#N/A"},2861,1]
[{"$error":"#N/A"},2892,1]
[{"$error":"#N/A"},2906,1]
[{"$error":"#N/A"},2910,1]
[{"$error":"#N/A"},3062,1]
[{"$error":"#N/A"},3301,1]
[{"$error":"#N/A"},3304,1]
[{"$error":"#N/A"},3595,1]
[{"$error":"#N/A"},3740,1]
[{"$error":"#N/A"},3753,1]
[{"$error":"#N/A"},3801,1]
[{"$error":"#N/A"},3842,1]
[{"$error":"#N/A"},3848,1]
[{"$error":"#N/A"},3856,1]
[{"$error":"#N/A"},4072,1]
[{"$error":"#N/A"},4074,1]
[{"$error":"#N/A"},4076,1]
[{"$error":"#N/A"},4090,1]
[{"$error":"#N/A"},4106,1]
[{"$error":"#N/A"},4210,1]
[{"$error":"#N/A"},4282,1]
[{"$error":"#N/A"},4294,1]
[{"$error":"#N/A"},4352,1]
[{"$error":"#N/A"},4401,1]
[{"$error":"#N/A"},4464,1]
[{"$error":"#N/A"},4578,1]
[{"$error":"#N/A"},4605,1]
[{"$error":"#N/A"},4627,1]
[{"$error":"#N/A"},4776,1]
[{"$error":"#N/A"},4848,1]
[{"$error":"#N/A"},4854,1]
[{"$error":"#N/A"},4901,1]
[{"$error":"#N/A"},4917,1]
[{"$error":"#N/A"},4939,1]
[{"$error":"#N/A"},5037,1]
[{"$error":"#N/A"},5143,1]
[{"$error":"#N/A"},5201,1]
[{"$error":"#N/A"},5401,1]
[{"$error":"#N/A"},5403,1]
[{"$error":"#N/A"},5452,1]
[{"$error":"#N/A"},5464,1]
[{"$error":"#N/A"},5488,1]
[{"$error":"#N/A"},5701,1]
[{"$error":"#N/A"},6082,1]
[{"$error":"#N/A"},6095,1]
[{"$error":"#N/A"},6096,1]
[{"$error":"#N/A"},6237,1]
[{"$error":"#N/A"},6351,1]
[{"$error":"#N/A"},6355,1]
[{"$error":"#N/A"},6415,1]
[{"$error":"#N/A"},6443,1]
[{"$error":"#N/A"},6488,1]
[{"$error":"#N/A"},6498,1]
[{"$error":"#N/A"},6516,1]
[{"$error":"#N/A"},6604,1]
[{"$error":"#N/A"},6850,1]
[{"$error":"#N/A"},7010,1]
[{"$error":"#N/A"},7016,1]
[{"$error":"#N/A"},7071,1]
[{"$error":"#N/A"},7103,1]
[{"$error":"#N/A"},7302,1]
[{"$error":"#N/A"},7444,1]
[{"$error":"#N/A"},7450,1]
[{"$error":"#N/A"},7461,1]
[{"$error":"#N/A"},7481,1]
[{"$error":"#N/A"},7601,1]
[{"$error":"#N/A"},7645,1]
[{"$error":"#N/A"},7675,1]
[{"$error":"#N/A"},7677,1]
[{"$error":"#N/A"},7719,1]
[{"$error":"#N/A"},7746,1]
[{"$error":"#N/A"},7756,1]
[{"$error":"#N/A"},7840,1]
[{"$error":"#N/A"},7843,1]
[{"$error":"#N/A"},7860,1]
[{"$error":"#N/A"},7866,1]
[{"$error":"#N/A"},7930,1]
[{"$error":"#N/A"},8004,1]
[{"$error":"#N/A"},8009,1]
[{"$error":"#N/A"},8015,1]
[{"$error":"#N/A"},8016,1]
[{"$error":"#N/A"},8020,1]
[{"$error":"#N/A"},8022,1]
[{"$error":"#N/A"},8030,1]
[{"$error":"#N/A"},8031,1]
[{"$error":"#N/A"},8037,1]
[{"$error":"#N/A"},8038,1]
[{"$error":"#N/A"},8045,1]
[{"$error":"#N/A"},8050,1]
[{"$error":"#N/A"},8052,1]
[{"$error":"#N/A"},8055,1]
[{"$error":"#N/A"},8060,1]
[{"$error":"#N/A"},8063,1]
[{"$error":"#N/A"},8072,1]
[{"$error":"#N/A"},8078,1]
[{"$error":"#N/A"},8084,1]
[{"$error":"#N/A"},8086,1]
[{"$error":"#N/A"},8102,1]
[{"$error":"#N/A"},8215,1]
[{"$error":"#N/A"},8221,1]
[{"$error":"#N/A"},8241,1]
[{"$error":"#N/A"},8243,1]
[{"$error":"#N/A"},8251,1]
[{"$error":"#N/A"},8320,1]
[{"$error":"#N/A"},8322,1]
[{"$error":"#N/A"},8343,1]
[{"$error":"#N/A"},8344,1]
[{"$error":"#N/A"},8362,1]
[{"$error":"#N/A"},8402,1]
[{"$error":"#N/A"},8505,1]
[{"$error":"#N/A"},8514,1]
[{"$error":"#N/A"},8534,1]
[{"$error":"#N/A"},8542,1]
[{"$error":"#N/A"},8559,1]
[{"$error":"#N/A"},8610,1]
[{"$error":"#N/A"},8620,1]
[{"$error":"#N/A"},8648,1]
[{"$error":"#N/A"},8701,1]
[{"$error":"#N/A"},8751,1]
[{"$error":"#N/A"},8757,1]
[{"$error":"#N/A"},8758,1]
[{"$error":"#N/A"},8801,1]
[{"$error":"#N/A"},8816,1]
[{"$error":"#N/A"},8857,1]
[{"$error":"#N/A"},8859,1]
[{"$error":"#N/A"},8873,1]
[{"$error":"#N/A"},10010,1]
[{"$error":"#N/A"},10018,1]
[{"$error":"#N/A"},10044,1]
[{"$error":"#N/A"},10128,1]
[{"$error":"#N/A"},10460,1]
[{"$error":"#N/A"},10527,1]
[{"$error":"#N/A"},10598,1]
[{"$error":"#N/A"},10607,1]
[{"$error":"#N/A"},10706,1]
[{"$error":"#N/A"},11010,1]
[{"$error":"#N/A"},11021,1]
[{"$error":"#N/A"},11105,1]
[{"$error":"#N/A"},11231,1]
[{"$error":"#N/A"},11254,1]
[{"$error":"#N/A"},11369,1]
[{"$error":"#N/A"},11411,1]
[{"$error":"#N/A"},11510,1]
[{"$error":"#N/A"},11530,1]
[{"$error":"#N/A"},11691,1]
[{"$error":"#N/A"},11743,1]
[{"$error":"#N/A"},11937,1]
[{"$error":"#N/A"},11961,1]
[{"$error":"#N/A"},11977,1]
[{"$error":"#N/A"},12065,1]
[{"$error":"#N/A"},12090,1]
[{"$error":"#N/A"},12401,1]
[{"$error":"#N/A"},12472,1]
[{"$error":"#N/A"},12776,1]
[{"$error":"#N/A"},12831,1]
[{"$error":"#N/A"},12866,1]
[{"$error":"#N/A"},13045,1]
[{"$error":"#N/A"},13057,1]
[{"$error":"#N/A"},13167,1]
[{"$error":"#N/A"},13808,1]
[{"$error":"#N/A"},14092,1]
[{"$error":"#N/A"},14424,1]
[{"$error":"#N/A"},14450,1]
[{"$error":"#N/A"},14472,1]
[{"$error":"#N/A"},14616,1]
[{"$error":"#N/A"},14626,1]
[{"$error":"#N/A"},14701,1]
[{"$error":"#N/A"},14826,1]
[{"$error":"#N/A"},14891,1]
[{"$error":"#N/A"},14901,1]
[{"$error":"#N/A"},15037,1]
[{"$error":"#N/A"},15067,1]
[{"$error":"#N/A"},15101,1]
[{"$error":"#N/A"},15108,1]
[{"$error":"#N/A"},15137,1]
[{"$error":"#N/A"},15147,1]
[{"$error":"#N/A"},15202,1]
[{"$error":"#N/A"},15216,1]
[{"$error":"#N/A"},15218,1]
[{"$error":"#N/A"},15301,1]
[{"$error":"#N/A"},15317,1]
[{"$error":"#N/A"},15323,1]
[{"$error":"#N/A"},15401,1]
[{"$error":"#N/A"},15658,1]
[{"$error":"#N/A"},15676,1]
[{"$error":"#N/A"},15701,1]
[{"$error":"#N/A"},15759,1]
[{"$error":"#N/A"},15824,1]
[{"$error":"#N/A"},15825,1]
[{"$error":"#N/A"},15834,1]
[{"$error":"#N/A"},15905,1]
[{"$error":"#N/A"},15928,1]
[{"$error":"#N/A"},16001,1]
[{"$error":"#N/A"},16002,1]
[{"$error":"#N/A"},16057,1]
[{"$error":"#N/A"},16066,1]
[{"$error":"#N/A"},16111,1]
[{"$error":"#N/A"},16148,1]
[{"$error":"#N/A"},16323,1]
[{"$error":"#N/A"},16412,1]
[{"$error":"#N/A"},16506,1]
[{"$error":"#N/A"},16509,1]
[{"$error":"#N/A"},16650,1]
[{"$error":"#N/A"},16680,1]
[{"$error":"#N/A"},16801,1]
[{"$error":"#N/A"},16803,1]
[{"$error":"#N/A"},16868,1]
[{"$error":"#N/A"},16875,1]
[{"$error":"#N/A"},16901,1]
[{"$error":"#N/A"},16946,1]
[{"$error":"#N/A"},17015,1]
[{"$error":"#N/A"},17019,1]
[{"$error":"#N/A"},17042,1]
[{"$error":"#N/A"},17050,1]
[{"$error":"#N/A"},17055,1]
[{"$error":"#N/A"},17057,1]
[{"$error":"#N/A"},17063,1]
[{"$error":"#N/A"},17066,1]
[{"$error":"#N/A"},17202,1]
[{"$error":"#N/A"},17228,1]
[{"$error":"#N/A"},17241,1]
[{"$error":"#N/A"},17257,1]
[{"$error":"#N/A"},17314,1]
[{"$error":"#N/A"},17315,1]
[{"$error":"#N/A"},17350,1]
[{"$error":"#N/A"},17362,1]
[{"$error":"#N/A"},17403,1]
[{"$error":"#N/A"},17406,1]
[{"$error":"#N/A"},17505,1]
[{"$error":"#N/A"},17512,1]
[{"$error":"#N/A"},17516,1]
[{"$error":"#N/A"},17517,1]
[{"$error":"#N/A"},17519,1]
[{"$error":"#N/A"},17527,1]
[{"$error":"#N/A"},17532,1]
[{"$error":"#N/A"},17538,1]
[{"$error":"#N/A"},17545,1]
[{"$error":"#N/A"},17563,1]
[{"$error":"#N/A"},17565,1]
[{"$error":"#N/A"},17702,1]
[{"$error":"#N/A"},17731,1]
[{"$error":"#N/A"},17740,1]
[{"$error":"#N/A"},17754,1]
[{"$error":"#N/A"},17841,1]
[{"$error":"#N/A"},17846,1]
[{"$error":"#N/A"},18014,1]
[{"$error":"#N/A"},18017,1]
[{"$error":"#N/A"},18018,1]
[{"$error":"#N/A"},18032,1]
[{"$error":"#N/A"},18034,1]
[{"$error":"#N/A"},18049,1]
[{"$error":"#N/A"},18055,1]
[{"$error":"#N/A"},18067,1]
[{"$error":"#N/A"},18069,1]
[{"$error":"#N/A"},18071,1]
[{"$error":"#N/A"},18106,1]
[{"$error":"#N/A"},18202,1]
[{"$error":"#N/A"},18218,1]
[{"$error":"#N/A"},18229,1]
[{"$error":"#N/A"},18302,1]
[{"$error":"#N/A"},18343,1]
[{"$error":"#N/A"},18346,1]
[{"$error":"#N/A"},18347,1]
[{"$error":"#N/A"},18353,1]
[{"$error":"#N/A"},18407,1]
[{"$error":"#N/A"},18424,1]
[{"$error":"#N/A"},18431,1]
[{"$error":"#N/A"},18433,1]
[{"$error":"#N/A"},18452,1]
[{"$error":"#N/A"},18466,1]
[{"$error":"#N/A"},18472,1]
[{"$error":"#N/A"},18603,1]
[{"$error":"#N/A"},18621,1]
[{"$error":"#N/A"},18628,1]
[{"$error":"#N/A"},18661,1]
[{"$error":"#N/A"},18833,1]
[{"$error":"#N/A"},18834,1]
[{"$error":"#N/A"},18845,1]
[{"$error":"#N/A"},18853,1]
[{"$error":"#N/A"},18917,1]
[{"$error":"#N/A"},18925,1]
[{"$error":"#N/A"},18951,1]
[{"$error":"#N/A"},18960,1]
[{"$error":"#N/A"},18972,1]
[{"$error":"#N/A"},19004,1]
[{"$error":"#N/A"},19016,1]
[{"$error":"#N/A"},19020,1]
[{"$error":"#N/A"},19021,1]
[{"$error":"#N/A"},19025,1]
[{"$error":"#N/A"},19029,1]
[{"$error":"#N/A"},19032,1]
[{"$error":"#N/A"},19038,1]
[{"$error":"#N/A"},19040,1]
[{"$error":"#N/A"},19053,1]
[{"$error":"#N/A"},19056,1]
[{"$error":"#N/A"},19057,1]
[{"$error":"#N/A"},19067,1]
[{"$error":"#N/A"},19072,1]
[{"$error":"#N/A"},19101,1]
[{"$error":"#N/A"},19102,1]
[{"$error":"#N/A"},19104,1]
[{"$error":"#N/A"},19111,1]
[{"$error":"#N/A"},19114,1]
[{"$error":"#N/A"},19116,1]
[{"$error":"#N/A"},19126,1]
[{"$error":"#N/A"},19136,1]
[{"$error":"#N/A"},19140,1]
[{"$error":"#N/A"},19301,1]
[{"$error":"#N/A"},19310,1]
[{"$error":"#N/A"},19312,1]
[{"$error":"#N/A"},19333,1]
[{"$error":"#N/A"},19360,1]
[{"$error":"#N/A"},19369,1]
[{"$error":"#N/A"},19373,1]
[{"$error":"#N/A"},19374,1]
[{"$error":"#N/A"},19375,1]
[{"$error":"#N/A"},19405,1]
[{"$error":"#N/A"},19406,1]
[{"$error":"#N/A"},19425,1]
[{"$error":"#N/A"},19426,1]
[{"$error":"#N/A"},19438,1]
[{"$error":"#N/A"},19440,1]
[{"$error":"#N/A"},19444,1]
[{"$error":"#N/A"},19454,1]
[{"$error":"#N/A"},19462,1]
[{"$error":"#N/A"},19465,1]
[{"$error":"#N/A"},19477,1]
[{"$error":"#N/A"},19505,1]
[{"$error":"#N/A"},19506,1]
[{"$error":"#N/A"},19522,1]
[{"$error":"#N/A"},19560,1]
[{"$error":"#N/A"},19562,1]
[{"$error":"#N/A"},19565,1]
[{"$error":"#N/A"},19601,1]
[{"$error":"#N/A"},19606,1]
[{"$error":"#N/A"},19609,1]
[{"$error":"#N/A"},20007,1]
[{"$error":"#N/A"},20008,1]
[{"$error":"#N/A"},20016,1]
[{"$error":"#N/A"},20037,1]
[{"$error":"#N/A"},20117,1]
[{"$error":"#N/A"},20132,1]
[{"$error":"#N/A"},20164,1]
[{"$error":"#N/A"},20165,1]
[{"$error":"#N/A"},20170,1]
[{"$error":"#N/A"},20176,1]
[{"$error":"#N/A"},20619,1]
[{"$error":"#N/A"},20646,1]
[{"$error":"#N/A"},20688,1]
[{"$error":"#N/A"},20707,1]
[{"$error":"#N/A"},20720,1]
[{"$error":"#N/A"},20723,1]
[{"$error":"#N/A"},20732,1]
[{"$error":"#N/A"},20743,1]
[{"$error":"#N/A"},20772,1]
[{"$error":"#N/A"},20784,1]
[{"$error":"#N/A"},20785,1]
[{"$error":"#N/A"},20794,1]
[{"$error":"#N/A"},20850,1]
[{"$error":"#N/A"},20852,1]
[{"$error":"#N/A"},20853,1]
[{"$error":"#N/A"},20872,1]
[{"$error":"#N/A"},20874,1]
[{"$error":"#N/A"},20903,1]
[{"$error":"#N/A"},20906,1]
[{"$error":"#N/A"},20910,1]
[{"$error":"#N/A"},21012,1]
[{"$error":"#N/A"},21017,1]
[{"$error":"#N/A"},21029,1]
[{"$error":"#N/A"},21042,1]
[{"$error":"#N/A"},21054,1]
[{"$error":"#N/A"},21057,1]
[{"$error":"#N/A"},21077,1]
[{"$error":"#N/A"},21093,1]
[{"$error":"#N/A"},21111,1]
[{"$error":"#N/A"},21114,1]
[{"$error":"#N/A"},21117,1]
[{"$error":"#N/A"},21155,1]
[{"$error":"#N/A"},21162,1]
[{"$error":"#N/A"},21163,1]
[{"$error":"#N/A"},21201,1]
[{"$error":"#N/A"},21202,1]
[{"$error":"#N/A"},21208,1]
[{"$error":"#N/A"},21210,1]
[{"$error":"#N/A"},21212,1]
[{"$error":"#N/A"},21216,1]
[{"$error":"#N/A"},21220,1]
[{"$error":"#N/A"},21222,1]
[{"$error":"#N/A"},21224,1]
[{"$error":"#N/A"},21227,1]
[{"$error":"#N/A"},21229,1]
[{"$error":"#N/A"},21237,1]
[{"$error":"#N/A"},21239,1]
[{"$error":"#N/A"},21531,1]
[{"$error":"#N/A"},21541,1]
[{"$error":"#N/A"},21607,1]
[{"$error":"#N/A"},21623,1]
[{"$error":"#N/A"},21625,1]
[{"$error":"#N/A"},21657,1]
[{"$error":"#N/A"},21662,1]
[{"$error":"#N/A"},21670,1]
[{"$error":"#N/A"},21677,1]
[{"$error":"#N/A"},21704,1]
[{"$error":"#N/A"},21738,1]
[{"$error":"#N/A"},21740,1]
[{"$error":"#N/A"},21773,1]
[{"$error":"#N/A"},21774,1]
[{"$error":"#N/A"},21784,1]
[{"$error":"#N/A"},21791,1]
[{"$error":"#N/A"},21802,1]
[{"$error":"#N/A"},21814,1]
[{"$error":"#N/A"},21843,1]
[{"$error":"#N/A"},21856,1]
[{"$error":"#N/A"},21862,1]
[{"$error":"#N/A"},21865,1]
[{"$error":"#N/A"},21916,1]
[{"$error":"#N/A"},21920,1]
[{"$error":"#N/A"},22025,1]
[{"$error":"#N/A"},22026,1]
[{"$error":"#N/A"},22031,1]
[{"$error":"#N/A"},22101,1]
[{"$error":"#N/A"},22180,1]
[{"$error":"#N/A"},22202,1]
[{"$error":"#N/A"},22207,1]
[{"$error":"#N/A"},22302,1]
[{"$error":"#N/A"},22314,1]
[{"$error":"#N/A"},22407,1]
[{"$error":"#N/A"},22473,1]
[{"$error":"#N/A"},22480,1]
[{"$error":"#N/A"},22520,1]
[{"$error":"#N/A"},22572,1]
[{"$error":"#N/A"},22603,1]
[{"$error":"#N/A"},22802,1]
[{"$error":"#N/A"},22810,1]
[{"$error":"#N/A"},22834,1]
[{"$error":"#N/A"},22901,1]
[{"$error":"#N/A"},22939,1]
[{"$error":"#N/A"},22942,1]
[{"$error":"#N/A"},22947,1]
[{"$error":"#N/A"},22952,1]
[{"$error":"#N/A"},22980,1]
[{"$error":"#N/A"},23015,1]
[{"$error":"#N/A"},23060,1]
[{"$error":"#N/A"},23103,1]
[{"$error":"#N/A"},23111,1]
[{"$error":"#N/A"},23114,1]
[{"$error":"#N/A"},23124,1]
[{"$error":"#N/A"},23128,1]
[{"$error":"#N/A"},23188,1]
[{"$error":"#N/A"},23227,1]
[{"$error":"#N/A"},23230,1]
[{"$error":"#N/A"},23233,1]
[{"$error":"#N/A"},23234,1]
[{"$error":"#N/A"},23294,1]
[{"$error":"#N/A"},23308,1]
[{"$error":"#N/A"},23310,1]
[{"$error":"#N/A"},23314,1]
[{"$error":"#N/A"},23410,1]
[{"$error":"#N/A"},23417,1]
[{"$error":"#N/A"},23418,1]
[{"$error":"#N/A"},23421,1]
[{"$error":"#N/A"},23430,1]
[{"$error":"#N/A"},23432,1]
[{"$error":"#N/A"},23434,1]
[{"$error":"#N/A"},23450,1]
[{"$error":"#N/A"},23455,1]
[{"$error":"#N/A"},23464,1]
[{"$error":"#N/A"},23502,1]
[{"$error":"#N/A"},23503,1]
[{"$error":"#N/A"},23513,1]
[{"$error":"#N/A"},23601,1]
[{"$error":"#N/A"},23607,1]
[{"$error":"#N/A"},23608,1]
[{"$error":"#N/A"},23703,1]
[{"$error":"#N/A"},23851,1]
[{"$error":"#N/A"},23860,1]
[{"$error":"#N/A"},23887,1]
[{"$error":"#N/A"},24012,1]
[{"$error":"#N/A"},24090,1]
[{"$error":"#N/A"},24095,1]
[{"$error":"#N/A"},24112,1]
[{"$error":"#N/A"},24127,1]
[{"$error":"#N/A"},24151,1]
[{"$error":"#N/A"},24171,1]
[{"$error":"#N/A"},24210,1]
[{"$error":"#N/A"},24319,1]
[{"$error":"#N/A"},24426,1]
[{"$error":"#N/A"},24477,1]
[{"$error":"#N/A"},24486,1]
[{"$error":"#N/A"},24551,1]
[{"$error":"#N/A"},24556,1]
[{"$error":"#N/A"},24605,1]
[{"$error":"#N/A"},24901,1]
[{"$error":"#N/A"},24931,1]
[{"$error":"#N/A"},24963,1]
[{"$error":"#N/A"},24993,1]
[{"$error":"#N/A"},25276,1]
[{"$error":"#N/A"},25413,1]
[{"$error":"#N/A"},25434,1]
[{"$error":"#N/A"},25443,1]
[{"$error":"#N/A"},25444,1]
[{"$error":"#N/A"},25544,1]
[{"$error":"#N/A"},25812,1]
[{"$error":"#N/A"},25840,1]
[{"$error":"#N/A"},25976,1]
[{"$error":"#N/A"},26050,1]
[{"$error":"#N/A"},26142,1]
[{"$error":"#N/A"},26267,1]
[{"$error":"#N/A"},26301,1]
[{"$error":"#N/A"},26444,1]
[{"$error":"#N/A"},26505,1]
[{"$error":"#N/A"},26508,1]
[{"$error":"#N/A"},26588,1]
[{"$error":"#N/A"},26601,1]
[{"$error":"#N/A"},26631,1]
[{"$error":"#N/A"},26710,1]
[{"$error":"#N/A"},26739,1]
[{"$error":"#N/A"},26757,1]
[{"$error":"#N/A"},27101,1]
[{"$error":"#N/A"},27104,1]
[{"$error":"#N/A"},27127,1]
[{"$error":"#N/A"},27214,1]
[{"$error":"#N/A"},27235,1]
[{"$error":"#N/A"},27282,1]
[{"$error":"#N/A"},27292,1]
[{"$error":"#N/A"},27295,1]
[{"$error":"#N/A"},27302,1]
[{"$error":"#N/A"},27312,1]
[{"$error":"#N/A"},27317,1]
[{"$error":"#N/A"},27330,1]
[{"$error":"#N/A"},27370,1]
[{"$error":"#N/A"},27377,1]
[{"$error":"#N/A"},27407,1]
[{"$error":"#N/A"},27455,1]
[{"$error":"#N/A"},27511,1]
[{"$error":"#N/A"},27513,1]
[{"$error":"#N/A"},27514,1]
[{"$error":"#N/A"},27516,1]
[{"$error":"#N/A"},27530,1]
[{"$error":"#N/A"},27534,1]
[{"$error":"#N/A"},27539,1]
[{"$error":"#N/A"},27545,1]
[{"$error":"#N/A"},27562,1]
[{"$error":"#N/A"},27565,1]
[{"$error":"#N/A"},27573,1]
[{"$error":"#N/A"},27583,1]
[{"$error":"#N/A"},27604,1]
[{"$error":"#N/A"},27610,1]
[{"$error":"#N/A"},27613,1]
[{"$error":"#N/A"},27614,1]
[{"$error":"#N/A"},27617,1]
[{"$error":"#N/A"},27712,1]
[{"$error":"#N/A"},27822,1]
[{"$error":"#N/A"},27824,1]
[{"$error":"#N/A"},27828,1]
[{"$error":"#N/A"},27856,1]
[{"$error":"#N/A"},27870,1]
[{"$error":"#N/A"},27874,1]
[{"$error":"#N/A"},27906,1]
[{"$error":"#N/A"},27909,1]
[{"$error":"#N/A"},27915,1]
[{"$error":"#N/A"},27924,1]
[{"$error":"#N/A"},27944,1]
[{"$error":"#N/A"},27948,1]
[{"$error":"#N/A"},27959,1]
[{"$error":"#N/A"},27966,1]
[{"$error":"#N/A"},28025,1]
[{"$error":"#N/A"},28027,1]
[{"$error":"#N/A"},28036,1]
[{"$error":"#N/A"},28043,1]
[{"$error":"#N/A"},28052,1]
[{"$error":"#N/A"},28054,1]
[{"$error":"#N/A"},28056,1]
[{"$error":"#N/A"},28083,1]
[{"$error":"#N/A"},28117,1]
[{"$error":"#N/A"},28120,1]
[{"$error":"#N/A"},28128,1]
[{"$error":"#N/A"},28144,1]
[{"$error":"#N/A"},28147,1]
[{"$error":"#N/A"},28150,1]
[{"$error":"#N/A"},28205,1]
[{"$error":"#N/A"},28210,1]
[{"$error":"#N/A"},28211,1]
[{"$error":"#N/A"},28216,1]
[{"$error":"#N/A"},28226,1]
[{"$error":"#N/A"},28269,1]
[{"$error":"#N/A"},28273,1]
[{"$error":"#N/A"},28277,1]
[{"$error":"#N/A"},28278,1]
[{"$error":"#N/A"},28318,1]
[{"$error":"#N/A"},28320,1]
[{"$error":"#N/A"},28326,1]
[{"$error":"#N/A"},28327,1]
[{"$error":"#N/A"},28328,1]
[{"$error":"#N/A"},28371,1]
[{"$error":"#N/A"},28379,1]
[{"$error":"#N/A"},28387,1]
[{"$error":"#N/A"},28396,1]
[{"$error":"#N/A"},28398,1]
[{"$error":"#N/A"},28409,1]
[{"$error":"#N/A"},28411,1]
[{"$error":"#N/A"},28425,1]
[{"$error":"#N/A"},28458,1]
[{"$error":"#N/A"},28463,1]
[{"$error":"#N/A"},28513,1]
[{"$error":"#N/A"},28532,1]
[{"$error":"#N/A"},28540,1]
[{"$error":"#N/A"},28560,1]
[{"$error":"#N/A"},28571,1]
[{"$error":"#N/A"},28584,1]
[{"$error":"#N/A"},28586,1]
[{"$error":"#N/A"},28590,1]
[{"$error":"#N/A"},28594,1]
[{"$error":"#N/A"},28625,1]
[{"$error":"#N/A"},28627,1]
[{"$error":"#N/A"},28636,1]
[{"$error":"#N/A"},28655,1]
[{"$error":"#N/A"},28673,1]
[{"$error":"#N/A"},28694,1]
[{"$error":"#N/A"},28704,1]
[{"$error":"#N/A"},28711,1]
[{"$error":"#N/A"},28712,1]
[{"$error":"#N/A"},28753,1]
[{"$error":"#N/A"},28756,1]
[{"$error":"#N/A"},28787,1]
[{"$error":"#N/A"},28790,1]
[{"$error":"#N/A"},28791,1]
[{"$error":"#N/A"},28792,1]
[{"$error":"#N/A"},28803,1]
[{"$error":"#N/A"},28806,1]
[{"$error":"#N/A"},29030,1]
[{"$error":"#N/A"},29047,1]
[{"$error":"#N/A"},29073,1]
[{"$error":"#N/A"},29115,1]
[{"$error":"#N/A"},29142,1]
[{"$error":"#N/A"},29163,1]
[{"$error":"#N/A"},29164,1]
[{"$error":"#N/A"},29204,1]
[{"$error":"#N/A"},29210,1]
[{"$error":"#N/A"},29229,1]
[{"$error":"#N/A"},29379,1]
[{"$error":"#N/A"},29388,1]
[{"$error":"#N/A"},29407,1]
[{"$error":"#N/A"},29410,1]
[{"$error":"#N/A"},29412,1]
[{"$error":"#N/A"},29439,1]
[{"$error":"#N/A"},29445,1]
[{"$error":"#N/A"},29456,1]
[{"$error":"#N/A"},29461,1]
[{"$error":"#N/A"},29464,1]
[{"$error":"#N/A"},29485,1]
[{"$error":"#N/A"},29488,1]
[{"$error":"#N/A"},29492,1]
[{"$error":"#N/A"},29501,1]
[{"$error":"#N/A"},29511,1]
[{"$error":"#N/A"},29527,1]
[{"$error":"#N/A"},29532,1]
[{"$error":"#N/A"},29541,1]
[{"$error":"#N/A"},29545,1]
[{"$error":"#N/A"},29554,1]
[{"$error":"#N/A"},29568,1]
[{"$error":"#N/A"},29569,1]
[{"$error":"#N/A"},29570,1]
[{"$error":"#N/A"},29572,1]
[{"$error":"#N/A"},29601,1]
[{"$error":"#N/A"},29607,1]
[{"$error":"#N/A"},29611,1]
[{"$error":"#N/A"},29617,1]
[{"$error":"#N/A"},29621,1]
[{"$error":"#N/A"},29631,1]
[{"$error":"#N/A"},29649,1]
[{"$error":"#N/A"},29651,1]
[{"$error":"#N/A"},29664,1]
[{"$error":"#N/A"},29670,1]
[{"$error":"#N/A"},29672,1]
[{"$error":"#N/A"},29676,1]
[{"$error":"#N/A"},29678,1]
[{"$error":"#N/A"},29680,1]
[{"$error":"#N/A"},29690,1]
[{"$error":"#N/A"},29702,1]
[{"$error":"#N/A"},29706,1]
[{"$error":"#N/A"},29708,1]
[{"$error":"#N/A"},29710,1]
[{"$error":"#N/A"},29715,1]
[{"$error":"#N/A"},29717,1]
[{"$error":"#N/A"},29720,1]
[{"$error":"#N/A"},29829,1]
[{"$error":"#N/A"},29902,1]
[{"$error":"#N/A"},29920,1]
[{"$error":"#N/A"},29926,1]
[{"$error":"#N/A"},29935,1]
[{"$error":"#N/A"},30013,1]
[{"$error":"#N/A"},30017,1]
[{"$error":"#N/A"},30028,1]
[{"$error":"#N/A"},30034,1]
[{"$error":"#N/A"},30040,1]
[{"$error":"#N/A"},30045,1]
[{"$error":"#N/A"},30046,1]
[{"$error":"#N/A"},30052,1]
[{"$error":"#N/A"},30068,1]
[{"$error":"#N/A"},30076,1]
[{"$error":"#N/A"},30078,1]
[{"$error":"#N/A"},30080,1]
[{"$error":"#N/A"},30087,1]
[{"$error":"#N/A"},30107,1]
[{"$error":"#N/A"},30126,1]
[{"$error":"#N/A"},30135,1]
[{"$error":"#N/A"},30141,1]
[{"$error":"#N/A"},30143,1]
[{"$error":"#N/A"},30157,1]
[{"$error":"#N/A"},30214,1]
[{"$error":"#N/A"},30215,1]
[{"$error":"#N/A"},30223,1]
[{"$error":"#N/A"},30228,1]
[{"$error":"#N/A"},30238,1]
[{"$error":"#N/A"},30252,1]
[{"$error":"#N/A"},30253,1]
[{"$error":"#N/A"},30281,1]
[{"$error":"#N/A"},30288,1]
[{"$error":"#N/A"},30294,1]
[{"$error":"#N/A"},30310,1]
[{"$error":"#N/A"},30311,1]
[{"$error":"#N/A"},30324,1]
[{"$error":"#N/A"},30327,1]
[{"$error":"#N/A"},30338,1]
[{"$error":"#N/A"},30349,1]
[{"$error":"#N/A"},30417,1]
[{"$error":"#N/A"},30467,1]
[{"$error":"#N/A"},30534,1]
[{"$error":"#N/A"},30535,1]
[{"$error":"#N/A"},30548,1]
[{"$error":"#N/A"},30553,1]
[{"$error":"#N/A"},30643,1]
[{"$error":"#N/A"},30705,1]
[{"$error":"#N/A"},30809,1]
[{"$error":"#N/A"},30909,1]
[{"$error":"#N/A"},31005,1]
[{"$error":"#N/A"},31028,1]
[{"$error":"#N/A"},31069,1]
[{"$error":"#N/A"},31210,1]
[{"$error":"#N/A"},31221,1]
[{"$error":"#N/A"},31302,1]
[{"$error":"#N/A"},31313,1]
[{"$error":"#N/A"},31316,1]
[{"$error":"#N/A"},31322,1]
[{"$error":"#N/A"},31324,1]
[{"$error":"#N/A"},31329,1]
[{"$error":"#N/A"},31408,1]
[{"$error":"#N/A"},31410,1]
[{"$error":"#N/A"},31525,1]
[{"$error":"#N/A"},31548,1]
[{"$error":"#N/A"},31558,1]
[{"$error":"#N/A"},31560,1]
[{"$error":"#N/A"},31569,1]
[{"$error":"#N/A"},31750,1]
[{"$error":"#N/A"},32003,1]
[{"$error":"#N/A"},32073,1]
[{"$error":"#N/A"},32081,1]
[{"$error":"#N/A"},32084,1]
[{"$error":"#N/A"},32091,1]
[{"$error":"#N/A"},32092,1]
[{"$error":"#N/A"},32102,1]
[{"$error":"#N/A"},32118,1]
[{"$error":"#N/A"},32136,1]
[{"$error":"#N/A"},32141,1]
[{"$error":"#N/A"},32169,1]
[{"$error":"#N/A"},32218,1]
[{"$error":"#N/A"},32225,1]
[{"$error":"#N/A"},32234,1]
[{"$error":"#N/A"},32244,1]
[{"$error":"#N/A"},32259,1]
[{"$error":"#N/A"},32277,1]
[{"$error":"#N/A"},32308,1]
[{"$error":"#N/A"},32408,1]
[{"$error":"#N/A"},32413,1]
[{"$error":"#N/A"},32428,1]
[{"$error":"#N/A"},32439,1]
[{"$error":"#N/A"},32459,1]
[{"$error":"#N/A"},32504,1]
[{"$error":"#N/A"},32513,1]
[{"$error":"#N/A"},32514,1]
[{"$error":"#N/A"},32533,1]
[{"$error":"#N/A"},32561,1]
[{"$error":"#N/A"},32563,1]
[{"$error":"#N/A"},32567,1]
[{"$error":"#N/A"},32570,1]
[{"$error":"#N/A"},32578,1]
[{"$error":"#N/A"},32583,1]
[{"$error":"#N/A"},32608,1]
[{"$error":"#N/A"},32609,1]
[{"$error":"#N/A"},32664,1]
[{"$error":"#N/A"},32686,1]
[{"$error":"#N/A"},32696,1]
[{"$error":"#N/A"},32702,1]
[{"$error":"#N/A"},32708,1]
[{"$error":"#N/A"},32714,1]
[{"$error":"#N/A"},32720,1]
[{"$error":"#N/A"},32735,1]
[{"$error":"#N/A"},32736,1]
[{"$error":"#N/A"},32750,1]
[{"$error":"#N/A"},32763,1]
[{"$error":"#N/A"},32765,1]
[{"$error":"#N/A"},32766,1]
[{"$error":"#N/A"},32771,1]
[{"$error":"#N/A"},32780,1]
[{"$error":"#N/A"},32817,1]
[{"$error":"#N/A"},32824,1]
[{"$error":"#N/A"},32836,1]
[{"$error":"#N/A"},32903,1]
[{"$error":"#N/A"},32906,1]
[{"$error":"#N/A"},32907,1]
[{"$error":"#N/A"},32923,1]
[{"$error":"#N/A"},32968,1]
[{"$error":"#N/A"},32976,1]
[{"$error":"#N/A"},33033,1]
[{"$error":"#N/A"},33041,1]
[{"$error":"#N/A"},33060,1]
[{"$error":"#N/A"},33062,1]
[{"$error":"#N/A"},33066,1]
[{"$error":"#N/A"},33068,1]
[{"$error":"#N/A"},33071,1]
[{"$error":"#N/A"},33076,1]
[{"$error":"#N/A"},33138,1]
[{"$error":"#N/A"},33143,1]
[{"$error":"#N/A"},33156,1]
[{"$error":"#N/A"},33178,1]
[{"$error":"#N/A"},33183,1]
[{"$error":"#N/A"},33304,1]
[{"$error":"#N/A"},33331,1]
[{"$error":"#N/A"},33401,1]
[{"$error":"#N/A"},33404,1]
[{"$error":"#N/A"},33412,1]
[{"$error":"#N/A"},33417,1]
[{"$error":"#N/A"},33418,1]
[{"$error":"#N/A"},33426,1]
[{"$error":"#N/A"},33428,1]
[{"$error":"#N/A"},33431,1]
[{"$error":"#N/A"},33460,1]
[{"$error":"#N/A"},33471,1]
[{"$error":"#N/A"},33477,1]
[{"$error":"#N/A"},33478,1]
[{"$error":"#N/A"},33496,1]
[{"$error":"#N/A"},33498,1]
[{"$error":"#N/A"},33510,1]
[{"$error":"#N/A"},33525,1]
[{"$error":"#N/A"},33540,1]
[{"$error":"#N/A"},33541,1]
[{"$error":"#N/A"},33542,1]
[{"$error":"#N/A"},33543,1]
[{"$error":"#N/A"},33547,1]
[{"$error":"#N/A"},33566,1]
[{"$error":"#N/A"},33569,1]
[{"$error":"#N/A"},33570,1]
[{"$error":"#N/A"},33584,1]
[{"$error":"#N/A"},33597,1]
[{"$error":"#N/A"},33604,1]
[{"$error":"#N/A"},33618,1]
[{"$error":"#N/A"},33701,1]
[{"$error":"#N/A"},33703,1]
[{"$error":"#N/A"},33704,1]
[{"$error":"#N/A"},33708,1]
[{"$error":"#N/A"},33710,1]
[{"$error":"#N/A"},33713,1]
[{"$error":"#N/A"},33756,1]
[{"$error":"#N/A"},33762,1]
[{"$error":"#N/A"},33763,1]
[{"$error":"#N/A"},33770,1]
[{"$error":"#N/A"},33771,1]
[{"$error":"#N/A"},33773,1]
[{"$error":"#N/A"},33776,1]
[{"$error":"#N/A"},33778,1]
[{"$error":"#N/A"},33785,1]
[{"$error":"#N/A"},33810,1]
[{"$error":"#N/A"},33811,1]
[{"$error":"#N/A"},33813,1]
[{"$error":"#N/A"},33830,1]
[{"$error":"#N/A"},33844,1]
[{"$error":"#N/A"},33859,1]
[{"$error":"#N/A"},33868,1]
[{"$error":"#N/A"},33896,1]
[{"$error":"#N/A"},33897,1]
[{"$error":"#N/A"},33898,1]
[{"$error":"#N/A"},33903,1]
[{"$error":"#N/A"},33905,1]
[{"$error":"#N/A"},33907,1]
[{"$error":"#N/A"},33914,1]
[{"$error":"#N/A"},33916,1]
[{"$error":"#N/A"},33919,1]
[{"$error":"#N/A"},33920,1]
[{"$error":"#N/A"},33947,1]
[{"$error":"#N/A"},33953,1]
[{"$error":"#N/A"},33971,1]
[{"$error":"#N/A"},33990,1]
[{"$error":"#N/A"},34102,1]
[{"$error":"#N/A"},34104,1]
[{"$error":"#N/A"},34105,1]
[{"$error":"#N/A"},34110,1]
[{"$error":"#N/A"},34112,1]
[{"$error":"#N/A"},34119,1]
[{"$error":"#N/A"},34134,1]
[{"$error":"#N/A"},34142,1]
[{"$error":"#N/A"},34145,1]
[{"$error":"#N/A"},34201,1]
[{"$error":"#N/A"},34202,1]
[{"$error":"#N/A"},34205,1]
[{"$error":"#N/A"},34208,1]
[{"$error":"#N/A"},34210,1]
[{"$error":"#N/A"},34212,1]
[{"$error":"#N/A"},34224,1]
[{"$error":"#N/A"},34231,1]
[{"$error":"#N/A"},34233,1]
[{"$error":"#N/A"},34235,1]
[{"$error":"#N/A"},34241,1]
[{"$error":"#N/A"},34265,1]
[{"$error":"#N/A"},34269,1]
[{"$error":"#N/A"},34291,1]
[{"$error":"#N/A"},34420,1]
[{"$error":"#N/A"},34431,1]
[{"$error":"#N/A"},34433,1]
[{"$error":"#N/A"},34436,1]
[{"$error":"#N/A"},34442,1]
[{"$error":"#N/A"},34446,1]
[{"$error":"#N/A"},34448,1]
[{"$error":"#N/A"},34450,1]
[{"$error":"#N/A"},34453,1]
[{"$error":"#N/A"},34465,1]
[{"$error":"#N/A"},34470,1]
[{"$error":"#N/A"},34471,1]
[{"$error":"#N/A"},34472,1]
[{"$error":"#N/A"},34473,1]
[{"$error":"#N/A"},34476,1]
[{"$error":"#N/A"},34482,1]
[{"$error":"#N/A"},34484,1]
[{"$error":"#N/A"},34607,1]
[{"$error":"#N/A"},34608,1]
[{"$error":"#N/A"},34638,1]
[{"$error":"#N/A"},34668,1]
[{"$error":"#N/A"},34677,1]
[{"$error":"#N/A"},34684,1]
[{"$error":"#N/A"},34685,1]
[{"$error":"#N/A"},34695,1]
[{"$error":"#N/A"},34705,1]
[{"$error":"#N/A"},34744,1]
[{"$error":"#N/A"},34770,1]
[{"$error":"#N/A"},34952,1]
[{"$error":"#N/A"},34972,1]
[{"$error":"#N/A"},34982,1]
[{"$error":"#N/A"},34986,1]
[{"$error":"#N/A"},34990,1]
[{"$error":"#N/A"},34997,1]
[{"$error":"#N/A"},35077,1]
[{"$error":"#N/A"},35085,1]
[{"$error":"#N/A"},35120,1]
[{"$error":"#N/A"},35124,1]
[{"$error":"#N/A"},35244,1]
[{"$error":"#N/A"},35611,1]
[{"$error":"#N/A"},35633,1]
[{"$error":"#N/A"},35744,1]
[{"$error":"#N/A"},35757,1]
[{"$error":"#N/A"},35758,1]
[{"$error":"#N/A"},35769,1]
[{"$error":"#N/A"},35803,1]
[{"$error":"#N/A"},35810,1]
[{"$error":"#N/A"},36066,1]
[{"$error":"#N/A"},36116,1]
[{"$error":"#N/A"},36360,1]
[{"$error":"#N/A"},36526,1]
[{"$error":"#N/A"},36530,1]
[{"$error":"#N/A"},36587,1]
[{"$error":"#N/A"},36703,1]
[{"$error":"#N/A"},36854,1]
[{"$error":"#N/A"},36870,1]
[{"$error":"#N/A"},37090,1]
[{"$error":"#N/A"},37128,1]
[{"$error":"#N/A"},37135,1]
[{"$error":"#N/A"},37138,1]
[{"$error":"#N/A"},37167,1]
[{"$error":"#N/A"},37174,1]
[{"$error":"#N/A"},37205,1]
[{"$error":"#N/A"},37211,1]
[{"$error":"#N/A"},37323,1]
[{"$error":"#N/A"},37343,1]
[{"$error":"#N/A"},37411,1]
[{"$error":"#N/A"},37615,1]
[{"$error":"#N/A"},37617,1]
[{"$error":"#N/A"},37656,1]
[{"$error":"#N/A"},37658,1]
[{"$error":"#N/A"},37687,1]
[{"$error":"#N/A"},37726,1]
[{"$error":"#N/A"},37737,1]
[{"$error":"#N/A"},37743,1]
[{"$error":"#N/A"},37763,1]
[{"$error":"#N/A"},37774,1]
[{"$error":"#N/A"},37777,1]
[{"$error":"#N/A"},37804,1]
[{"$error":"#N/A"},37818,1]
[{"$error":"#N/A"},37857,1]
[{"$error":"#N/A"},37865,1]
[{"$error":"#N/A"},37870,1]
[{"$error":"#N/A"},37882,1]
[{"$error":"#N/A"},37918,1]
[{"$error":"#N/A"},37921,1]
[{"$error":"#N/A"},38024,1]
[{"$error":"#N/A"},38251,1]
[{"$error":"#N/A"},38451,1]
[{"$error":"#N/A"},38485,1]
[{"$error":"#N/A"},38555,1]
[{"$error":"#N/A"},38556,1]
[{"$error":"#N/A"},38658,1]
[{"$error":"#N/A"},38673,1]
[{"$error":"#N/A"},39202,1]
[{"$error":"#N/A"},39272,1]
[{"$error":"#N/A"},39347,1]
[{"$error":"#N/A"},39507,1]
[{"$error":"#N/A"},39553,1]
[{"$error":"#N/A"},39564,1]
[{"$error":"#N/A"},39565,1]
[{"$error":"#N/A"},39759,1]
[{"$error":"#N/A"},40444,1]
[{"$error":"#N/A"},40502,1]
[{"$error":"#N/A"},40513,1]
[{"$error":"#N/A"},41004,1]
[{"$error":"#N/A"},41005,1]
[{"$error":"#N/A"},41091,1]
[{"$error":"#N/A"},42276,1]
[{"$error":"#N/A"},42764,1]
[{"$error":"#N/A"},43017,1]
[{"$error":"#N/A"},43021,1]
[{"$error":"#N/A"},43065,1]
[{"$error":"#N/A"},43110,1]
[{"$error":"#N/A"},43202,1]
[{"$error":"#N/A"},43219,1]
[{"$error":"#N/A"},43221,1]
[{"$error":"#N/A"},43229,1]
[{"$error":"#N/A"},43235,1]
[{"$error":"#N/A"},43420,1]
[{"$error":"#N/A"},43533,1]
[{"$error":"#N/A"},43560,1]
[{"$error":"#N/A"},43942,1]
[{"$error":"#N/A"},43988,1]
[{"$error":"#N/A"},44084,1]
[{"$error":"#N/A"},44116,1]
[{"$error":"#N/A"},44128,1]
[{"$error":"#N/A"},44130,1]
[{"$error":"#N/A"},44145,1]
[{"$error":"#N/A"},44281,1]
[{"$error":"#N/A"},44313,1]
[{"$error":"#N/A"},44408,1]
[{"$error":"#N/A"},44515,1]
[{"$error":"#N/A"},44654,1]
[{"$error":"#N/A"},44721,1]
[{"$error":"#N/A"},44864,1]
[{"$error":"#N/A"},45036,1]
[{"$error":"#N/A"},45102,1]
[{"$error":"#N/A"},45230,1]
[{"$error":"#N/A"},45417,1]
[{"$error":"#N/A"},45424,1]
[{"$error":"#N/A"},45429,1]
[{"$error":"#N/A"},45601,1]
[{"$error":"#N/A"},45662,1]
[{"$error":"#N/A"},45723,1]
[{"$error":"#N/A"},46038,1]
[{"$error":"#N/A"},46163,1]
[{"$error":"#N/A"},46342,1]
[{"$error":"#N/A"},46561,1]
[{"$error":"#N/A"},46617,1]
[{"$error":"#N/A"},47424,1]
[{"$error":"#N/A"},47725,1]
[{"$error":"#N/A"},47802,1]
[{"$error":"#N/A"},47906,1]
[{"$error":"#N/A"},47909,1]
[{"$error":"#N/A"},48101,1]
[{"$error":"#N/A"},48104,1]
[{"$error":"#N/A"},48188,1]
[{"$error":"#N/A"},48197,1]
[{"$error":"#N/A"},48236,1]
[{"$error":"#N/A"},48309,1]
[{"$error":"#N/A"},48322,1]
[{"$error":"#N/A"},48328,1]
[{"$error":"#N/A"},48383,1]
[{"$error":"#N/A"},48450,1]
[{"$error":"#N/A"},48750,1]
[{"$error":"#N/A"},48823,1]
[{"$error":"#N/A"},49046,1]
[{"$error":"#N/A"},49079,1]
[{"$error":"#N/A"},49417,1]
[{"$error":"#N/A"},49461,1]
[{"$error":"#N/A"},49651,1]
[{"$error":"#N/A"},49686,1]
[{"$error":"#N/A"},49801,1]
[{"$error":"#N/A"},49837,1]
[{"$error":"#N/A"},49876,1]
[{"$error":"#N/A"},49931,1]
[{"$error":"#N/A"},50074,1]
[{"$error":"#N/A"},50208,1]
[{"$error":"#N/A"},50266,1]
[{"$error":"#N/A"},51652,1]
[{"$error":"#N/A"},52003,1]
[{"$error":"#N/A"},52404,1]
[{"$error":"#N/A"},52732,1]
[{"$error":"#N/A"},53572,1]
[{"$error":"#N/A"},54016,1]
[{"$error":"#N/A"},54601,1]
[{"$error":"#N/A"},54701,1]
[{"$error":"#N/A"},54810,1]
[{"$error":"#N/A"},55042,1]
[{"$error":"#N/A"},55116,1]
[{"$error":"#N/A"},55350,1]
[{"$error":"#N/A"},55415,1]
[{"$error":"#N/A"},55449,1]
[{"$error":"#N/A"},55956,1]
[{"$error":"#N/A"},56011,1]
[{"$error":"#N/A"},57110,1]
[{"$error":"#N/A"},57702,1]
[{"$error":"#N/A"},57719,1]
[{"$error":"#N/A"},59047,1]
[{"$error":"#N/A"},59405,1]
[{"$error":"#N/A"},59501,1]
[{"$error":"#N/A"},59718,1]
[{"$error":"#N/A"},59720,1]
[{"$error":"#N/A"},59752,1]
[{"$error":"#N/A"},59803,1]
[{"$error":"#N/A"},59804,1]
[{"$error":"#N/A"},59904,1]
[{"$error":"#N/A"},60053,1]
[{"$error":"#N/A"},60061,1]
[{"$error":"#N/A"},60102,1]
[{"$error":"#N/A"},60188,1]
[{"$error":"#N/A"},60201,1]
[{"$error":"#N/A"},60409,1]
[{"$error":"#N/A"},60607,1]
[{"$error":"#N/A"},60640,1]
[{"$error":"#N/A"},61603,1]
[{"$error":"#N/A"},61833,1]
[{"$error":"#N/A"},62095,1]
[{"$error":"#N/A"},62269,1]
[{"$error":"#N/A"},62474,1]
[{"$error":"#N/A"},62959,1]
[{"$error":"#N/A"},62967,1]
[{"$error":"#N/A"},63117,1]
[{"$error":"#N/A"},63129,1]
[{"$error":"#N/A"},63401,1]
[{"$error":"#N/A"},63670,1]
[{"$error":"#N/A"},64155,1]
[{"$error":"#N/A"},65201,1]
[{"$error":"#N/A"},65203,1]
[{"$error":"#N/A"},67039,1]
[{"$error":"#N/A"},67401,1]
[{"$error":"#N/A"},67550,1]
[{"$error":"#N/A"},70118,1]
[{"$error":"#N/A"},70433,1]
[{"$error":"#N/A"},71018,1]
[{"$error":"#N/A"},71291,1]
[{"$error":"#N/A"},71326,1]
[{"$error":"#N/A"},71457,1]
[{"$error":"#N/A"},71603,1]
[{"$error":"#N/A"},72116,1]
[{"$error":"#N/A"},72120,1]
[{"$error":"#N/A"},72127,1]
[{"$error":"#N/A"},72658,1]
[{"$error":"#N/A"},72774,1]
[{"$error":"#N/A"},72835,1]
[{"$error":"#N/A"},73072,1]
[{"$error":"#N/A"},73401,1]
[{"$error":"#N/A"},73521,1]
[{"$error":"#N/A"},73547,1]
[{"$error":"#N/A"},73601,1]
[{"$error":"#N/A"},74002,1]
[{"$error":"#N/A"},74012,1]
[{"$error":"#N/A"},74019,1]
[{"$error":"#N/A"},74066,1]
[{"$error":"#N/A"},74136,1]
[{"$error":"#N/A"},74868,1]
[{"$error":"#N/A"},75006,1]
[{"$error":"#N/A"},75034,1]
[{"$error":"#N/A"},75044,1]
[{"$error":"#N/A"},75069,1]
[{"$error":"#N/A"},75070,1]
[{"$error":"#N/A"},75071,1]
[{"$error":"#N/A"},75087,1]
[{"$error":"#N/A"},75115,1]
[{"$error":"#N/A"},75442,1]
[{"$error":"#N/A"},75452,1]
[{"$error":"#N/A"},75455,1]
[{"$error":"#N/A"},75662,1]
[{"$error":"#N/A"},75701,1]
[{"$error":"#N/A"},76012,1]
[{"$error":"#N/A"},76021,1]
[{"$error":"#N/A"},76050,1]
[{"$error":"#N/A"},76052,1]
[{"$error":"#N/A"},76065,1]
[{"$error":"#N/A"},76126,1]
[{"$error":"#N/A"},76179,1]
[{"$error":"#N/A"},76244,1]
[{"$error":"#N/A"},76248,1]
[{"$error":"#N/A"},76273,1]
[{"$error":"#N/A"},76367,1]
[{"$error":"#N/A"},76502,1]
[{"$error":"#N/A"},76657,1]
[{"$error":"#N/A"},76903,1]
[{"$error":"#N/A"},77014,1]
[{"$error":"#N/A"},77019,1]
[{"$error":"#N/A"},77027,1]
[{"$error":"#N/A"},77089,1]
[{"$error":"#N/A"},77210,1]
[{"$error":"#N/A"},77302,1]
[{"$error":"#N/A"},77303,1]
[{"$error":"#N/A"},77316,1]
[{"$error":"#N/A"},77320,1]
[{"$error":"#N/A"},77346,1]
[{"$error":"#N/A"},77378,1]
[{"$error":"#N/A"},77389,1]
[{"$error":"#N/A"},77396,1]
[{"$error":"#N/A"},77406,1]
[{"$error":"#N/A"},77407,1]
[{"$error":"#N/A"},77471,1]
[{"$error":"#N/A"},77479,1]
[{"$error":"#N/A"},77484,1]
[{"$error":"#N/A"},77494,1]
[{"$error":"#N/A"},77535,1]
[{"$error":"#N/A"},77550,1]
[{"$error":"#N/A"},77551,1]
[{"$error":"#N/A"},77571,1]
[{"$error":"#N/A"},77581,1]
[{"$error":"#N/A"},77584,1]
[{"$error":"#N/A"},77616,1]
[{"$error":"#N/A"},77803,1]
[{"$error":"#N/A"},77951,1]
[{"$error":"#N/A"},77957,1]
[{"$error":"#N/A"},78015,1]
[{"$error":"#N/A"},78109,1]
[{"$error":"#N/A"},78114,1]
[{"$error":"#N/A"},78132,1]
[{"$error":"#N/A"},78154,1]
[{"$error":"#N/A"},78212,1]
[{"$error":"#N/A"},78220,1]
[{"$error":"#N/A"},78223,1]
[{"$error":"#N/A"},78240,1]
[{"$error":"#N/A"},78254,1]
[{"$error":"#N/A"},78255,1]
[{"$error":"#N/A"},78264,1]
[{"$error":"#N/A"},78372,1]
[{"$error":"#N/A"},78413,1]
[{"$error":"#N/A"},78418,1]
[{"$error":"#N/A"},78504,1]
[{"$error":"#N/A"},78613,1]
[{"$error":"#N/A"},78621,1]
[{"$error":"#N/A"},78626,1]
[{"$error":"#N/A"},78664,1]
[{"$error":"#N/A"},78665,1]
[{"$error":"#N/A"},78681,1]
[{"$error":"#N/A"},78735,1]
[{"$error":"#N/A"},78741,1]
[{"$error":"#N/A"},78752,1]
[{"$error":"#N/A"},78840,1]
[{"$error":"#N/A"},79407,1]
[{"$error":"#N/A"},79831,1]
[{"$error":"#N/A"},79935,1]
[{"$error":"#N/A"},80123,1]
[{"$error":"#N/A"},80134,1]
[{"$error":"#N/A"},80227,1]
[{"$error":"#N/A"},80247,1]
[{"$error":"#N/A"},80249,1]
[{"$error":"#N/A"},80303,1]
[{"$error":"#N/A"},80442,1]
[{"$error":"#N/A"},80477,1]
[{"$error":"#N/A"},80501,1]
[{"$error":"#N/A"},80513,1]
[{"$error":"#N/A"},80516,1]
[{"$error":"#N/A"},80602,1]
[{"$error":"#N/A"},80634,1]
[{"$error":"#N/A"},80915,1]
[{"$error":"#N/A"},80923,1]
[{"$error":"#N/A"},81005,1]
[{"$error":"#N/A"},81082,1]
[{"$error":"#N/A"},81091,1]
[{"$error":"#N/A"},81201,1]
[{"$error":"#N/A"},81224,1]
[{"$error":"#N/A"},81520,1]
[{"$error":"#N/A"},82301,1]
[{"$error":"#N/A"},83202,1]
[{"$error":"#N/A"},83642,1]
[{"$error":"#N/A"},83646,1]
[{"$error":"#N/A"},83854,1]
[{"$error":"#N/A"},83858,1]
[{"$error":"#N/A"},83860,1]
[{"$error":"#N/A"},84032,1]
[{"$error":"#N/A"},84045,1]
[{"$error":"#N/A"},84060,1]
[{"$error":"#N/A"},84105,1]
[{"$error":"#N/A"},84116,1]
[{"$error":"#N/A"},84121,1]
[{"$error":"#N/A"},85018,1]
[{"$error":"#N/A"},85029,1]
[{"$error":"#N/A"},85042,1]
[{"$error":"#N/A"},85118,1]
[{"$error":"#N/A"},85131,1]
[{"$error":"#N/A"},85132,1]
[{"$error":"#N/A"},85138,1]
[{"$error":"#N/A"},85140,1]
[{"$error":"#N/A"},85142,1]
[{"$error":"#N/A"},85143,1]
[{"$error":"#N/A"},85207,1]
[{"$error":"#N/A"},85248,1]
[{"$error":"#N/A"},85249,1]
[{"$error":"#N/A"},85253,1]
[{"$error":"#N/A"},85255,1]
[{"$error":"#N/A"},85260,1]
[{"$error":"#N/A"},85282,1]
[{"$error":"#N/A"},85304,1]
[{"$error":"#N/A"},85345,1]
[{"$error":"#N/A"},85364,1]
[{"$error":"#N/A"},85375,1]
[{"$error":"#N/A"},85381,1]
[{"$error":"#N/A"},85382,1]
[{"$error":"#N/A"},85387,1]
[{"$error":"#N/A"},85388,1]
[{"$error":"#N/A"},85390,1]
[{"$error":"#N/A"},85392,1]
[{"$error":"#N/A"},85396,1]
[{"$error":"#N/A"},85641,1]
[{"$error":"#N/A"},85650,1]
[{"$error":"#N/A"},85652,1]
[{"$error":"#N/A"},85653,1]
[{"$error":"#N/A"},85710,1]
[{"$error":"#N/A"},85718,1]
[{"$error":"#N/A"},85719,1]
[{"$error":"#N/A"},85746,1]
[{"$error":"#N/A"},85747,1]
[{"$error":"#N/A"},85750,1]
[{"$error":"#N/A"},85755,1]
[{"$error":"#N/A"},86004,1]
[{"$error":"#N/A"},86301,1]
[{"$error":"#N/A"},86325,1]
[{"$error":"#N/A"},86351,1]
[{"$error":"#N/A"},86406,1]
[{"$error":"#N/A"},87043,1]
[{"$error":"#N/A"},87083,1]
[{"$error":"#N/A"},87110,1]
[{"$error":"#N/A"},87120,1]
[{"$error":"#N/A"},87144,1]
[{"$error":"#N/A"},88012,1]
[{"$error":"#N/A"},88201,1]
[{"$error":"#N/A"},89011,1]
[{"$error":"#N/A"},89044,1]
[{"$error":"#N/A"},89084,1]
[{"$error":"#N/A"},89105,1]
[{"$error":"#N/A"},89123,1]
[{"$error":"#N/A"},89128,1]
[{"$error":"#N/A"},89131,1]
[{"$error":"#N/A"},89135,1]
[{"$error":"#N/A"},89156,1]
[{"$error":"#N/A"},89436,1]
[{"$error":"#N/A"},89509,1]
[{"$error":"#N/A"},89521,1]
[{"$error":"#N/A"},90035,1]
[{"$error":"#N/A"},90275,1]
[{"$error":"#N/A"},90713,1]
[{"$error":"#N/A"},90808,1]
[{"$error":"#N/A"},90814,1]
[{"$error":"#N/A"},91107,1]
[{"$error":"#N/A"},91350,1]
[{"$error":"#N/A"},91361,1]
[{"$error":"#N/A"},91942,1]
[{"$error":"#N/A"},92008,1]
[{"$error":"#N/A"},92009,1]
[{"$error":"#N/A"},92021,1]
[{"$error":"#N/A"},92054,1]
[{"$error":"#N/A"},92065,1]
[{"$error":"#N/A"},92081,1]
[{"$error":"#N/A"},92108,1]
[{"$error":"#N/A"},92111,1]
[{"$error":"#N/A"},92116,1]
[{"$error":"#N/A"},92119,1]
[{"$error":"#N/A"},92129,1]
[{"$error":"#N/A"},92130,1]
[{"$error":"#N/A"},92131,1]
[{"$error":"#N/A"},92203,1]
[{"$error":"#N/A"},92253,1]
[{"$error":"#N/A"},92264,1]
[{"$error":"#N/A"},92543,1]
[{"$error":"#N/A"},92625,1]
[{"$error":"#N/A"},92629,1]
[{"$error":"#N/A"},92673,1]
[{"$error":"#N/A"},92675,1]
[{"$error":"#N/A"},92704,1]
[{"$error":"#N/A"},92867,1]
[{"$error":"#N/A"},93105,1]
[{"$error":"#N/A"},93117,1]
[{"$error":"#N/A"},93291,1]
[{"$error":"#N/A"},93306,1]
[{"$error":"#N/A"},93422,1]
[{"$error":"#N/A"},93427,1]
[{"$error":"#N/A"},94010,1]
[{"$error":"#N/A"},94044,1]
[{"$error":"#N/A"},94513,1]
[{"$error":"#N/A"},94595,1]
[{"$error":"#N/A"},94605,1]
[{"$error":"#N/A"},94608,1]
[{"$error":"#N/A"},95209,1]
[{"$error":"#N/A"},95240,1]
[{"$error":"#N/A"},95476,1]
[{"$error":"#N/A"},95618,1]
[{"$error":"#N/A"},95687,1]
[{"$error":"#N/A"},95758,1]
[{"$error":"#N/A"},95820,1]
[{"$error":"#N/A"},95827,1]
[{"$error":"#N/A"},96738,1]
[{"$error":"#N/A"},96744,1]
[{"$error":"#N/A"},97041,1]
[{"$error":"#N/A"},97070,1]
[{"$error":"#N/A"},97211,1]
[{"$error":"#N/A"},97214,1]
[{"$error":"#N/A"},97217,1]
[{"$error":"#N/A"},97224,1]
[{"$error":"#N/A"},97229,1]
[{"$error":"#N/A"},97280,1]
[{"$error":"#N/A"},97367,1]
[{"$error":"#N/A"},97402,1]
[{"$error":"#N/A"},97439,1]
[{"$error":"#N/A"},97501,1]
[{"$error":"#N/A"},97601,1]
[{"$error":"#N/A"},97702,1]
[{"$error":"#N/A"},97756,1]
[{"$error":"#N/A"},98007,1]
[{"$error":"#N/A"},98038,1]
[{"$error":"#N/A"},98042,1]
[{"$error":"#N/A"},98053,1]
[{"$error":"#N/A"},98074,1]
[{"$error":"#N/A"},98112,1]
[{"$error":"#N/A"},98221,1]
[{"$error":"#N/A"},98225,1]
[{"$error":"#N/A"},98229,1]
[{"$error":"#N/A"},98230,1]
[{"$error":"#N/A"},98262,1]
[{"$error":"#N/A"},98275,1]
[{"$error":"#N/A"},98311,1]
[{"$error":"#N/A"},98363,1]
[{"$error":"#N/A"},98365,1]
[{"$error":"#N/A"},98374,1]
[{"$error":"#N/A"},98501,1]
[{"$error":"#N/A"},98626,1]
[{"$error":"#N/A"},98665,1]
[{"$error":"#N/A"},99019,1]
[{"$error":"#N/A"},99026,1]
[{"$error":"#N/A"},99114,1]
[{"$error":"#N/A"},99352,1]
[{"$error":"#N/A"},99362,1]
[{"$error":"#N/A"},99503,1]
[{"$error":"#N/A"},99615,1]

{"sheet":"Distance - With","index":4,"n_rows":2221,"n_cols":33,"rows_kept":2221,"cut":false,"hidden":false,"merged":[[8,21,8,23],[8,24,8,26],[8,27,8,29],[8,30,8,32],[8,18,8,20],[6,3,6,5],[6,6,6,8],[6,9,6,11],[6,12,6,14],[6,15,6,17]]}
[null,null,{"$f":"SUM(C11:C42211)","v":43197},{"$f":"IF(D6=\"HIDE\",\"\",SUMPRODUCT('Access - With'!D$11:D$2221,D$11:D$2221)/SUM('Access - With'!D$11:D$2221))","v":{"$error":"#DIV/0!"}},{"$f":"IF(E6=\"HIDE\",\"\",SUMPRODUCT('Access - With'!E$11:E$2221,E$11:E$2221)/SUM('Access - With'!E$11:E$2221))","v":{"$error":"#DIV/0!"}},{"$f":"IF(F6=\"HIDE\",\"\",SUMPRODUCT('Access - With'!F$11:F$2221,F$11:F$2221)/SUM('Access - With'!F$11:F$2221))","v":{"$error":"#DIV/0!"}},{"$f":"IF(G6=\"HIDE\",\"\",SUMPRODUCT('Access - With'!G$11:G$2221,G$11:G$2221)/SUM('Access - With'!G$11:G$2221))","v":{"$error":"#DIV/0!"}},{"$f":"IF(H6=\"HIDE\",\"\",SUMPRODUCT('Access - With'!H$11:H$2221,H$11:H$2221)/SUM('Access - With'!H$11:H$2221))","v":{"$error":"#DIV/0!"}},{"$f":"IF(I6=\"HIDE\",\"\",SUMPRODUCT('Access - With'!I$11:I$2221,I$11:I$2221)/SUM('Access - With'!I$11:I$2221))","v":{"$error":"#DIV/0!"}},{"$f":"IF(J6=\"HIDE\",\"\",SUMPRODUCT('Access - With'!J$11:J$2221,J$11:J$2221)/SUM('Access - With'!J$11:J$2221))","v":{"$error":"#DIV/0!"}},{"$f":"IF(K6=\"HIDE\",\"\",SUMPRODUCT('Access - With'!K$11:K$2221,K$11:K$2221)/SUM('Access - With'!K$11:K$2221))","v":{"$error":"#DIV/0!"}},{"$f":"IF(L6=\"HIDE\",\"\",SUMPRODUCT('Access - With'!L$11:L$2221,L$11:L$2221)/SUM('Access - With'!L$11:L$2221))","v":{"$error":"#DIV/0!"}},{"$f":"IF(M6=\"HIDE\",\"\",SUMPRODUCT('Access - With'!M$11:M$2221,M$11:M$2221)/SUM('Access - With'!M$11:M$2221))","v":{"$error":"#DIV/0!"}},{"$f":"IF(N6=\"HIDE\",\"\",SUMPRODUCT('Access - With'!N$11:N$2221,N$11:N$2221)/SUM('Access - With'!N$11:N$2221))","v":{"$error":"#DIV/0!"}},{"$f":"IF(O6=\"HIDE\",\"\",SUMPRODUCT('Access - With'!O$11:O$2221,O$11:O$2221)/SUM('Access - With'!O$11:O$2221))","v":{"$error":"#DIV/0!"}},{"$f":"IF(P6=\"HIDE\",\"\",SUMPRODUCT('Access - With'!P$11:P$2221,P$11:P$2221)/SUM('Access - With'!P$11:P$2221))","v":{"$error":"#DIV/0!"}},{"$f":"IF(Q6=\"HIDE\",\"\",SUMPRODUCT('Access - With'!Q$11:Q$2221,Q$11:Q$2221)/SUM('Access - With'!Q$11:Q$2221))","v":{"$error":"#DIV/0!"}},{"$f":"IF(R6=\"HIDE\",\"\",SUMPRODUCT('Access - With'!R$11:R$2221,R$11:R$2221)/SUM('Access - With'!R$11:R$2221))","v":{"$error":"#DIV/0!"}},{"$f":"IF(S6=\"HIDE\",\"\",SUMPRODUCT('Access - With'!S$11:S$2221,S$11:S$2221)/SUM('Access - With'!S$11:S$2221))","v":""},{"$f":"IF(T6=\"HIDE\",\"\",SUMPRODUCT('Access - With'!T$11:T$2221,T$11:T$2221)/SUM('Access - With'!T$11:T$2221))","v":""},{"$f":"IF(U6=\"HIDE\",\"\",SUMPRODUCT('Access - With'!U$11:U$2221,U$11:U$2221)/SUM('Access - With'!U$11:U$2221))","v":""},{"$f":"IF(V6=\"HIDE\",\"\",SUMPRODUCT('Access - With'!V$11:V$2221,V$11:V$2221)/SUM('Access - With'!V$11:V$2221))","v":""},{"$f":"IF(W6=\"HIDE\",\"\",SUMPRODUCT('Access - With'!W$11:W$2221,W$11:W$2221)/SUM('Access - With'!W$11:W$2221))","v":""},{"$f":"IF(X6=\"HIDE\",\"\",SUMPRODUCT('Access - With'!X$11:X$2221,X$11:X$2221)/SUM('Access - With'!X$11:X$2221))","v":""},{"$f":"IF(Y6=\"HIDE\",\"\",SUMPRODUCT('Access - With'!Y$11:Y$2221,Y$11:Y$2221)/SUM('Access - With'!Y$11:Y$2221))","v":""},{"$f":"IF(Z6=\"HIDE\",\"\",SUMPRODUCT('Access - With'!Z$11:Z$2221,Z$11:Z$2221)/SUM('Access - With'!Z$11:Z$2221))","v":""},{"$f":"IF(AA6=\"HIDE\",\"\",SUMPRODUCT('Access - With'!AA$11:AA$2221,AA$11:AA$2221)/SUM('Access - With'!AA$11:AA$2221))","v":""},{"$f":"IF(AB6=\"HIDE\",\"\",SUMPRODUCT('Access - With'!AB$11:AB$2221,AB$11:AB$2221)/SUM('Access - With'!AB$11:AB$2221))","v":""},{"$f":"IF(AC6=\"HIDE\",\"\",SUMPRODUCT('Access - With'!AC$11:AC$2221,AC$11:AC$2221)/SUM('Access - With'!AC$11:AC$2221))","v":""},{"$f":"IF(AD6=\"HIDE\",\"\",SUMPRODUCT('Access - With'!AD$11:AD$2221,AD$11:AD$2221)/SUM('Access - With'!AD$11:AD$2221))","v":""},{"$f":"IF(AE6=\"HIDE\",\"\",SUMPRODUCT('Access - With'!AE$11:AE$2221,AE$11:AE$2221)/SUM('Access - With'!AE$11:AE$2221))","v":""},{"$f":"IF(AF6=\"HIDE\",\"\",SUMPRODUCT('Access - With'!AF$11:AF$2221,AF$11:AF$2221)/SUM('Access - With'!AF$11:AF$2221))","v":""},{"$f":"IF(AG6=\"HIDE\",\"\",SUMPRODUCT('Access - With'!AG$11:AG$2221,AG$11:AG$2221)/SUM('Access - With'!AG$11:AG$2221))","v":""}]
[null,"State of Delaware",null,"Provide the average driving distance to the indicated number of providers for employees who do not meet the access standards"]
[null,{"$f":"IF('Vendor Instructions'!$D$9=\"\",\"Vendor Name\",'Vendor Instructions'!$D$9)&\"-\"&IF('Vendor Instructions'!$D$10=\"\",\"Vendor Name\",'Vendor Instructions'!$D$10)","v":"[Enter vendor name here]-[Enter network name here]"},null,"For example, \"2 in 10\" means the average driving distance (among employees with at least 2 providers within 10 miles) to reach their 2nd nearest in-network provider"]
[null,null,null,"Provide a numeric (in miles) response to all columns requested (apply the full census to each access standard)"]
[null,null,null,"You may leave cells blank if all employees live within the defined access standard"]
[null,null,null,null,null,null,null,null,null,null,null,null,null,null,null,null,null,null,"HIDE","HIDE","HIDE","HIDE","HIDE","HIDE","HIDE","HIDE","HIDE","HIDE","HIDE","HIDE","HIDE","HIDE","HIDE"]
[null,null,"Provider Type","[DEN] General Dentists",null,null,"[DEN] Endodontists",null,null,"[DEN] Oral Surgeons",null,null,"[DEN] Periodontists",null,null,"[DEN] Orthodontists"]
[null,null,"Access Standard","3 in 5","2 in 10","2 in 15","2 in 10","2 in 15","2 in 20","2 in 10","2 in 15","2 in 20","2 in 10","2 in 15","2 in 20","2 in 10","2 in 15","2 in 20"]
[null,null,"Accepting New Patients?","Yes",null,null,"Yes",null,null,"Yes",null,null,"Yes",null,null,"Yes"]
[null,"Zip Code","EEs Provided"]
[{"$error":"#N/A"},19904,2342]
[{"$error":"#N/A"},19901,1785]
[{"$error":"#N/A"},19720,1703]
[{"$error":"#N/A"},19977,1660]
[{"$error":"#N/A"},19709,1553]
[{"$error":"#N/A"},19711,1509]
[{"$error":"#N/A"},19966,1426]
[{"$error":"#N/A"},19958,1415]
[{"$error":"#N/A"},19963,1364]
[{"$error":"#N/A"},19702,1320]
[{"$error":"#N/A"},19701,1251]
[{"$error":"#N/A"},19808,1153]
[{"$error":"#N/A"},19973,1101]
[{"$error":"#N/A"},19947,1048]
[{"$error":"#N/A"},19968,1003]
[{"$error":"#N/A"},19934,992]
[{"$error":"#N/A"},19943,954]
[{"$error":"#N/A"},19713,865]
[{"$error":"#N/A"},19805,838]
[{"$error":"#N/A"},19962,810]
[{"$error":"#N/A"},19938,710]
[{"$error":"#N/A"},19802,705]
[{"$error":"#N/A"},19956,673]
[{"$error":"#N/A"},19803,656]
[{"$error":"#N/A"},19952,655]
[{"$error":"#N/A"},19810,612]
[{"$error":"#N/A"},19971,537]
[{"$error":"#N/A"},19734,531]
[{"$error":"#N/A"},19707,524]
[{"$error":"#N/A"},19804,503]
[{"$error":"#N/A"},19950,404]
[{"$error":"#N/A"},19960,396]
[{"$error":"#N/A"},19809,388]
[{"$error":"#N/A"},21921,368]
[{"$error":"#N/A"},19945,359]
[{"$error":"#N/A"},19939,353]
[{"$error":"#N/A"},19933,341]
[{"$error":"#N/A"},19801,337]
[{"$error":"#N/A"},19946,323]
[{"$error":"#N/A"},19806,298]
[{"$error":"#N/A"},19953,292]
[{"$error":"#N/A"},19970,273]
[{"$error":"#N/A"},19703,272]
[{"$error":"#N/A"},19975,258]
[{"$error":"#N/A"},19940,167]
[{"$error":"#N/A"},19807,163]
[{"$error":"#N/A"},19941,158]
[{"$error":"#N/A"},19951,121]
[{"$error":"#N/A"},19350,113]
[{"$error":"#N/A"},19954,106]
[{"$error":"#N/A"},19706,83]
[{"$error":"#N/A"},19964,79]
[{"$error":"#N/A"},19342,78]
[{"$error":"#N/A"},21901,78]
[{"$error":"#N/A"},19348,76]
[{"$error":"#N/A"},21811,76]
[{"$error":"#N/A"},19979,68]
[{"$error":"#N/A"},21804,68]
[{"$error":"#N/A"},21875,60]
[{"$error":"#N/A"},19390,58]
[{"$error":"#N/A"},21801,58]
[{"$error":"#N/A"},19317,57]
[{"$error":"#N/A"},19363,46]
[{"$error":"#N/A"},19382,46]
[{"$error":"#N/A"},19930,45]
[{"$error":"#N/A"},19060,44]
[{"$error":"#N/A"},19352,44]
[{"$error":"#N/A"},21911,44]
[{"$error":"#N/A"},19311,42]
[{"$error":"#N/A"},19063,41]
[{"$error":"#N/A"},19967,39]
[{"$error":"#N/A"},8070,38]
[{"$error":"#N/A"},19061,36]
[{"$error":"#N/A"},19014,32]
[{"$error":"#N/A"},21915,32]
[{"$error":"#N/A"},21620,30]
[{"$error":"#N/A"},32162,29]
[{"$error":"#N/A"},8069,28]
[{"$error":"#N/A"},21842,28]
[{"$error":"#N/A"},21919,28]
[{"$error":"#N/A"},19730,27]
[{"$error":"#N/A"},19380,25]
[{"$error":"#N/A"},19903,24]
[{"$error":"#N/A"},8085,23]
[{"$error":"#N/A"},19320,21]
[{"$error":"#N/A"},21813,21]
[{"$error":"#N/A"},19013,20]
[{"$error":"#N/A"},19936,20]
[{"$error":"#N/A"},19955,20]
[{"$error":"#N/A"},21830,20]
[{"$error":"#N/A"},21912,20]
[{"$error":"#N/A"},19015,19]
[{"$error":"#N/A"},19731,19]
[{"$error":"#N/A"},19931,19]
[{"$error":"#N/A"},19335,18]
[{"$error":"#N/A"},19944,17]
[{"$error":"#N/A"},21629,17]
[{"$error":"#N/A"},21635,17]
[{"$error":"#N/A"},32163,17]
[{"$error":"#N/A"},19980,16]
[{"$error":"#N/A"},21853,16]
[{"$error":"#N/A"},21078,15]
[{"$error":"#N/A"},21904,15]
[{"$error":"#N/A"},8096,14]
[{"$error":"#N/A"},19143,14]
[{"$error":"#N/A"},19733,13]
[{"$error":"#N/A"},8098,12]
[{"$error":"#N/A"},17602,12]
[{"$error":"#N/A"},21639,12]
[{"$error":"#N/A"},8021,11]
[{"$error":"#N/A"},8079,11]
[{"$error":"#N/A"},19050,11]
[{"$error":"#N/A"},19146,11]
[{"$error":"#N/A"},21613,11]
[{"$error":"#N/A"},21849,11]
[{"$error":"#N/A"},29909,11]
[{"$error":"#N/A"},32159,11]
[{"$error":"#N/A"},34135,11]
[{"$error":"#N/A"},8081,10]
[{"$error":"#N/A"},8302,10]
[{"$error":"#N/A"},19064,10]
[{"$error":"#N/A"},21649,10]
[{"$error":"#N/A"},21651,10]
[{"$error":"#N/A"},19026,9]
[{"$error":"#N/A"},19081,9]
[{"$error":"#N/A"},19086,9]
[{"$error":"#N/A"},19714,9]
[{"$error":"#N/A"},21601,9]
[{"$error":"#N/A"},21643,9]
[{"$error":"#N/A"},27703,9]
[{"$error":"#N/A"},8332,8]
[{"$error":"#N/A"},19008,8]
[{"$error":"#N/A"},19330,8]
[{"$error":"#N/A"},19341,8]
[{"$error":"#N/A"},19362,8]
[{"$error":"#N/A"},19961,8]
[{"$error":"#N/A"},21632,8]
[{"$error":"#N/A"},21640,8]
[{"$error":"#N/A"},21678,8]
[{"$error":"#N/A"},32940,8]
[{"$error":"#N/A"},33573,8]
[{"$error":"#N/A"},34293,8]
[{"$error":"#N/A"},34481,8]
[{"$error":"#N/A"},34748,8]
[{"$error":"#N/A"},17543,7]
[{"$error":"#N/A"},19083,7]
[{"$error":"#N/A"},19087,7]
[{"$error":"#N/A"},19131,7]
[{"$error":"#N/A"},19147,7]
[{"$error":"#N/A"},19148,7]
[{"$error":"#N/A"},19732,7]
[{"$error":"#N/A"},21903,7]
[{"$error":"#N/A"},21917,7]
[{"$error":"#N/A"},29566,7]
[{"$error":"#N/A"},32164,7]
[{"$error":"#N/A"},32967,7]
[{"$error":"#N/A"},34114,7]
[{"$error":"#N/A"},34219,7]
[{"$error":"#N/A"},34287,7]
[{"$error":"#N/A"},17022,6]
[{"$error":"#N/A"},19142,6]
[{"$error":"#N/A"},19460,6]
[{"$error":"#N/A"},19899,6]
[{"$error":"#N/A"},20721,6]
[{"$error":"#N/A"},21001,6]
[{"$error":"#N/A"},21660,6]
[{"$error":"#N/A"},21826,6]
[{"$error":"#N/A"},21837,6]
[{"$error":"#N/A"},21850,6]
[{"$error":"#N/A"},21913,6]
[{"$error":"#N/A"},23356,6]
[{"$error":"#N/A"},29576,6]
[{"$error":"#N/A"},29707,6]
[{"$error":"#N/A"},33908,6]
[{"$error":"#N/A"},33913,6]
[{"$error":"#N/A"},33982,6]
[{"$error":"#N/A"},34606,6]
[{"$error":"#N/A"},8028,5]
[{"$error":"#N/A"},8104,5]
[{"$error":"#N/A"},8318,5]
[{"$error":"#N/A"},17603,5]
[{"$error":"#N/A"},19079,5]
[{"$error":"#N/A"},19082,5]
[{"$error":"#N/A"},19120,5]
[{"$error":"#N/A"},19124,5]
[{"$error":"#N/A"},19145,5]
[{"$error":"#N/A"},19355,5]
[{"$error":"#N/A"},19365,5]
[{"$error":"#N/A"},19736,5]
[{"$error":"#N/A"},19850,5]
[{"$error":"#N/A"},20147,5]
[{"$error":"#N/A"},21044,5]
[{"$error":"#N/A"},21617,5]
[{"$error":"#N/A"},21638,5]
[{"$error":"#N/A"},21655,5]
[{"$error":"#N/A"},21661,5]
[{"$error":"#N/A"},21922,5]
[{"$error":"#N/A"},23185,5]
[{"$error":"#N/A"},23336,5]
[{"$error":"#N/A"},27519,5]
[{"$error":"#N/A"},28451,5]
[{"$error":"#N/A"},29526,5]
[{"$error":"#N/A"},29928,5]
[{"$error":"#N/A"},32043,5]
[{"$error":"#N/A"},32124,5]
[{"$error":"#N/A"},33991,5]
[{"$error":"#N/A"},34221,5]
[{"$error":"#N/A"},34223,5]
[{"$error":"#N/A"},34491,5]
[{"$error":"#N/A"},34762,5]
[{"$error":"#N/A"},34987,5]
[{"$error":"#N/A"},8012,4]
[{"$error":"#N/A"},8046,4]
[{"$error":"#N/A"},8051,4]
[{"$error":"#N/A"},8066,4]
[{"$error":"#N/A"},8067,4]
[{"$error":"#N/A"},8090,4]
[{"$error":"#N/A"},8094,4]
[{"$error":"#N/A"},8204,4]
[{"$error":"#N/A"},8260,4]
[{"$error":"#N/A"},17566,4]
[{"$error":"#N/A"},17584,4]
[{"$error":"#N/A"},17601,4]
[{"$error":"#N/A"},19003,4]
[{"$error":"#N/A"},19018,4]
[{"$error":"#N/A"},19022,4]
[{"$error":"#N/A"},19023,4]
[{"$error":"#N/A"},19027,4]
[{"$error":"#N/A"},19033,4]
[{"$error":"#N/A"},19036,4]
[{"$error":"#N/A"},19106,4]
[{"$error":"#N/A"},19130,4]
[{"$error":"#N/A"},19151,4]
[{"$error":"#N/A"},19153,4]
[{"$error":"#N/A"},19347,4]
[{"$error":"#N/A"},19428,4]
[{"$error":"#N/A"},19446,4]
[{"$error":"#N/A"},19710,4]
[{"$error":"#N/A"},19969,4]
[{"$error":"#N/A"},21045,4]
[{"$error":"#N/A"},21234,4]
[{"$error":"#N/A"},21631,4]
[{"$error":"#N/A"},21702,4]
[{"$error":"#N/A"},21817,4]
[{"$error":"#N/A"},21861,4]
[{"$error":"#N/A"},21914,4]
[{"$error":"#N/A"},23238,4]
[{"$error":"#N/A"},24401,4]
[{"$error":"#N/A"},27606,4]
[{"$error":"#N/A"},28405,4]
[{"$error":"#N/A"},28412,4]
[{"$error":"#N/A"},28461,4]
[{"$error":"#N/A"},28562,4]
[{"$error":"#N/A"},28731,4]
[{"$error":"#N/A"},32724,4]
[{"$error":"#N/A"},32757,4]
[{"$error":"#N/A"},33446,4]
[{"$error":"#N/A"},33805,4]
[{"$error":"#N/A"},33837,4]
[{"$error":"#N/A"},33881,4]
[{"$error":"#N/A"},33950,4]
[{"$error":"#N/A"},33952,4]
[{"$error":"#N/A"},33980,4]
[{"$error":"#N/A"},33981,4]
[{"$error":"#N/A"},33983,4]
[{"$error":"#N/A"},34211,4]
[{"$error":"#N/A"},34238,4]
[{"$error":"#N/A"},34292,4]
[{"$error":"#N/A"},34747,4]
[{"$error":"#N/A"},34759,4]
[{"$error":"#N/A"},34786,4]
[{"$error":"#N/A"},8002,3]
[{"$error":"#N/A"},8080,3]
[{"$error":"#N/A"},8083,3]
[{"$error":"#N/A"},8093,3]
[{"$error":"#N/A"},8105,3]
[{"$error":"#N/A"},8226,3]
[{"$error":"#N/A"},8312,3]
[{"$error":"#N/A"},8401,3]
[{"$error":"#N/A"},8691,3]
[{"$error":"#N/A"},16652,3]
[{"$error":"#N/A"},17222,3]
[{"$error":"#N/A"},17552,3]
[{"$error":"#N/A"},17557,3]
[{"$error":"#N/A"},18436,3]
[{"$error":"#N/A"},18966,3]
[{"$error":"#N/A"},19070,3]
[{"$error":"#N/A"},19073,3]
[{"$error":"#N/A"},19078,3]
[{"$error":"#N/A"},19094,3]
[{"$error":"#N/A"},19103,3]
[{"$error":"#N/A"},19107,3]
[{"$error":"#N/A"},19119,3]
[{"$error":"#N/A"},19123,3]
[{"$error":"#N/A"},19128,3]
[{"$error":"#N/A"},19133,3]
[{"$error":"#N/A"},19141,3]
[{"$error":"#N/A"},19144,3]
[{"$error":"#N/A"},19518,3]
[{"$error":"#N/A"},19607,3]
[{"$error":"#N/A"},20012,3]
[{"$error":"#N/A"},20015,3]
[{"$error":"#N/A"},20187,3]
[{"$error":"#N/A"},21009,3]
[{"$error":"#N/A"},21015,3]
[{"$error":"#N/A"},21050,3]
[{"$error":"#N/A"},21060,3]
[{"$error":"#N/A"},21113,3]
[{"$error":"#N/A"},21157,3]
[{"$error":"#N/A"},21401,3]
[{"$error":"#N/A"},21502,3]
[{"$error":"#N/A"},21610,3]
[{"$error":"#N/A"},21636,3]
[{"$error":"#N/A"},21645,3]
[{"$error":"#N/A"},21658,3]
[{"$error":"#N/A"},21666,3]
[{"$error":"#N/A"},21701,3]
[{"$error":"#N/A"},21803,3]
[{"$error":"#N/A"},21821,3]
[{"$error":"#N/A"},21851,3]
[{"$error":"#N/A"},22150,3]
[{"$error":"#N/A"},22835,3]
[{"$error":"#N/A"},23454,3]
[{"$error":"#N/A"},23456,3]
[{"$error":"#N/A"},23832,3]
[{"$error":"#N/A"},24503,3]
[{"$error":"#N/A"},25427,3]
[{"$error":"#N/A"},27030,3]
[{"$error":"#N/A"},27106,3]
[{"$error":"#N/A"},27265,3]
[{"$error":"#N/A"},27526,3]
[{"$error":"#N/A"},27529,3]
[{"$error":"#N/A"},27540,3]
[{"$error":"#N/A"},27587,3]
[{"$error":"#N/A"},27889,3]
[{"$error":"#N/A"},28105,3]
[{"$error":"#N/A"},28403,3]
[{"$error":"#N/A"},28428,3]
[{"$error":"#N/A"},28443,3]
[{"$error":"#N/A"},28467,3]
[{"$error":"#N/A"},29045,3]
[{"$error":"#N/A"},29466,3]
[{"$error":"#N/A"},29483,3]
[{"$error":"#N/A"},29486,3]
[{"$error":"#N/A"},29575,3]
[{"$error":"#N/A"},29577,3]
[{"$error":"#N/A"},29579,3]
[{"$error":"#N/A"},29582,3]
[{"$error":"#N/A"},29585,3]
[{"$error":"#N/A"},29588,3]
[{"$error":"#N/A"},29681,3]
[{"$error":"#N/A"},29732,3]
[{"$error":"#N/A"},30506,3]
[{"$error":"#N/A"},30605,3]
[{"$error":"#N/A"},32034,3]
[{"$error":"#N/A"},32080,3]
[{"$error":"#N/A"},32224,3]
[{"$error":"#N/A"},32726,3]
[{"$error":"#N/A"},32778,3]
[{"$error":"#N/A"},32958,3]
[{"$error":"#N/A"},32963,3]
[{"$error":"#N/A"},33042,3]
[{"$error":"#N/A"},33408,3]
[{"$error":"#N/A"},33433,3]
[{"$error":"#N/A"},33445,3]
[{"$error":"#N/A"},33483,3]
[{"$error":"#N/A"},33647,3]
[{"$error":"#N/A"},33715,3]
[{"$error":"#N/A"},33764,3]
[{"$error":"#N/A"},33880,3]
[{"$error":"#N/A"},33904,3]
[{"$error":"#N/A"},33917,3]
[{"$error":"#N/A"},33955,3]
[{"$error":"#N/A"},33957,3]
[{"$error":"#N/A"},33993,3]
[{"$error":"#N/A"},34113,3]
[{"$error":"#N/A"},34117,3]
[{"$error":"#N/A"},34120,3]
[{"$error":"#N/A"},34203,3]
[{"$error":"#N/A"},34222,3]
[{"$error":"#N/A"},34240,3]
[{"$error":"#N/A"},34275,3]
[{"$error":"#N/A"},34609,3]
[{"$error":"#N/A"},34652,3]
[{"$error":"#N/A"},34667,3]
[{"$error":"#N/A"},34711,3]
[{"$error":"#N/A"},34772,3]
[{"$error":"#N/A"},34949,3]
[{"$error":"#N/A"},37122,3]
[{"$error":"#N/A"},44256,3]
[{"$error":"#N/A"},45040,3]
[{"$error":"#N/A"},65778,3]
[{"$error":"#N/A"},75043,3]
[{"$error":"#N/A"},76542,3]
[{"$error":"#N/A"},78633,3]
[{"$error":"#N/A"},80504,3]
[{"$error":"#N/A"},85351,3]
[{"$error":"#N/A"},85614,3]
[{"$error":"#N/A"},85748,3]
[{"$error":"#N/A"},1507,2]
[{"$error":"#N/A"},1754,2]
[{"$error":"#N/A"},1845,2]
[{"$error":"#N/A"},2818,2]
[{"$error":"#N/A"},4843,2]
[{"$error":"#N/A"},7040,2]
[{"$error":"#N/A"},7108,2]
[{"$error":"#N/A"},7712,2]
[{"$error":"#N/A"},8003,2]
[{"$error":"#N/A"},8008,2]
[{"$error":"#N/A"},8010,2]
[{"$error":"#N/A"},8023,2]
[{"$error":"#N/A"},8027,2]
[{"$error":"#N/A"},8033,2]
[{"$error":"#N/A"},8034,2]
[{"$error":"#N/A"},8035,2]
[{"$error":"#N/A"},8043,2]
[{"$error":"#N/A"},8053,2]
[{"$error":"#N/A"},8054,2]
[{"$error":"#N/A"},8061,2]
[{"$error":"#N/A"},8062,2]
[{"$error":"#N/A"},8075,2]
[{"$error":"#N/A"},8106,2]
[{"$error":"#N/A"},8107,2]
[{"$error":"#N/A"},8108,2]
[{"$error":"#N/A"},8109,2]
[{"$error":"#N/A"},8110,2]
[{"$error":"#N/A"},8203,2]
[{"$error":"#N/A"},8205,2]
[{"$error":"#N/A"},8210,2]
[{"$error":"#N/A"},8330,2]
[{"$error":"#N/A"},8360,2]
[{"$error":"#N/A"},8361,2]
[{"$error":"#N/A"},8406,2]
[{"$error":"#N/A"},8540,2]
[{"$error":"#N/A"},8759,2]
[{"$error":"#N/A"},11434,2]
[{"$error":"#N/A"},14830,2]
[{"$error":"#N/A"},16662,2]
[{"$error":"#N/A"},16743,2]
[{"$error":"#N/A"},16823,2]
[{"$error":"#N/A"},17067,2]
[{"$error":"#N/A"},17111,2]
[{"$error":"#N/A"},17112,2]
[{"$error":"#N/A"},17268,2]
[{"$error":"#N/A"},17320,2]
[{"$error":"#N/A"},17339,2]
[{"$error":"#N/A"},17356,2]
[{"$error":"#N/A"},17402,2]
[{"$error":"#N/A"},17529,2]
[{"$error":"#N/A"},17536,2]
[{"$error":"#N/A"},17579,2]
[{"$error":"#N/A"},17745,2]
[{"$error":"#N/A"},17771,2]
[{"$error":"#N/A"},17776,2]
[{"$error":"#N/A"},17815,2]
[{"$error":"#N/A"},18062,2]
[{"$error":"#N/A"},18078,2]
[{"$error":"#N/A"},18104,2]
[{"$error":"#N/A"},18235,2]
[{"$error":"#N/A"},18240,2]
[{"$error":"#N/A"},18504,2]
[{"$error":"#N/A"},18644,2]
[{"$error":"#N/A"},18901,2]
[{"$error":"#N/A"},18902,2]
[{"$error":"#N/A"},18940,2]
[{"$error":"#N/A"},18974,2]
[{"$error":"#N/A"},19002,2]
[{"$error":"#N/A"},19006,2]
[{"$error":"#N/A"},19010,2]
[{"$error":"#N/A"},19041,2]
[{"$error":"#N/A"},19043,2]
[{"$error":"#N/A"},19074,2]
[{"$error":"#N/A"},19076,2]
[{"$error":"#N/A"},19090,2]
[{"$error":"#N/A"},19121,2]
[{"$error":"#N/A"},19125,2]
[{"$error":"#N/A"},19129,2]
[{"$error":"#N/A"},19135,2]
[{"$error":"#N/A"},19139,2]
[{"$error":"#N/A"},19150,2]
[{"$error":"#N/A"},19152,2]
[{"$error":"#N/A"},19344,2]
[{"$error":"#N/A"},19351,2]
[{"$error":"#N/A"},19403,2]
[{"$error":"#N/A"},19422,2]
[{"$error":"#N/A"},19464,2]
[{"$error":"#N/A"},19510,2]
[{"$error":"#N/A"},19525,2]
[{"$error":"#N/A"},19567,2]
[{"$error":"#N/A"},19708,2]
[{"$error":"#N/A"},20152,2]
[{"$error":"#N/A"},20169,2]
[{"$error":"#N/A"},20171,2]
[{"$error":"#N/A"},20180,2]
[{"$error":"#N/A"},20602,2]
[{"$error":"#N/A"},20640,2]
[{"$error":"#N/A"},20650,2]
[{"$error":"#N/A"},20705,2]
[{"$error":"#N/A"},20706,2]
[{"$error":"#N/A"},20715,2]
[{"$error":"#N/A"},20735,2]
[{"$error":"#N/A"},20744,2]
[{"$error":"#N/A"},20815,2]
[{"$error":"#N/A"},20895,2]
[{"$error":"#N/A"},20912,2]
[{"$error":"#N/A"},21028,2]
[{"$error":"#N/A"},21030,2]
[{"$error":"#N/A"},21040,2]
[{"$error":"#N/A"},21043,2]
[{"$error":"#N/A"},21047,2]
[{"$error":"#N/A"},21061,2]
[{"$error":"#N/A"},21076,2]
[{"$error":"#N/A"},21108,2]
[{"$error":"#N/A"},21146,2]
[{"$error":"#N/A"},21228,2]
[{"$error":"#N/A"},21619,2]
[{"$error":"#N/A"},21628,2]
[{"$error":"#N/A"},21654,2]
[{"$error":"#N/A"},21659,2]
[{"$error":"#N/A"},21663,2]
[{"$error":"#N/A"},21667,2]
[{"$error":"#N/A"},21668,2]
[{"$error":"#N/A"},21673,2]
[{"$error":"#N/A"},21742,2]
[{"$error":"#N/A"},21822,2]
[{"$error":"#N/A"},21838,2]
[{"$error":"#N/A"},21840,2]
[{"$error":"#N/A"},21863,2]
[{"$error":"#N/A"},21871,2]
[{"$error":"#N/A"},21872,2]
[{"$error":"#N/A"},21874,2]
[{"$error":"#N/A"},21918,2]
[{"$error":"#N/A"},22401,2]
[{"$error":"#N/A"},22406,2]
[{"$error":"#N/A"},22485,2]
[{"$error":"#N/A"},22902,2]
[{"$error":"#N/A"},22911,2]
[{"$error":"#N/A"},23059,2]
[{"$error":"#N/A"},23061,2]
[{"$error":"#N/A"},23112,2]
[{"$error":"#N/A"},23117,2]
[{"$error":"#N/A"},23139,2]
[{"$error":"#N/A"},23229,2]
[{"$error":"#N/A"},23235,2]
[{"$error":"#N/A"},23320,2]
[{"$error":"#N/A"},23350,2]
[{"$error":"#N/A"},23395,2]
[{"$error":"#N/A"},23401,2]
[{"$error":"#N/A"},23435,2]
[{"$error":"#N/A"},23451,2]
[{"$error":"#N/A"},23831,2]
[{"$error":"#N/A"},23836,2]
[{"$error":"#N/A"},24060,2]
[{"$error":"#N/A"},24101,2]
[{"$error":"#N/A"},24450,2]
[{"$error":"#N/A"},24558,2]
[{"$error":"#N/A"},25303,2]
[{"$error":"#N/A"},27215,2]
[{"$error":"#N/A"},27284,2]
[{"$error":"#N/A"},27406,2]
[{"$error":"#N/A"},27520,2]
[{"$error":"#N/A"},27523,2]
[{"$error":"#N/A"},27527,2]
[{"$error":"#N/A"},27616,2]
[{"$error":"#N/A"},27804,2]
[{"$error":"#N/A"},27850,2]
[{"$error":"#N/A"},27936,2]
[{"$error":"#N/A"},28075,2]
[{"$error":"#N/A"},28115,2]
[{"$error":"#N/A"},28173,2]
[{"$error":"#N/A"},28227,2]
[{"$error":"#N/A"},28337,2]
[{"$error":"#N/A"},28374,2]
[{"$error":"#N/A"},28462,2]
[{"$error":"#N/A"},28512,2]
[{"$error":"#N/A"},28546,2]
[{"$error":"#N/A"},28557,2]
[{"$error":"#N/A"},28613,2]
[{"$error":"#N/A"},28734,2]
[{"$error":"#N/A"},29016,2]
[{"$error":"#N/A"},29036,2]
[{"$error":"#N/A"},29072,2]
[{"$error":"#N/A"},29102,2]
[{"$error":"#N/A"},29148,2]
[{"$error":"#N/A"},29154,2]
[{"$error":"#N/A"},29301,2]
[{"$error":"#N/A"},29414,2]
[{"$error":"#N/A"},29440,2]
[{"$error":"#N/A"},29455,2]
[{"$error":"#N/A"},29470,2]
[{"$error":"#N/A"},29505,2]
[{"$error":"#N/A"},29560,2]
[{"$error":"#N/A"},29803,2]
[{"$error":"#N/A"},29910,2]
[{"$error":"#N/A"},29927,2]
[{"$error":"#N/A"},30004,2]
[{"$error":"#N/A"},30019,2]
[{"$error":"#N/A"},30022,2]
[{"$error":"#N/A"},30024,2]
[{"$error":"#N/A"},30041,2]
[{"$error":"#N/A"},30043,2]
[{"$error":"#N/A"},30084,2]
[{"$error":"#N/A"},30101,2]
[{"$error":"#N/A"},30114,2]
[{"$error":"#N/A"},30127,2]
[{"$error":"#N/A"},30134,2]
[{"$error":"#N/A"},30276,2]
[{"$error":"#N/A"},30331,2]
[{"$error":"#N/A"},30680,2]
[{"$error":"#N/A"},30815,2]
[{"$error":"#N/A"},31522,2]
[{"$error":"#N/A"},31632,2]
[{"$error":"#N/A"},32065,2]
[{"$error":"#N/A"},32082,2]
[{"$error":"#N/A"},32086,2]
[{"$error":"#N/A"},32095,2]
[{"$error":"#N/A"},32127,2]
[{"$error":"#N/A"},32137,2]
[{"$error":"#N/A"},32168,2]
[{"$error":"#N/A"},32174,2]
[{"$error":"#N/A"},32176,2]
[{"$error":"#N/A"},32205,2]
[{"$error":"#N/A"},32233,2]
[{"$error":"#N/A"},32256,2]
[{"$error":"#N/A"},32404,2]
[{"$error":"#N/A"},32536,2]
[{"$error":"#N/A"},32547,2]
[{"$error":"#N/A"},32707,2]
[{"$error":"#N/A"},32796,2]
[{"$error":"#N/A"},32837,2]
[{"$error":"#N/A"},32901,2]
[{"$error":"#N/A"},32904,2]
[{"$error":"#N/A"},32937,2]
[{"$error":"#N/A"},32953,2]
[{"$error":"#N/A"},32962,2]
[{"$error":"#N/A"},33050,2]
[{"$error":"#N/A"},33064,2]
[{"$error":"#N/A"},33069,2]
[{"$error":"#N/A"},33139,2]
[{"$error":"#N/A"},33321,2]
[{"$error":"#N/A"},33411,2]
[{"$error":"#N/A"},33414,2]
[{"$error":"#N/A"},33434,2]
[{"$error":"#N/A"},33435,2]
[{"$error":"#N/A"},33437,2]
[{"$error":"#N/A"},33458,2]
[{"$error":"#N/A"},33473,2]
[{"$error":"#N/A"},33484,2]
[{"$error":"#N/A"},33486,2]
[{"$error":"#N/A"},33558,2]
[{"$error":"#N/A"},33572,2]
[{"$error":"#N/A"},33578,2]
[{"$error":"#N/A"},33598,2]
[{"$error":"#N/A"},33625,2]
[{"$error":"#N/A"},33706,2]
[{"$error":"#N/A"},33707,2]
[{"$error":"#N/A"},33774,2]
[{"$error":"#N/A"},33809,2]
[{"$error":"#N/A"},33823,2]
[{"$error":"#N/A"},33852,2]
[{"$error":"#N/A"},33884,2]
[{"$error":"#N/A"},33909,2]
[{"$error":"#N/A"},33928,2]
[{"$error":"#N/A"},33931,2]
[{"$error":"#N/A"},33948,2]
[{"$error":"#N/A"},33954,2]
[{"$error":"#N/A"},33966,2]
[{"$error":"#N/A"},33967,2]
[{"$error":"#N/A"},34108,2]
[{"$error":"#N/A"},34209,2]
[{"$error":"#N/A"},34243,2]
[{"$error":"#N/A"},34285,2]
[{"$error":"#N/A"},34289,2]
[{"$error":"#N/A"},34461,2]
[{"$error":"#N/A"},34601,2]
[{"$error":"#N/A"},34610,2]
[{"$error":"#N/A"},34639,2]
[{"$error":"#N/A"},34655,2]
[{"$error":"#N/A"},34691,2]
[{"$error":"#N/A"},34698,2]
[{"$error":"#N/A"},34714,2]
[{"$error":"#N/A"},34746,2]
[{"$error":"#N/A"},34758,2]
[{"$error":"#N/A"},34953,2]
[{"$error":"#N/A"},34957,2]
[{"$error":"#N/A"},35022,2]
[{"$error":"#N/A"},35593,2]
[{"$error":"#N/A"},35748,2]
[{"$error":"#N/A"},36532,2]
[{"$error":"#N/A"},37043,2]
[{"$error":"#N/A"},37066,2]
[{"$error":"#N/A"},37312,2]
[{"$error":"#N/A"},37861,2]
[{"$error":"#N/A"},37934,2]
[{"$error":"#N/A"},39503,2]
[{"$error":"#N/A"},39897,2]
[{"$error":"#N/A"},40299,2]
[{"$error":"#N/A"},43076,2]
[{"$error":"#N/A"},44406,2]
[{"$error":"#N/A"},46033,2]
[{"$error":"#N/A"},49431,2]
[{"$error":"#N/A"},57730,2]
[{"$error":"#N/A"},59870,2]
[{"$error":"#N/A"},76227,2]
[{"$error":"#N/A"},77018,2]
[{"$error":"#N/A"},77459,2]
[{"$error":"#N/A"},77469,2]
[{"$error":"#N/A"},77493,2]
[{"$error":"#N/A"},77573,2]
[{"$error":"#N/A"},78245,2]
[{"$error":"#N/A"},78260,2]
[{"$error":"#N/A"},78261,2]
[{"$error":"#N/A"},78628,2]
[{"$error":"#N/A"},80517,2]
[{"$error":"#N/A"},84780,2]
[{"$error":"#N/A"},85298,2]
[{"$error":"#N/A"},85373,2]
[{"$error":"#N/A"},85395,2]
[{"$error":"#N/A"},85635,2]
[{"$error":"#N/A"},85658,2]
[{"$error":"#N/A"},85737,2]
[{"$error":"#N/A"},85739,2]
[{"$error":"#N/A"},89032,2]
[{"$error":"#N/A"},89052,2]
[{"$error":"#N/A"},90094,2]
[{"$error":"#N/A"},92037,2]
[{"$error":"#N/A"},96706,2]
[{"$error":"#N/A"},96740,2]
[{"$error":"#N/A"},97206,2]
[{"$error":"#N/A"},98136,2]
[{"$error":"#N/A"},98362,2]
[{"$error":"#N/A"},637,1]
[{"$error":"#N/A"},650,1]
[{"$error":"#N/A"},682,1]
[{"$error":"#N/A"},754,1]
[{"$error":"#N/A"},820,1]
[{"$error":"#N/A"},1002,1]
[{"$error":"#N/A"},1096,1]
[{"$error":"#N/A"},1129,1]
[{"$error":"#N/A"},1452,1]
[{"$error":"#N/A"},1453,1]
[{"$error":"#N/A"},1516,1]
[{"$error":"#N/A"},1950,1]
[{"$error":"#N/A"},1960,1]
[{"$error":"#N/A"},2035,1]
[{"$error":"#N/A"},2043,1]
[{"$error":"#N/A"},2121,1]
[{"$error":"#N/A"},2136,1]
[{"$error":"#N/A"},2139,1]
[{"$error":"#N/A"},2184,1]
[{"$error":"#N/A"},2360,1]
[{"$error":"#N/A"},2420,1]
[{"$error":"#N/A"},2445,1]
[{"$error":"#N/A"},2540,1]
[{"$error":"#N/A"},2631,1]
[{"$error":"#N/A"},2651,1]
[{"$error":"#N/A"},2653,1]
[{"$error":"#N/A"},2663,1]
[{"$error":"#N/A"},2673,1]
[{"$error":"#N/A"},2675,1]
[{"$error":"#N/A"},2777,1]
[{"$error":"#N/A"},2861,1]
[{"$error":"#N/A"},2892,1]
[{"$error":"#N/A"},2906,1]
[{"$error":"#N/A"},2910,1]
[{"$error":"#N/A"},3062,1]
[{"$error":"#N/A"},3301,1]
[{"$error":"#N/A"},3304,1]
[{"$error":"#N/A"},3595,1]
[{"$error":"#N/A"},3740,1]
[{"$error":"#N/A"},3753,1]
[{"$error":"#N/A"},3801,1]
[{"$error":"#N/A"},3842,1]
[{"$error":"#N/A"},3848,1]
[{"$error":"#N/A"},3856,1]
[{"$error":"#N/A"},4072,1]
[{"$error":"#N/A"},4074,1]
[{"$error":"#N/A"},4076,1]
[{"$error":"#N/A"},4090,1]
[{"$error":"#N/A"},4106,1]
[{"$error":"#N/A"},4210,1]
[{"$error":"#N/A"},4282,1]
[{"$error":"#N/A"},4294,1]
[{"$error":"#N/A"},4352,1]
[{"$error":"#N/A"},4401,1]
[{"$error":"#N/A"},4464,1]
[{"$error":"#N/A"},4578,1]
[{"$error":"#N/A"},4605,1]
[{"$error":"#N/A"},4627,1]
[{"$error":"#N/A"},4776,1]
[{"$error":"#N/A"},4848,1]
[{"$error":"#N/A"},4854,1]
[{"$error":"#N/A"},4901,1]
[{"$error":"#N/A"},4917,1]
[{"$error":"#N/A"},4939,1]
[{"$error":"#N/A"},5037,1]
[{"$error":"#N/A"},5143,1]
[{"$error":"#N/A"},5201,1]
[{"$error":"#N/A"},5401,1]
[{"$error":"#N/A"},5403,1]
[{"$error":"#N/A"},5452,1]
[{"$error":"#N/A"},5464,1]
[{"$error":"#N/A"},5488,1]
[{"$error":"#N/A"},5701,1]
[{"$error":"#N/A"},6082,1]
[{"$error":"#N/A"},6095,1]
[{"$error":"#N/A"},6096,1]
[{"$error":"#N/A"},6237,1]
[{"$error":"#N/A"},6351,1]
[{"$error":"#N/A"},6355,1]
[{"$error":"#N/A"},6415,1]
[{"$error":"#N/A"},6443,1]
[{"$error":"#N/A"},6488,1]
[{"$error":"#N/A"},6498,1]
[{"$error":"#N/A"},6516,1]
[{"$error":"#N/A"},6604,1]
[{"$error":"#N/A"},6850,1]
[{"$error":"#N/A"},7010,1]
[{"$error":"#N/A"},7016,1]
[{"$error":"#N/A"},7071,1]
[{"$error":"#N/A"},7103,1]
[{"$error":"#N/A"},7302,1]
[{"$error":"#N/A"},7444,1]
[{"$error":"#N/A"},7450,1]
[{"$error":"#N/A"},7461,1]
[{"$error":"#N/A"},7481,1]
[{"$error":"#N/A"},7601,1]
[{"$error":"#N/A"},7645,1]
[{"$error":"#N/A"},7675,1]
[{"$error":"#N/A"},7677,1]
[{"$error":"#N/A"},7719,1]
[{"$error":"#N/A"},7746,1]
[{"$error":"#N/A"},7756,1]
[{"$error":"#N/A"},7840,1]
[{"$error":"#N/A"},7843,1]
[{"$error":"#N/A"},7860,1]
[{"$error":"#N/A"},7866,1]
[{"$error":"#N/A"},7930,1]
[{"$error":"#N/A"},8004,1]
[{"$error":"#N/A"},8009,1]
[{"$error":"#N/A"},8015,1]
[{"$error":"#N/A"},8016,1]
[{"$error":"#N/A"},8020,1]
[{"$error":"#N/A"},8022,1]
[{"$error":"#N/A"},8030,1]
[{"$error":"#N/A"},8031,1]
[{"$error":"#N/A"},8037,1]
[{"$error":"#N/A"},8038,1]
[{"$error":"#N/A"},8045,1]
[{"$error":"#N/A"},8050,1]
[{"$error":"#N/A"},8052,1]
[{"$error":"#N/A"},8055,1]
[{"$error":"#N/A"},8060,1]
[{"$error":"#N/A"},8063,1]
[{"$error":"#N/A"},8072,1]
[{"$error":"#N/A"},8078,1]
[{"$error":"#N/A"},8084,1]
[{"$error":"#N/A"},8086,1]
[{"$error":"#N/A"},8102,1]
[{"$error":"#N/A"},8215,1]
[{"$error":"#N/A"},8221,1]
[{"$error":"#N/A"},8241,1]
[{"$error":"#N/A"},8243,1]
[{"$error":"#N/A"},8251,1]
[{"$error":"#N/A"},8320,1]
[{"$error":"#N/A"},8322,1]
[{"$error":"#N/A"},8343,1]
[{"$error":"#N/A"},8344,1]
[{"$error":"#N/A"},8362,1]
[{"$error":"#N/A"},8402,1]
[{"$error":"#N/A"},8505,1]
[{"$error":"#N/A"},8514,1]
[{"$error":"#N/A"},8534,1]
[{"$error":"#N/A"},8542,1]
[{"$error":"#N/A"},8559,1]
[{"$error":"#N/A"},8610,1]
[{"$error":"#N/A"},8620,1]
[{"$error":"#N/A"},8648,1]
[{"$error":"#N/A"},8701,1]
[{"$error":"#N/A"},8751,1]
[{"$error":"#N/A"},8757,1]
[{"$error":"#N/A"},8758,1]
[{"$error":"#N/A"},8801,1]
[{"$error":"#N/A"},8816,1]
[{"$error":"#N/A"},8857,1]
[{"$error":"#N/A"},8859,1]
[{"$error":"#N/A"},8873,1]
[{"$error":"#N/A"},10010,1]
[{"$error":"#N/A"},10018,1]
[{"$error":"#N/A"},10044,1]
[{"$error":"#N/A"},10128,1]
[{"$error":"#N/A"},10460,1]
[{"$error":"#N/A"},10527,1]
[{"$error":"#N/A"},10598,1]
[{"$error":"#N/A"},10607,1]
[{"$error":"#N/A"},10706,1]
[{"$error":"#N/A"},11010,1]
[{"$error":"#N/A"},11021,1]
[{"$error":"#N/A"},11105,1]
[{"$error":"#N/A"},11231,1]
[{"$error":"#N/A"},11254,1]
[{"$error":"#N/A"},11369,1]
[{"$error":"#N/A"},11411,1]
[{"$error":"#N/A"},11510,1]
[{"$error":"#N/A"},11530,1]
[{"$error":"#N/A"},11691,1]
[{"$error":"#N/A"},11743,1]
[{"$error":"#N/A"},11937,1]
[{"$error":"#N/A"},11961,1]
[{"$error":"#N/A"},11977,1]
[{"$error":"#N/A"},12065,1]
[{"$error":"#N/A"},12090,1]
[{"$error":"#N/A"},12401,1]
[{"$error":"#N/A"},12472,1]
[{"$error":"#N/A"},12776,1]
[{"$error":"#N/A"},12831,1]
[{"$error":"#N/A"},12866,1]
[{"$error":"#N/A"},13045,1]
[{"$error":"#N/A"},13057,1]
[{"$error":"#N/A"},13167,1]
[{"$error":"#N/A"},13808,1]
[{"$error":"#N/A"},14092,1]
[{"$error":"#N/A"},14424,1]
[{"$error":"#N/A"},14450,1]
[{"$error":"#N/A"},14472,1]
[{"$error":"#N/A"},14616,1]
[{"$error":"#N/A"},14626,1]
[{"$error":"#N/A"},14701,1]
[{"$error":"#N/A"},14826,1]
[{"$error":"#N/A"},14891,1]
[{"$error":"#N/A"},14901,1]
[{"$error":"#N/A"},15037,1]
[{"$error":"#N/A"},15067,1]
[{"$error":"#N/A"},15101,1]
[{"$error":"#N/A"},15108,1]
[{"$error":"#N/A"},15137,1]
[{"$error":"#N/A"},15147,1]
[{"$error":"#N/A"},15202,1]
[{"$error":"#N/A"},15216,1]
[{"$error":"#N/A"},15218,1]
[{"$error":"#N/A"},15301,1]
[{"$error":"#N/A"},15317,1]
[{"$error":"#N/A"},15323,1]
[{"$error":"#N/A"},15401,1]
[{"$error":"#N/A"},15658,1]
[{"$error":"#N/A"},15676,1]
[{"$error":"#N/A"},15701,1]
[{"$error":"#N/A"},15759,1]
[{"$error":"#N/A"},15824,1]
[{"$error":"#N/A"},15825,1]
[{"$error":"#N/A"},15834,1]
[{"$error":"#N/A"},15905,1]
[{"$error":"#N/A"},15928,1]
[{"$error":"#N/A"},16001,1]
[{"$error":"#N/A"},16002,1]
[{"$error":"#N/A"},16057,1]
[{"$error":"#N/A"},16066,1]
[{"$error":"#N/A"},16111,1]
[{"$error":"#N/A"},16148,1]
[{"$error":"#N/A"},16323,1]
[{"$error":"#N/A"},16412,1]
[{"$error":"#N/A"},16506,1]
[{"$error":"#N/A"},16509,1]
[{"$error":"#N/A"},16650,1]
[{"$error":"#N/A"},16680,1]
[{"$error":"#N/A"},16801,1]
[{"$error":"#N/A"},16803,1]
[{"$error":"#N/A"},16868,1]
[{"$error":"#N/A"},16875,1]
[{"$error":"#N/A"},16901,1]
[{"$error":"#N/A"},16946,1]
[{"$error":"#N/A"},17015,1]
[{"$error":"#N/A"},17019,1]
[{"$error":"#N/A"},17042,1]
[{"$error":"#N/A"},17050,1]
[{"$error":"#N/A"},17055,1]
[{"$error":"#N/A"},17057,1]
[{"$error":"#N/A"},17063,1]
[{"$error":"#N/A"},17066,1]
[{"$error":"#N/A"},17202,1]
[{"$error":"#N/A"},17228,1]
[{"$error":"#N/A"},17241,1]
[{"$error":"#N/A"},17257,1]
[{"$error":"#N/A"},17314,1]
[{"$error":"#N/A"},17315,1]
[{"$error":"#N/A"},17350,1]
[{"$error":"#N/A"},17362,1]
[{"$error":"#N/A"},17403,1]
[{"$error":"#N/A"},17406,1]
[{"$error":"#N/A"},17505,1]
[{"$error":"#N/A"},17512,1]
[{"$error":"#N/A"},17516,1]
[{"$error":"#N/A"},17517,1]
[{"$error":"#N/A"},17519,1]
[{"$error":"#N/A"},17527,1]
[{"$error":"#N/A"},17532,1]
[{"$error":"#N/A"},17538,1]
[{"$error":"#N/A"},17545,1]
[{"$error":"#N/A"},17563,1]
[{"$error":"#N/A"},17565,1]
[{"$error":"#N/A"},17702,1]
[{"$error":"#N/A"},17731,1]
[{"$error":"#N/A"},17740,1]
[{"$error":"#N/A"},17754,1]
[{"$error":"#N/A"},17841,1]
[{"$error":"#N/A"},17846,1]
[{"$error":"#N/A"},18014,1]
[{"$error":"#N/A"},18017,1]
[{"$error":"#N/A"},18018,1]
[{"$error":"#N/A"},18032,1]
[{"$error":"#N/A"},18034,1]
[{"$error":"#N/A"},18049,1]
[{"$error":"#N/A"},18055,1]
[{"$error":"#N/A"},18067,1]
[{"$error":"#N/A"},18069,1]
[{"$error":"#N/A"},18071,1]
[{"$error":"#N/A"},18106,1]
[{"$error":"#N/A"},18202,1]
[{"$error":"#N/A"},18218,1]
[{"$error":"#N/A"},18229,1]
[{"$error":"#N/A"},18302,1]
[{"$error":"#N/A"},18343,1]
[{"$error":"#N/A"},18346,1]
[{"$error":"#N/A"},18347,1]
[{"$error":"#N/A"},18353,1]
[{"$error":"#N/A"},18407,1]
[{"$error":"#N/A"},18424,1]
[{"$error":"#N/A"},18431,1]
[{"$error":"#N/A"},18433,1]
[{"$error":"#N/A"},18452,1]
[{"$error":"#N/A"},18466,1]
[{"$error":"#N/A"},18472,1]
[{"$error":"#N/A"},18603,1]
[{"$error":"#N/A"},18621,1]
[{"$error":"#N/A"},18628,1]
[{"$error":"#N/A"},18661,1]
[{"$error":"#N/A"},18833,1]
[{"$error":"#N/A"},18834,1]
[{"$error":"#N/A"},18845,1]
[{"$error":"#N/A"},18853,1]
[{"$error":"#N/A"},18917,1]
[{"$error":"#N/A"},18925,1]
[{"$error":"#N/A"},18951,1]
[{"$error":"#N/A"},18960,1]
[{"$error":"#N/A"},18972,1]
[{"$error":"#N/A"},19004,1]
[{"$error":"#N/A"},19016,1]
[{"$error":"#N/A"},19020,1]
[{"$error":"#N/A"},19021,1]
[{"$error":"#N/A"},19025,1]
[{"$error":"#N/A"},19029,1]
[{"$error":"#N/A"},19032,1]
[{"$error":"#N/A"},19038,1]
[{"$error":"#N/A"},19040,1]
[{"$error":"#N/A"},19053,1]
[{"$error":"#N/A"},19056,1]
[{"$error":"#N/A"},19057,1]
[{"$error":"#N/A"},19067,1]
[{"$error":"#N/A"},19072,1]
[{"$error":"#N/A"},19101,1]
[{"$error":"#N/A"},19102,1]
[{"$error":"#N/A"},19104,1]
[{"$error":"#N/A"},19111,1]
[{"$error":"#N/A"},19114,1]
[{"$error":"#N/A"},19116,1]
[{"$error":"#N/A"},19126,1]
[{"$error":"#N/A"},19136,1]
[{"$error":"#N/A"},19140,1]
[{"$error":"#N/A"},19301,1]
[{"$error":"#N/A"},19310,1]
[{"$error":"#N/A"},19312,1]
[{"$error":"#N/A"},19333,1]
[{"$error":"#N/A"},19360,1]
[{"$error":"#N/A"},19369,1]
[{"$error":"#N/A"},19373,1]
[{"$error":"#N/A"},19374,1]
[{"$error":"#N/A"},19375,1]
[{"$error":"#N/A"},19405,1]
[{"$error":"#N/A"},19406,1]
[{"$error":"#N/A"},19425,1]
[{"$error":"#N/A"},19426,1]
[{"$error":"#N/A"},19438,1]
[{"$error":"#N/A"},19440,1]
[{"$error":"#N/A"},19444,1]
[{"$error":"#N/A"},19454,1]
[{"$error":"#N/A"},19462,1]
[{"$error":"#N/A"},19465,1]
[{"$error":"#N/A"},19477,1]
[{"$error":"#N/A"},19505,1]
[{"$error":"#N/A"},19506,1]
[{"$error":"#N/A"},19522,1]
[{"$error":"#N/A"},19560,1]
[{"$error":"#N/A"},19562,1]
[{"$error":"#N/A"},19565,1]
[{"$error":"#N/A"},19601,1]
[{"$error":"#N/A"},19606,1]
[{"$error":"#N/A"},19609,1]
[{"$error":"#N/A"},20007,1]
[{"$error":"#N/A"},20008,1]
[{"$error":"#N/A"},20016,1]
[{"$error":"#N/A"},20037,1]
[{"$error":"#N/A"},20117,1]
[{"$error":"#N/A"},20132,1]
[{"$error":"#N/A"},20164,1]
[{"$error":"#N/A"},20165,1]
[{"$error":"#N/A"},20170,1]
[{"$error":"#N/A"},20176,1]
[{"$error":"#N/A"},20619,1]
[{"$error":"#N/A"},20646,1]
[{"$error":"#N/A"},20688,1]
[{"$error":"#N/A"},20707,1]
[{"$error":"#N/A"},20720,1]
[{"$error":"#N/A"},20723,1]
[{"$error":"#N/A"},20732,1]
[{"$error":"#N/A"},20743,1]
[{"$error":"#N/A"},20772,1]
[{"$error":"#N/A"},20784,1]
[{"$error":"#N/A"},20785,1]
[{"$error":"#N/A"},20794,1]
[{"$error":"#N/A"},20850,1]
[{"$error":"#N/A"},20852,1]
[{"$error":"#N/A"},20853,1]
[{"$error":"#N/A"},20872,1]
[{"$error":"#N/A"},20874,1]
[{"$error":"#N/A"},20903,1]
[{"$error":"#N/A"},20906,1]
[{"$error":"#N/A"},20910,1]
[{"$error":"#N/A"},21012,1]
[{"$error":"#N/A"},21017,1]
[{"$error":"#N/A"},21029,1]
[{"$error":"#N/A"},21042,1]
[{"$error":"#N/A"},21054,1]
[{"$error":"#N/A"},21057,1]
[{"$error":"#N/A"},21077,1]
[{"$error":"#N/A"},21093,1]
[{"$error":"#N/A"},21111,1]
[{"$error":"#N/A"},21114,1]
[{"$error":"#N/A"},21117,1]
[{"$error":"#N/A"},21155,1]
[{"$error":"#N/A"},21162,1]
[{"$error":"#N/A"},21163,1]
[{"$error":"#N/A"},21201,1]
[{"$error":"#N/A"},21202,1]
[{"$error":"#N/A"},21208,1]
[{"$error":"#N/A"},21210,1]
[{"$error":"#N/A"},21212,1]
[{"$error":"#N/A"},21216,1]
[{"$error":"#N/A"},21220,1]
[{"$error":"#N/A"},21222,1]
[{"$error":"#N/A"},21224,1]
[{"$error":"#N/A"},21227,1]
[{"$error":"#N/A"},21229,1]
[{"$error":"#N/A"},21237,1]
[{"$error":"#N/A"},21239,1]
[{"$error":"#N/A"},21531,1]
[{"$error":"#N/A"},21541,1]
[{"$error":"#N/A"},21607,1]
[{"$error":"#N/A"},21623,1]
[{"$error":"#N/A"},21625,1]
[{"$error":"#N/A"},21657,1]
[{"$error":"#N/A"},21662,1]
[{"$error":"#N/A"},21670,1]
[{"$error":"#N/A"},21677,1]
[{"$error":"#N/A"},21704,1]
[{"$error":"#N/A"},21738,1]
[{"$error":"#N/A"},21740,1]
[{"$error":"#N/A"},21773,1]
[{"$error":"#N/A"},21774,1]
[{"$error":"#N/A"},21784,1]
[{"$error":"#N/A"},21791,1]
[{"$error":"#N/A"},21802,1]
[{"$error":"#N/A"},21814,1]
[{"$error":"#N/A"},21843,1]
[{"$error":"#N/A"},21856,1]
[{"$error":"#N/A"},21862,1]
[{"$error":"#N/A"},21865,1]
[{"$error":"#N/A"},21916,1]
[{"$error":"#N/A"},21920,1]
[{"$error":"#N/A"},22025,1]
[{"$error":"#N/A"},22026,1]
[{"$error":"#N/A"},22031,1]
[{"$error":"#N/A"},22101,1]
[{"$error":"#N/A"},22180,1]
[{"$error":"#N/A"},22202,1]
[{"$error":"#N/A"},22207,1]
[{"$error":"#N/A"},22302,1]
[{"$error":"#N/A"},22314,1]
[{"$error":"#N/A"},22407,1]
[{"$error":"#N/A"},22473,1]
[{"$error":"#N/A"},22480,1]
[{"$error":"#N/A"},22520,1]
[{"$error":"#N/A"},22572,1]
[{"$error":"#N/A"},22603,1]
[{"$error":"#N/A"},22802,1]
[{"$error":"#N/A"},22810,1]
[{"$error":"#N/A"},22834,1]
[{"$error":"#N/A"},22901,1]
[{"$error":"#N/A"},22939,1]
[{"$error":"#N/A"},22942,1]
[{"$error":"#N/A"},22947,1]
[{"$error":"#N/A"},22952,1]
[{"$error":"#N/A"},22980,1]
[{"$error":"#N/A"},23015,1]
[{"$error":"#N/A"},23060,1]
[{"$error":"#N/A"},23103,1]
[{"$error":"#N/A"},23111,1]
[{"$error":"#N/A"},23114,1]
[{"$error":"#N/A"},23124,1]
[{"$error":"#N/A"},23128,1]
[{"$error":"#N/A"},23188,1]
[{"$error":"#N/A"},23227,1]
[{"$error":"#N/A"},23230,1]
[{"$error":"#N/A"},23233,1]
[{"$error":"#N/A"},23234,1]
[{"$error":"#N/A"},23294,1]
[{"$error":"#N/A"},23308,1]
[{"$error":"#N/A"},23310,1]
[{"$error":"#N/A"},23314,1]
[{"$error":"#N/A"},23410,1]
[{"$error":"#N/A"},23417,1]
[{"$error":"#N/A"},23418,1]
[{"$error":"#N/A"},23421,1]
[{"$error":"#N/A"},23430,1]
[{"$error":"#N/A"},23432,1]
[{"$error":"#N/A"},23434,1]
[{"$error":"#N/A"},23450,1]
[{"$error":"#N/A"},23455,1]
[{"$error":"#N/A"},23464,1]
[{"$error":"#N/A"},23502,1]
[{"$error":"#N/A"},23503,1]
[{"$error":"#N/A"},23513,1]
[{"$error":"#N/A"},23601,1]
[{"$error":"#N/A"},23607,1]
[{"$error":"#N/A"},23608,1]
[{"$error":"#N/A"},23703,1]
[{"$error":"#N/A"},23851,1]
[{"$error":"#N/A"},23860,1]
[{"$error":"#N/A"},23887,1]
[{"$error":"#N/A"},24012,1]
[{"$error":"#N/A"},24090,1]
[{"$error":"#N/A"},24095,1]
[{"$error":"#N/A"},24112,1]
[{"$error":"#N/A"},24127,1]
[{"$error":"#N/A"},24151,1]
[{"$error":"#N/A"},24171,1]
[{"$error":"#N/A"},24210,1]
[{"$error":"#N/A"},24319,1]
[{"$error":"#N/A"},24426,1]
[{"$error":"#N/A"},24477,1]
[{"$error":"#N/A"},24486,1]
[{"$error":"#N/A"},24551,1]
[{"$error":"#N/A"},24556,1]
[{"$error":"#N/A"},24605,1]
[{"$error":"#N/A"},24901,1]
[{"$error":"#N/A"},24931,1]
[{"$error":"#N/A"},24963,1]
[{"$error":"#N/A"},24993,1]
[{"$error":"#N/A"},25276,1]
[{"$error":"#N/A"},25413,1]
[{"$error":"#N/A"},25434,1]
[{"$error":"#N/A"},25443,1]
[{"$error":"#N/A"},25444,1]
[{"$error":"#N/A"},25544,1]
[{"$error":"#N/A"},25812,1]
[{"$error":"#N/A"},25840,1]
[{"$error":"#N/A"},25976,1]
[{"$error":"#N/A"},26050,1]
[{"$error":"#N/A"},26142,1]
[{"$error":"#N/A"},26267,1]
[{"$error":"#N/A"},26301,1]
[{"$error":"#N/A"},26444,1]
[{"$error":"#N/A"},26505,1]
[{"$error":"#N/A"},26508,1]
[{"$error":"#N/A"},26588,1]
[{"$error":"#N/A"},26601,1]
[{"$error":"#N/A"},26631,1]
[{"$error":"#N/A"},26710,1]
[{"$error":"#N/A"},26739,1]
[{"$error":"#N/A"},26757,1]
[{"$error":"#N/A"},27101,1]
[{"$error":"#N/A"},27104,1]
[{"$error":"#N/A"},27127,1]
[{"$error":"#N/A"},27214,1]
[{"$error":"#N/A"},27235,1]
[{"$error":"#N/A"},27282,1]
[{"$error":"#N/A"},27292,1]
[{"$error":"#N/A"},27295,1]
[{"$error":"#N/A"},27302,1]
[{"$error":"#N/A"},27312,1]
[{"$error":"#N/A"},27317,1]
[{"$error":"#N/A"},27330,1]
[{"$error":"#N/A"},27370,1]
[{"$error":"#N/A"},27377,1]
[{"$error":"#N/A"},27407,1]
[{"$error":"#N/A"},27455,1]
[{"$error":"#N/A"},27511,1]
[{"$error":"#N/A"},27513,1]
[{"$error":"#N/A"},27514,1]
[{"$error":"#N/A"},27516,1]
[{"$error":"#N/A"},27530,1]
[{"$error":"#N/A"},27534,1]
[{"$error":"#N/A"},27539,1]
[{"$error":"#N/A"},27545,1]
[{"$error":"#N/A"},27562,1]
[{"$error":"#N/A"},27565,1]
[{"$error":"#N/A"},27573,1]
[{"$error":"#N/A"},27583,1]
[{"$error":"#N/A"},27604,1]
[{"$error":"#N/A"},27610,1]
[{"$error":"#N/A"},27613,1]
[{"$error":"#N/A"},27614,1]
[{"$error":"#N/A"},27617,1]
[{"$error":"#N/A"},27712,1]
[{"$error":"#N/A"},27822,1]
[{"$error":"#N/A"},27824,1]
[{"$error":"#N/A"},27828,1]
[{"$error":"#N/A"},27856,1]
[{"$error":"#N/A"},27870,1]
[{"$error":"#N/A"},27874,1]
[{"$error":"#N/A"},27906,1]
[{"$error":"#N/A"},27909,1]
[{"$error":"#N/A"},27915,1]
[{"$error":"#N/A"},27924,1]
[{"$error":"#N/A"},27944,1]
[{"$error":"#N/A"},27948,1]
[{"$error":"#N/A"},27959,1]
[{"$error":"#N/A"},27966,1]
[{"$error":"#N/A"},28025,1]
[{"$error":"#N/A"},28027,1]
[{"$error":"#N/A"},28036,1]
[{"$error":"#N/A"},28043,1]
[{"$error":"#N/A"},28052,1]
[{"$error":"#N/A"},28054,1]
[{"$error":"#N/A"},28056,1]
[{"$error":"#N/A"},28083,1]
[{"$error":"#N/A"},28117,1]
[{"$error":"#N/A"},28120,1]
[{"$error":"#N/A"},28128,1]
[{"$error":"#N/A"},28144,1]
[{"$error":"#N/A"},28147,1]
[{"$error":"#N/A"},28150,1]
[{"$error":"#N/A"},28205,1]
[{"$error":"#N/A"},28210,1]
[{"$error":"#N/A"},28211,1]
[{"$error":"#N/A"},28216,1]
[{"$error":"#N/A"},28226,1]
[{"$error":"#N/A"},28269,1]
[{"$error":"#N/A"},28273,1]
[{"$error":"#N/A"},28277,1]
[{"$error":"#N/A"},28278,1]
[{"$error":"#N/A"},28318,1]
[{"$error":"#N/A"},28320,1]
[{"$error":"#N/A"},28326,1]
[{"$error":"#N/A"},28327,1]
[{"$error":"#N/A"},28328,1]
[{"$error":"#N/A"},28371,1]
[{"$error":"#N/A"},28379,1]
[{"$error":"#N/A"},28387,1]
[{"$error":"#N/A"},28396,1]
[{"$error":"#N/A"},28398,1]
[{"$error":"#N/A"},28409,1]
[{"$error":"#N/A"},28411,1]
[{"$error":"#N/A"},28425,1]
[{"$error":"#N/A"},28458,1]
[{"$error":"#N/A"},28463,1]
[{"$error":"#N/A"},28513,1]
[{"$error":"#N/A"},28532,1]
[{"$error":"#N/A"},28540,1]
[{"$error":"#N/A"},28560,1]
[{"$error":"#N/A"},28571,1]
[{"$error":"#N/A"},28584,1]
[{"$error":"#N/A"},28586,1]
[{"$error":"#N/A"},28590,1]
[{"$error":"#N/A"},28594,1]
[{"$error":"#N/A"},28625,1]
[{"$error":"#N/A"},28627,1]
[{"$error":"#N/A"},28636,1]
[{"$error":"#N/A"},28655,1]
[{"$error":"#N/A"},28673,1]
[{"$error":"#N/A"},28694,1]
[{"$error":"#N/A"},28704,1]
[{"$error":"#N/A"},28711,1]
[{"$error":"#N/A"},28712,1]
[{"$error":"#N/A"},28753,1]
[{"$error":"#N/A"},28756,1]
[{"$error":"#N/A"},28787,1]
[{"$error":"#N/A"},28790,1]
[{"$error":"#N/A"},28791,1]
[{"$error":"#N/A"},28792,1]
[{"$error":"#N/A"},28803,1]
[{"$error":"#N/A"},28806,1]
[{"$error":"#N/A"},29030,1]
[{"$error":"#N/A"},29047,1]
[{"$error":"#N/A"},29073,1]
[{"$error":"#N/A"},29115,1]
[{"$error":"#N/A"},29142,1]
[{"$error":"#N/A"},29163,1]
[{"$error":"#N/A"},29164,1]
[{"$error":"#N/A"},29204,1]
[{"$error":"#N/A"},29210,1]
[{"$error":"#N/A"},29229,1]
[{"$error":"#N/A"},29379,1]
[{"$error":"#N/A"},29388,1]
[{"$error":"#N/A"},29407,1]
[{"$error":"#N/A"},29410,1]
[{"$error":"#N/A"},29412,1]
[{"$error":"#N/A"},29439,1]
[{"$error":"#N/A"},29445,1]
[{"$error":"#N/A"},29456,1]
[{"$error":"#N/A"},29461,1]
[{"$error":"#N/A"},29464,1]
[{"$error":"#N/A"},29485,1]
[{"$error":"#N/A"},29488,1]
[{"$error":"#N/A"},29492,1]
[{"$error":"#N/A"},29501,1]
[{"$error":"#N/A"},29511,1]
[{"$error":"#N/A"},29527,1]
[{"$error":"#N/A"},29532,1]
[{"$error":"#N/A"},29541,1]
[{"$error":"#N/A"},29545,1]
[{"$error":"#N/A"},29554,1]
[{"$error":"#N/A"},29568,1]
[{"$error":"#N/A"},29569,1]
[{"$error":"#N/A"},29570,1]
[{"$error":"#N/A"},29572,1]
[{"$error":"#N/A"},29601,1]
[{"$error":"#N/A"},29607,1]
[{"$error":"#N/A"},29611,1]
[{"$error":"#N/A"},29617,1]
[{"$error":"#N/A"},29621,1]
[{"$error":"#N/A"},29631,1]
[{"$error":"#N/A"},29649,1]
[{"$error":"#N/A"},29651,1]
[{"$error":"#N/A"},29664,1]
[{"$error":"#N/A"},29670,1]
[{"$error":"#N/A"},29672,1]
[{"$error":"#N/A"},29676,1]
[{"$error":"#N/A"},29678,1]
[{"$error":"#N/A"},29680,1]
[{"$error":"#N/A"},29690,1]
[{"$error":"#N/A"},29702,1]
[{"$error":"#N/A"},29706,1]
[{"$error":"#N/A"},29708,1]
[{"$error":"#N/A"},29710,1]
[{"$error":"#N/A"},29715,1]
[{"$error":"#N/A"},29717,1]
[{"$error":"#N/A"},29720,1]
[{"$error":"#N/A"},29829,1]
[{"$error":"#N/A"},29902,1]
[{"$error":"#N/A"},29920,1]
[{"$error":"#N/A"},29926,1]
[{"$error":"#N/A"},29935,1]
[{"$error":"#N/A"},30013,1]
[{"$error":"#N/A"},30017,1]
[{"$error":"#N/A"},30028,1]
[{"$error":"#N/A"},30034,1]
[{"$error":"#N/A"},30040,1]
[{"$error":"#N/A"},30045,1]
[{"$error":"#N/A"},30046,1]
[{"$error":"#N/A"},30052,1]
[{"$error":"#N/A"},30068,1]
[{"$error":"#N/A"},30076,1]
[{"$error":"#N/A"},30078,1]
[{"$error":"#N/A"},30080,1]
[{"$error":"#N/A"},30087,1]
[{"$error":"#N/A"},30107,1]
[{"$error":"#N/A"},30126,1]
[{"$error":"#N/A"},30135,1]
[{"$error":"#N/A"},30141,1]
[{"$error":"#N/A"},30143,1]
[{"$error":"#N/A"},30157,1]
[{"$error":"#N/A"},30214,1]
[{"$error":"#N/A"},30215,1]
[{"$error":"#N/A"},30223,1]
[{"$error":"#N/A"},30228,1]
[{"$error":"#N/A"},30238,1]
[{"$error":"#N/A"},30252,1]
[{"$error":"#N/A"},30253,1]
[{"$error":"#N/A"},30281,1]
[{"$error":"#N/A"},30288,1]
[{"$error":"#N/A"},30294,1]
[{"$error":"#N/A"},30310,1]
[{"$error":"#N/A"},30311,1]
[{"$error":"#N/A"},30324,1]
[{"$error":"#N/A"},30327,1]
[{"$error":"#N/A"},30338,1]
[{"$error":"#N/A"},30349,1]
[{"$error":"#N/A"},30417,1]
[{"$error":"#N/A"},30467,1]
[{"$error":"#N/A"},30534,1]
[{"$error":"#N/A"},30535,1]
[{"$error":"#N/A"},30548,1]
[{"$error":"#N/A"},30553,1]
[{"$error":"#N/A"},30643,1]
[{"$error":"#N/A"},30705,1]
[{"$error":"#N/A"},30809,1]
[{"$error":"#N/A"},30909,1]
[{"$error":"#N/A"},31005,1]
[{"$error":"#N/A"},31028,1]
[{"$error":"#N/A"},31069,1]
[{"$error":"#N/A"},31210,1]
[{"$error":"#N/A"},31221,1]
[{"$error":"#N/A"},31302,1]
[{"$error":"#N/A"},31313,1]
[{"$error":"#N/A"},31316,1]
[{"$error":"#N/A"},31322,1]
[{"$error":"#N/A"},31324,1]
[{"$error":"#N/A"},31329,1]
[{"$error":"#N/A"},31408,1]
[{"$error":"#N/A"},31410,1]
[{"$error":"#N/A"},31525,1]
[{"$error":"#N/A"},31548,1]
[{"$error":"#N/A"},31558,1]
[{"$error":"#N/A"},31560,1]
[{"$error":"#N/A"},31569,1]
[{"$error":"#N/A"},31750,1]
[{"$error":"#N/A"},32003,1]
[{"$error":"#N/A"},32073,1]
[{"$error":"#N/A"},32081,1]
[{"$error":"#N/A"},32084,1]
[{"$error":"#N/A"},32091,1]
[{"$error":"#N/A"},32092,1]
[{"$error":"#N/A"},32102,1]
[{"$error":"#N/A"},32118,1]
[{"$error":"#N/A"},32136,1]
[{"$error":"#N/A"},32141,1]
[{"$error":"#N/A"},32169,1]
[{"$error":"#N/A"},32218,1]
[{"$error":"#N/A"},32225,1]
[{"$error":"#N/A"},32234,1]
[{"$error":"#N/A"},32244,1]
[{"$error":"#N/A"},32259,1]
[{"$error":"#N/A"},32277,1]
[{"$error":"#N/A"},32308,1]
[{"$error":"#N/A"},32408,1]
[{"$error":"#N/A"},32413,1]
[{"$error":"#N/A"},32428,1]
[{"$error":"#N/A"},32439,1]
[{"$error":"#N/A"},32459,1]
[{"$error":"#N/A"},32504,1]
[{"$error":"#N/A"},32513,1]
[{"$error":"#N/A"},32514,1]
[{"$error":"#N/A"},32533,1]
[{"$error":"#N/A"},32561,1]
[{"$error":"#N/A"},32563,1]
[{"$error":"#N/A"},32567,1]
[{"$error":"#N/A"},32570,1]
[{"$error":"#N/A"},32578,1]
[{"$error":"#N/A"},32583,1]
[{"$error":"#N/A"},32608,1]
[{"$error":"#N/A"},32609,1]
[{"$error":"#N/A"},32664,1]
[{"$error":"#N/A"},32686,1]
[{"$error":"#N/A"},32696,1]
[{"$error":"#N/A"},32702,1]
[{"$error":"#N/A"},32708,1]
[{"$error":"#N/A"},32714,1]
[{"$error":"#N/A"},32720,1]
[{"$error":"#N/A"},32735,1]
[{"$error":"#N/A"},32736,1]
[{"$error":"#N/A"},32750,1]
[{"$error":"#N/A"},32763,1]
[{"$error":"#N/A"},32765,1]
[{"$error":"#N/A"},32766,1]
[{"$error":"#N/A"},32771,1]
[{"$error":"#N/A"},32780,1]
[{"$error":"#N/A"},32817,1]
[{"$error":"#N/A"},32824,1]
[{"$error":"#N/A"},32836,1]
[{"$error":"#N/A"},32903,1]
[{"$error":"#N/A"},32906,1]
[{"$error":"#N/A"},32907,1]
[{"$error":"#N/A"},32923,1]
[{"$error":"#N/A"},32968,1]
[{"$error":"#N/A"},32976,1]
[{"$error":"#N/A"},33033,1]
[{"$error":"#N/A"},33041,1]
[{"$error":"#N/A"},33060,1]
[{"$error":"#N/A"},33062,1]
[{"$error":"#N/A"},33066,1]
[{"$error":"#N/A"},33068,1]
[{"$error":"#N/A"},33071,1]
[{"$error":"#N/A"},33076,1]
[{"$error":"#N/A"},33138,1]
[{"$error":"#N/A"},33143,1]
[{"$error":"#N/A"},33156,1]
[{"$error":"#N/A"},33178,1]
[{"$error":"#N/A"},33183,1]
[{"$error":"#N/A"},33304,1]
[{"$error":"#N/A"},33331,1]
[{"$error":"#N/A"},33401,1]
[{"$error":"#N/A"},33404,1]
[{"$error":"#N/A"},33412,1]
[{"$error":"#N/A"},33417,1]
[{"$error":"#N/A"},33418,1]
[{"$error":"#N/A"},33426,1]
[{"$error":"#N/A"},33428,1]
[{"$error":"#N/A"},33431,1]
[{"$error":"#N/A"},33460,1]
[{"$error":"#N/A"},33471,1]
[{"$error":"#N/A"},33477,1]
[{"$error":"#N/A"},33478,1]
[{"$error":"#N/A"},33496,1]
[{"$error":"#N/A"},33498,1]
[{"$error":"#N/A"},33510,1]
[{"$error":"#N/A"},33525,1]
[{"$error":"#N/A"},33540,1]
[{"$error":"#N/A"},33541,1]
[{"$error":"#N/A"},33542,1]
[{"$error":"#N/A"},33543,1]
[{"$error":"#N/A"},33547,1]
[{"$error":"#N/A"},33566,1]
[{"$error":"#N/A"},33569,1]
[{"$error":"#N/A"},33570,1]
[{"$error":"#N/A"},33584,1]
[{"$error":"#N/A"},33597,1]
[{"$error":"#N/A"},33604,1]
[{"$error":"#N/A"},33618,1]
[{"$error":"#N/A"},33701,1]
[{"$error":"#N/A"},33703,1]
[{"$error":"#N/A"},33704,1]
[{"$error":"#N/A"},33708,1]
[{"$error":"#N/A"},33710,1]
[{"$error":"#N/A"},33713,1]
[{"$error":"#N/A"},33756,1]
[{"$error":"#N/A"},33762,1]
[{"$error":"#N/A"},33763,1]
[{"$error":"#N/A"},33770,1]
[{"$error":"#N/A"},33771,1]
[{"$error":"#N/A"},33773,1]
[{"$error":"#N/A"},33776,1]
[{"$error":"#N/A"},33778,1]
[{"$error":"#N/A"},33785,1]
[{"$error":"#N/A"},33810,1]
[{"$error":"#N/A"},33811,1]
[{"$error":"#N/A"},33813,1]
[{"$error":"#N/A"},33830,1]
[{"$error":"#N/A"},33844,1]
[{"$error":"#N/A"},33859,1]
[{"$error":"#N/A"},33868,1]
[{"$error":"#N/A"},33896,1]
[{"$error":"#N/A"},33897,1]
[{"$error":"#N/A"},33898,1]
[{"$error":"#N/A"},33903,1]
[{"$error":"#N/A"},33905,1]
[{"$error":"#N/A"},33907,1]
[{"$error":"#N/A"},33914,1]
[{"$error":"#N/A"},33916,1]
[{"$error":"#N/A"},33919,1]
[{"$error":"#N/A"},33920,1]
[{"$error":"#N/A"},33947,1]
[{"$error":"#N/A"},33953,1]
[{"$error":"#N/A"},33971,1]
[{"$error":"#N/A"},33990,1]
[{"$error":"#N/A"},34102,1]
[{"$error":"#N/A"},34104,1]
[{"$error":"#N/A"},34105,1]
[{"$error":"#N/A"},34110,1]
[{"$error":"#N/A"},34112,1]
[{"$error":"#N/A"},34119,1]
[{"$error":"#N/A"},34134,1]
[{"$error":"#N/A"},34142,1]
[{"$error":"#N/A"},34145,1]
[{"$error":"#N/A"},34201,1]
[{"$error":"#N/A"},34202,1]
[{"$error":"#N/A"},34205,1]
[{"$error":"#N/A"},34208,1]
[{"$error":"#N/A"},34210,1]
[{"$error":"#N/A"},34212,1]
[{"$error":"#N/A"},34224,1]
[{"$error":"#N/A"},34231,1]
[{"$error":"#N/A"},34233,1]
[{"$error":"#N/A"},34235,1]
[{"$error":"#N/A"},34241,1]
[{"$error":"#N/A"},34265,1]
[{"$error":"#N/A"},34269,1]
[{"$error":"#N/A"},34291,1]
[{"$error":"#N/A"},34420,1]
[{"$error":"#N/A"},34431,1]
[{"$error":"#N/A"},34433,1]
[{"$error":"#N/A"},34436,1]
[{"$error":"#N/A"},34442,1]
[{"$error":"#N/A"},34446,1]
[{"$error":"#N/A"},34448,1]
[{"$error":"#N/A"},34450,1]
[{"$error":"#N/A"},34453,1]
[{"$error":"#N/A"},34465,1]
[{"$error":"#N/A"},34470,1]
[{"$error":"#N/A"},34471,1]
[{"$error":"#N/A"},34472,1]
[{"$error":"#N/A"},34473,1]
[{"$error":"#N/A"},34476,1]
[{"$error":"#N/A"},34482,1]
[{"$error":"#N/A"},34484,1]
[{"$error":"#N/A"},34607,1]
[{"$error":"#N/A"},34608,1]
[{"$error":"#N/A"},34638,1]
[{"$error":"#N/A"},34668,1]
[{"$error":"#N/A"},34677,1]
[{"$error":"#N/A"},34684,1]
[{"$error":"#N/A"},34685,1]
[{"$error":"#N/A"},34695,1]
[{"$error":"#N/A"},34705,1]
[{"$error":"#N/A"},34744,1]
[{"$error":"#N/A"},34770,1]
[{"$error":"#N/A"},34952,1]
[{"$error":"#N/A"},34972,1]
[{"$error":"#N/A"},34982,1]
[{"$error":"#N/A"},34986,1]
[{"$error":"#N/A"},34990,1]
[{"$error":"#N/A"},34997,1]
[{"$error":"#N/A"},35077,1]
[{"$error":"#N/A"},35085,1]
[{"$error":"#N/A"},35120,1]
[{"$error":"#N/A"},35124,1]
[{"$error":"#N/A"},35244,1]
[{"$error":"#N/A"},35611,1]
[{"$error":"#N/A"},35633,1]
[{"$error":"#N/A"},35744,1]
[{"$error":"#N/A"},35757,1]
[{"$error":"#N/A"},35758,1]
[{"$error":"#N/A"},35769,1]
[{"$error":"#N/A"},35803,1]
[{"$error":"#N/A"},35810,1]
[{"$error":"#N/A"},36066,1]
[{"$error":"#N/A"},36116,1]
[{"$error":"#N/A"},36360,1]
[{"$error":"#N/A"},36526,1]
[{"$error":"#N/A"},36530,1]
[{"$error":"#N/A"},36587,1]
[{"$error":"#N/A"},36703,1]
[{"$error":"#N/A"},36854,1]
[{"$error":"#N/A"},36870,1]
[{"$error":"#N/A"},37090,1]
[{"$error":"#N/A"},37128,1]
[{"$error":"#N/A"},37135,1]
[{"$error":"#N/A"},37138,1]
[{"$error":"#N/A"},37167,1]
[{"$error":"#N/A"},37174,1]
[{"$error":"#N/A"},37205,1]
[{"$error":"#N/A"},37211,1]
[{"$error":"#N/A"},37323,1]
[{"$error":"#N/A"},37343,1]
[{"$error":"#N/A"},37411,1]
[{"$error":"#N/A"},37615,1]
[{"$error":"#N/A"},37617,1]
[{"$error":"#N/A"},37656,1]
[{"$error":"#N/A"},37658,1]
[{"$error":"#N/A"},37687,1]
[{"$error":"#N/A"},37726,1]
[{"$error":"#N/A"},37737,1]
[{"$error":"#N/A"},37743,1]
[{"$error":"#N/A"},37763,1]
[{"$error":"#N/A"},37774,1]
[{"$error":"#N/A"},37777,1]
[{"$error":"#N/A"},37804,1]
[{"$error":"#N/A"},37818,1]
[{"$error":"#N/A"},37857,1]
[{"$error":"#N/A"},37865,1]
[{"$error":"#N/A"},37870,1]
[{"$error":"#N/A"},37882,1]
[{"$error":"#N/A"},37918,1]
[{"$error":"#N/A"},37921,1]
[{"$error":"#N/A"},38024,1]
[{"$error":"#N/A"},38251,1]
[{"$error":"#N/A"},38451,1]
[{"$error":"#N/A"},38485,1]
[{"$error":"#N/A"},38555,1]
[{"$error":"#N/A"},38556,1]
[{"$error":"#N/A"},38658,1]
[{"$error":"#N/A"},38673,1]
[{"$error":"#N/A"},39202,1]
[{"$error":"#N/A"},39272,1]
[{"$error":"#N/A"},39347,1]
[{"$error":"#N/A"},39507,1]
[{"$error":"#N/A"},39553,1]
[{"$error":"#N/A"},39564,1]
[{"$error":"#N/A"},39565,1]
[{"$error":"#N/A"},39759,1]
[{"$error":"#N/A"},40444,1]
[{"$error":"#N/A"},40502,1]
[{"$error":"#N/A"},40513,1]
[{"$error":"#N/A"},41004,1]
[{"$error":"#N/A"},41005,1]
[{"$error":"#N/A"},41091,1]
[{"$error":"#N/A"},42276,1]
[{"$error":"#N/A"},42764,1]
[{"$error":"#N/A"},43017,1]
[{"$error":"#N/A"},43021,1]
[{"$error":"#N/A"},43065,1]
[{"$error":"#N/A"},43110,1]
[{"$error":"#N/A"},43202,1]
[{"$error":"#N/A"},43219,1]
[{"$error":"#N/A"},43221,1]
[{"$error":"#N/A"},43229,1]
[{"$error":"#N/A"},43235,1]
[{"$error":"#N/A"},43420,1]
[{"$error":"#N/A"},43533,1]
[{"$error":"#N/A"},43560,1]
[{"$error":"#N/A"},43942,1]
[{"$error":"#N/A"},43988,1]
[{"$error":"#N/A"},44084,1]
[{"$error":"#N/A"},44116,1]
[{"$error":"#N/A"},44128,1]
[{"$error":"#N/A"},44130,1]
[{"$error":"#N/A"},44145,1]
[{"$error":"#N/A"},44281,1]
[{"$error":"#N/A"},44313,1]
[{"$error":"#N/A"},44408,1]
[{"$error":"#N/A"},44515,1]
[{"$error":"#N/A"},44654,1]
[{"$error":"#N/A"},44721,1]
[{"$error":"#N/A"},44864,1]
[{"$error":"#N/A"},45036,1]
[{"$error":"#N/A"},45102,1]
[{"$error":"#N/A"},45230,1]
[{"$error":"#N/A"},45417,1]
[{"$error":"#N/A"},45424,1]
[{"$error":"#N/A"},45429,1]
[{"$error":"#N/A"},45601,1]
[{"$error":"#N/A"},45662,1]
[{"$error":"#N/A"},45723,1]
[{"$error":"#N/A"},46038,1]
[{"$error":"#N/A"},46163,1]
[{"$error":"#N/A"},46342,1]
[{"$error":"#N/A"},46561,1]
[{"$error":"#N/A"},46617,1]
[{"$error":"#N/A"},47424,1]
[{"$error":"#N/A"},47725,1]
[{"$error":"#N/A"},47802,1]
[{"$error":"#N/A"},47906,1]
[{"$error":"#N/A"},47909,1]
[{"$error":"#N/A"},48101,1]
[{"$error":"#N/A"},48104,1]
[{"$error":"#N/A"},48188,1]
[{"$error":"#N/A"},48197,1]
[{"$error":"#N/A"},48236,1]
[{"$error":"#N/A"},48309,1]
[{"$error":"#N/A"},48322,1]
[{"$error":"#N/A"},48328,1]
[{"$error":"#N/A"},48383,1]
[{"$error":"#N/A"},48450,1]
[{"$error":"#N/A"},48750,1]
[{"$error":"#N/A"},48823,1]
[{"$error":"#N/A"},49046,1]
[{"$error":"#N/A"},49079,1]
[{"$error":"#N/A"},49417,1]
[{"$error":"#N/A"},49461,1]
[{"$error":"#N/A"},49651,1]
[{"$error":"#N/A"},49686,1]
[{"$error":"#N/A"},49801,1]
[{"$error":"#N/A"},49837,1]
[{"$error":"#N/A"},49876,1]
[{"$error":"#N/A"},49931,1]
[{"$error":"#N/A"},50074,1]
[{"$error":"#N/A"},50208,1]
[{"$error":"#N/A"},50266,1]
[{"$error":"#N/A"},51652,1]
[{"$error":"#N/A"},52003,1]
[{"$error":"#N/A"},52404,1]
[{"$error":"#N/A"},52732,1]
[{"$error":"#N/A"},53572,1]
[{"$error":"#N/A"},54016,1]
[{"$error":"#N/A"},54601,1]
[{"$error":"#N/A"},54701,1]
[{"$error":"#N/A"},54810,1]
[{"$error":"#N/A"},55042,1]
[{"$error":"#N/A"},55116,1]
[{"$error":"#N/A"},55350,1]
[{"$error":"#N/A"},55415,1]
[{"$error":"#N/A"},55449,1]
[{"$error":"#N/A"},55956,1]
[{"$error":"#N/A"},56011,1]
[{"$error":"#N/A"},57110,1]
[{"$error":"#N/A"},57702,1]
[{"$error":"#N/A"},57719,1]
[{"$error":"#N/A"},59047,1]
[{"$error":"#N/A"},59405,1]
[{"$error":"#N/A"},59501,1]
[{"$error":"#N/A"},59718,1]
[{"$error":"#N/A"},59720,1]
[{"$error":"#N/A"},59752,1]
[{"$error":"#N/A"},59803,1]
[{"$error":"#N/A"},59804,1]
[{"$error":"#N/A"},59904,1]
[{"$error":"#N/A"},60053,1]
[{"$error":"#N/A"},60061,1]
[{"$error":"#N/A"},60102,1]
[{"$error":"#N/A"},60188,1]
[{"$error":"#N/A"},60201,1]
[{"$error":"#N/A"},60409,1]
[{"$error":"#N/A"},60607,1]
[{"$error":"#N/A"},60640,1]
[{"$error":"#N/A"},61603,1]
[{"$error":"#N/A"},61833,1]
[{"$error":"#N/A"},62095,1]
[{"$error":"#N/A"},62269,1]
[{"$error":"#N/A"},62474,1]
[{"$error":"#N/A"},62959,1]
[{"$error":"#N/A"},62967,1]
[{"$error":"#N/A"},63117,1]
[{"$error":"#N/A"},63129,1]
[{"$error":"#N/A"},63401,1]
[{"$error":"#N/A"},63670,1]
[{"$error":"#N/A"},64155,1]
[{"$error":"#N/A"},65201,1]
[{"$error":"#N/A"},65203,1]
[{"$error":"#N/A"},67039,1]
[{"$error":"#N/A"},67401,1]
[{"$error":"#N/A"},67550,1]
[{"$error":"#N/A"},70118,1]
[{"$error":"#N/A"},70433,1]
[{"$error":"#N/A"},71018,1]
[{"$error":"#N/A"},71291,1]
[{"$error":"#N/A"},71326,1]
[{"$error":"#N/A"},71457,1]
[{"$error":"#N/A"},71603,1]
[{"$error":"#N/A"},72116,1]
[{"$error":"#N/A"},72120,1]
[{"$error":"#N/A"},72127,1]
[{"$error":"#N/A"},72658,1]
[{"$error":"#N/A"},72774,1]
[{"$error":"#N/A"},72835,1]
[{"$error":"#N/A"},73072,1]
[{"$error":"#N/A"},73401,1]
[{"$error":"#N/A"},73521,1]
[{"$error":"#N/A"},73547,1]
[{"$error":"#N/A"},73601,1]
[{"$error":"#N/A"},74002,1]
[{"$error":"#N/A"},74012,1]
[{"$error":"#N/A"},74019,1]
[{"$error":"#N/A"},74066,1]
[{"$error":"#N/A"},74136,1]
[{"$error":"#N/A"},74868,1]
[{"$error":"#N/A"},75006,1]
[{"$error":"#N/A"},75034,1]
[{"$error":"#N/A"},75044,1]
[{"$error":"#N/A"},75069,1]
[{"$error":"#N/A"},75070,1]
[{"$error":"#N/A"},75071,1]
[{"$error":"#N/A"},75087,1]
[{"$error":"#N/A"},75115,1]
[{"$error":"#N/A"},75442,1]
[{"$error":"#N/A"},75452,1]
[{"$error":"#N/A"},75455,1]
[{"$error":"#N/A"},75662,1]
[{"$error":"#N/A"},75701,1]
[{"$error":"#N/A"},76012,1]
[{"$error":"#N/A"},76021,1]
[{"$error":"#N/A"},76050,1]
[{"$error":"#N/A"},76052,1]
[{"$error":"#N/A"},76065,1]
[{"$error":"#N/A"},76126,1]
[{"$error":"#N/A"},76179,1]
[{"$error":"#N/A"},76244,1]
[{"$error":"#N/A"},76248,1]
[{"$error":"#N/A"},76273,1]
[{"$error":"#N/A"},76367,1]
[{"$error":"#N/A"},76502,1]
[{"$error":"#N/A"},76657,1]
[{"$error":"#N/A"},76903,1]
[{"$error":"#N/A"},77014,1]
[{"$error":"#N/A"},77019,1]
[{"$error":"#N/A"},77027,1]
[{"$error":"#N/A"},77089,1]
[{"$error":"#N/A"},77210,1]
[{"$error":"#N/A"},77302,1]
[{"$error":"#N/A"},77303,1]
[{"$error":"#N/A"},77316,1]
[{"$error":"#N/A"},77320,1]
[{"$error":"#N/A"},77346,1]
[{"$error":"#N/A"},77378,1]
[{"$error":"#N/A"},77389,1]
[{"$error":"#N/A"},77396,1]
[{"$error":"#N/A"},77406,1]
[{"$error":"#N/A"},77407,1]
[{"$error":"#N/A"},77471,1]
[{"$error":"#N/A"},77479,1]
[{"$error":"#N/A"},77484,1]
[{"$error":"#N/A"},77494,1]
[{"$error":"#N/A"},77535,1]
[{"$error":"#N/A"},77550,1]
[{"$error":"#N/A"},77551,1]
[{"$error":"#N/A"},77571,1]
[{"$error":"#N/A"},77581,1]
[{"$error":"#N/A"},77584,1]
[{"$error":"#N/A"},77616,1]
[{"$error":"#N/A"},77803,1]
[{"$error":"#N/A"},77951,1]
[{"$error":"#N/A"},77957,1]
[{"$error":"#N/A"},78015,1]
[{"$error":"#N/A"},78109,1]
[{"$error":"#N/A"},78114,1]
[{"$error":"#N/A"},78132,1]
[{"$error":"#N/A"},78154,1]
[{"$error":"#N/A"},78212,1]
[{"$error":"#N/A"},78220,1]
[{"$error":"#N/A"},78223,1]
[{"$error":"#N/A"},78240,1]
[{"$error":"#N/A"},78254,1]
[{"$error":"#N/A"},78255,1]
[{"$error":"#N/A"},78264,1]
[{"$error":"#N/A"},78372,1]
[{"$error":"#N/A"},78413,1]
[{"$error":"#N/A"},78418,1]
[{"$error":"#N/A"},78504,1]
[{"$error":"#N/A"},78613,1]
[{"$error":"#N/A"},78621,1]
[{"$error":"#N/A"},78626,1]
[{"$error":"#N/A"},78664,1]
[{"$error":"#N/A"},78665,1]
[{"$error":"#N/A"},78681,1]
[{"$error":"#N/A"},78735,1]
[{"$error":"#N/A"},78741,1]
[{"$error":"#N/A"},78752,1]
[{"$error":"#N/A"},78840,1]
[{"$error":"#N/A"},79407,1]
[{"$error":"#N/A"},79831,1]
[{"$error":"#N/A"},79935,1]
[{"$error":"#N/A"},80123,1]
[{"$error":"#N/A"},80134,1]
[{"$error":"#N/A"},80227,1]
[{"$error":"#N/A"},80247,1]
[{"$error":"#N/A"},80249,1]
[{"$error":"#N/A"},80303,1]
[{"$error":"#N/A"},80442,1]
[{"$error":"#N/A"},80477,1]
[{"$error":"#N/A"},80501,1]
[{"$error":"#N/A"},80513,1]
[{"$error":"#N/A"},80516,1]
[{"$error":"#N/A"},80602,1]
[{"$error":"#N/A"},80634,1]
[{"$error":"#N/A"},80915,1]
[{"$error":"#N/A"},80923,1]
[{"$error":"#N/A"},81005,1]
[{"$error":"#N/A"},81082,1]
[{"$error":"#N/A"},81091,1]
[{"$error":"#N/A"},81201,1]
[{"$error":"#N/A"},81224,1]
[{"$error":"#N/A"},81520,1]
[{"$error":"#N/A"},82301,1]
[{"$error":"#N/A"},83202,1]
[{"$error":"#N/A"},83642,1]
[{"$error":"#N/A"},83646,1]
[{"$error":"#N/A"},83854,1]
[{"$error":"#N/A"},83858,1]
[{"$error":"#N/A"},83860,1]
[{"$error":"#N/A"},84032,1]
[{"$error":"#N/A"},84045,1]
[{"$error":"#N/A"},84060,1]
[{"$error":"#N/A"},84105,1]
[{"$error":"#N/A"},84116,1]
[{"$error":"#N/A"},84121,1]
[{"$error":"#N/A"},85018,1]
[{"$error":"#N/A"},85029,1]
[{"$error":"#N/A"},85042,1]
[{"$error":"#N/A"},85118,1]
[{"$error":"#N/A"},85131,1]
[{"$error":"#N/A"},85132,1]
[{"$error":"#N/A"},85138,1]
[{"$error":"#N/A"},85140,1]
[{"$error":"#N/A"},85142,1]
[{"$error":"#N/A"},85143,1]
[{"$error":"#N/A"},85207,1]
[{"$error":"#N/A"},85248,1]
[{"$error":"#N/A"},85249,1]
[{"$error":"#N/A"},85253,1]
[{"$error":"#N/A"},85255,1]
[{"$error":"#N/A"},85260,1]
[{"$error":"#N/A"},85282,1]
[{"$error":"#N/A"},85304,1]
[{"$error":"#N/A"},85345,1]
[{"$error":"#N/A"},85364,1]
[{"$error":"#N/A"},85375,1]
[{"$error":"#N/A"},85381,1]
[{"$error":"#N/A"},85382,1]
[{"$error":"#N/A"},85387,1]
[{"$error":"#N/A"},85388,1]
[{"$error":"#N/A"},85390,1]
[{"$error":"#N/A"},85392,1]
[{"$error":"#N/A"},85396,1]
[{"$error":"#N/A"},85641,1]
[{"$error":"#N/A"},85650,1]
[{"$error":"#N/A"},85652,1]
[{"$error":"#N/A"},85653,1]
[{"$error":"#N/A"},85710,1]
[{"$error":"#N/A"},85718,1]
[{"$error":"#N/A"},85719,1]
[{"$error":"#N/A"},85746,1]
[{"$error":"#N/A"},85747,1]
[{"$error":"#N/A"},85750,1]
[{"$error":"#N/A"},85755,1]
[{"$error":"#N/A"},86004,1]
[{"$error":"#N/A"},86301,1]
[{"$error":"#N/A"},86325,1]
[{"$error":"#N/A"},86351,1]
[{"$error":"#N/A"},86406,1]
[{"$error":"#N/A"},87043,1]
[{"$error":"#N/A"},87083,1]
[{"$error":"#N/A"},87110,1]
[{"$error":"#N/A"},87120,1]
[{"$error":"#N/A"},87144,1]
[{"$error":"#N/A"},88012,1]
[{"$error":"#N/A"},88201,1]
[{"$error":"#N/A"},89011,1]
[{"$error":"#N/A"},89044,1]
[{"$error":"#N/A"},89084,1]
[{"$error":"#N/A"},89105,1]
[{"$error":"#N/A"},89123,1]
[{"$error":"#N/A"},89128,1]
[{"$error":"#N/A"},89131,1]
[{"$error":"#N/A"},89135,1]
[{"$error":"#N/A"},89156,1]
[{"$error":"#N/A"},89436,1]
[{"$error":"#N/A"},89509,1]
[{"$error":"#N/A"},89521,1]
[{"$error":"#N/A"},90035,1]
[{"$error":"#N/A"},90275,1]
[{"$error":"#N/A"},90713,1]
[{"$error":"#N/A"},90808,1]
[{"$error":"#N/A"},90814,1]
[{"$error":"#N/A"},91107,1]
[{"$error":"#N/A"},91350,1]
[{"$error":"#N/A"},91361,1]
[{"$error":"#N/A"},91942,1]
[{"$error":"#N/A"},92008,1]
[{"$error":"#N/A"},92009,1]
[{"$error":"#N/A"},92021,1]
[{"$error":"#N/A"},92054,1]
[{"$error":"#N/A"},92065,1]
[{"$error":"#N/A"},92081,1]
[{"$error":"#N/A"},92108,1]
[{"$error":"#N/A"},92111,1]
[{"$error":"#N/A"},92116,1]
[{"$error":"#N/A"},92119,1]
[{"$error":"#N/A"},92129,1]
[{"$error":"#N/A"},92130,1]
[{"$error":"#N/A"},92131,1]
[{"$error":"#N/A"},92203,1]
[{"$error":"#N/A"},92253,1]
[{"$error":"#N/A"},92264,1]
[{"$error":"#N/A"},92543,1]
[{"$error":"#N/A"},92625,1]
[{"$error":"#N/A"},92629,1]
[{"$error":"#N/A"},92673,1]
[{"$error":"#N/A"},92675,1]
[{"$error":"#N/A"},92704,1]
[{"$error":"#N/A"},92867,1]
[{"$error":"#N/A"},93105,1]
[{"$error":"#N/A"},93117,1]
[{"$error":"#N/A"},93291,1]
[{"$error":"#N/A"},93306,1]
[{"$error":"#N/A"},93422,1]
[{"$error":"#N/A"},93427,1]
[{"$error":"#N/A"},94010,1]
[{"$error":"#N/A"},94044,1]
[{"$error":"#N/A"},94513,1]
[{"$error":"#N/A"},94595,1]
[{"$error":"#N/A"},94605,1]
[{"$error":"#N/A"},94608,1]
[{"$error":"#N/A"},95209,1]
[{"$error":"#N/A"},95240,1]
[{"$error":"#N/A"},95476,1]
[{"$error":"#N/A"},95618,1]
[{"$error":"#N/A"},95687,1]
[{"$error":"#N/A"},95758,1]
[{"$error":"#N/A"},95820,1]
[{"$error":"#N/A"},95827,1]
[{"$error":"#N/A"},96738,1]
[{"$error":"#N/A"},96744,1]
[{"$error":"#N/A"},97041,1]
[{"$error":"#N/A"},97070,1]
[{"$error":"#N/A"},97211,1]
[{"$error":"#N/A"},97214,1]
[{"$error":"#N/A"},97217,1]
[{"$error":"#N/A"},97224,1]
[{"$error":"#N/A"},97229,1]
[{"$error":"#N/A"},97280,1]
[{"$error":"#N/A"},97367,1]
[{"$error":"#N/A"},97402,1]
[{"$error":"#N/A"},97439,1]
[{"$error":"#N/A"},97501,1]
[{"$error":"#N/A"},97601,1]
[{"$error":"#N/A"},97702,1]
[{"$error":"#N/A"},97756,1]
[{"$error":"#N/A"},98007,1]
[{"$error":"#N/A"},98038,1]
[{"$error":"#N/A"},98042,1]
[{"$error":"#N/A"},98053,1]
[{"$error":"#N/A"},98074,1]
[{"$error":"#N/A"},98112,1]
[{"$error":"#N/A"},98221,1]
[{"$error":"#N/A"},98225,1]
[{"$error":"#N/A"},98229,1]
[{"$error":"#N/A"},98230,1]
[{"$error":"#N/A"},98262,1]
[{"$error":"#N/A"},98275,1]
[{"$error":"#N/A"},98311,1]
[{"$error":"#N/A"},98363,1]
[{"$error":"#N/A"},98365,1]
[{"$error":"#N/A"},98374,1]
[{"$error":"#N/A"},98501,1]
[{"$error":"#N/A"},98626,1]
[{"$error":"#N/A"},98665,1]
[{"$error":"#N/A"},99019,1]
[{"$error":"#N/A"},99026,1]
[{"$error":"#N/A"},99114,1]
[{"$error":"#N/A"},99352,1]
[{"$error":"#N/A"},99362,1]
[{"$error":"#N/A"},99503,1]
[{"$error":"#N/A"},99615,1]

{"sheet":"Distance - Without","index":5,"n_rows":2221,"n_cols":33,"rows_kept":2221,"cut":false,"hidden":false,"merged":[[8,21,8,23],[8,24,8,26],[8,27,8,29],[8,30,8,32],[8,18,8,20],[6,3,6,5],[6,6,6,8],[6,9,6,11],[6,12,6,14],[6,15,6,17]]}
[null,null,{"$f":"SUM(C11:C42211)","v":43197},{"$f":"IF(D6=\"HIDE\",\"\",SUMPRODUCT('Employee Counts'!$D10:$D2221-'Access - With'!D$11:D$2221,D$11:D$2221)/($C1-'Access - With'!D$1))","v":{"$error":"#VALUE!"}},{"$f":"IF(E6=\"HIDE\",\"\",SUMPRODUCT('Employee Counts'!$D10:$D2221-'Access - With'!E$11:E$2221,E$11:E$2221)/($C1-'Access - With'!E$1))","v":{"$error":"#VALUE!"}},{"$f":"IF(F6=\"HIDE\",\"\",SUMPRODUCT('Employee Counts'!$D10:$D2221-'Access - With'!F$11:F$2221,F$11:F$2221)/($C1-'Access - With'!F$1))","v":{"$error":"#VALUE!"}},{"$f":"IF(G6=\"HIDE\",\"\",SUMPRODUCT('Employee Counts'!$D10:$D2221-'Access - With'!G$11:G$2221,G$11:G$2221)/($C1-'Access - With'!G$1))","v":{"$error":"#VALUE!"}},{"$f":"IF(H6=\"HIDE\",\"\",SUMPRODUCT('Employee Counts'!$D10:$D2221-'Access - With'!H$11:H$2221,H$11:H$2221)/($C1-'Access - With'!H$1))","v":{"$error":"#VALUE!"}},{"$f":"IF(I6=\"HIDE\",\"\",SUMPRODUCT('Employee Counts'!$D10:$D2221-'Access - With'!I$11:I$2221,I$11:I$2221)/($C1-'Access - With'!I$1))","v":{"$error":"#VALUE!"}},{"$f":"IF(J6=\"HIDE\",\"\",SUMPRODUCT('Employee Counts'!$D10:$D2221-'Access - With'!J$11:J$2221,J$11:J$2221)/($C1-'Access - With'!J$1))","v":{"$error":"#VALUE!"}},{"$f":"IF(K6=\"HIDE\",\"\",SUMPRODUCT('Employee Counts'!$D10:$D2221-'Access - With'!K$11:K$2221,K$11:K$2221)/($C1-'Access - With'!K$1))","v":{"$error":"#VALUE!"}},{"$f":"IF(L6=\"HIDE\",\"\",SUMPRODUCT('Employee Counts'!$D10:$D2221-'Access - With'!L$11:L$2221,L$11:L$2221)/($C1-'Access - With'!L$1))","v":{"$error":"#VALUE!"}},{"$f":"IF(M6=\"HIDE\",\"\",SUMPRODUCT('Employee Counts'!$D10:$D2221-'Access - With'!M$11:M$2221,M$11:M$2221)/($C1-'Access - With'!M$1))","v":{"$error":"#VALUE!"}},{"$f":"IF(N6=\"HIDE\",\"\",SUMPRODUCT('Employee Counts'!$D10:$D2221-'Access - With'!N$11:N$2221,N$11:N$2221)/($C1-'Access - With'!N$1))","v":{"$error":"#VALUE!"}},{"$f":"IF(O6=\"HIDE\",\"\",SUMPRODUCT('Employee Counts'!$D10:$D2221-'Access - With'!O$11:O$2221,O$11:O$2221)/($C1-'Access - With'!O$1))","v":{"$error":"#VALUE!"}},{"$f":"IF(P6=\"HIDE\",\"\",SUMPRODUCT('Employee Counts'!$D10:$D2221-'Access - With'!P$11:P$2221,P$11:P$2221)/($C1-'Access - With'!P$1))","v":{"$error":"#VALUE!"}},{"$f":"IF(Q6=\"HIDE\",\"\",SUMPRODUCT('Employee Counts'!$D10:$D2221-'Access - With'!Q$11:Q$2221,Q$11:Q$2221)/($C1-'Access - With'!Q$1))","v":{"$error":"#VALUE!"}},{"$f":"IF(R6=\"HIDE\",\"\",SUMPRODUCT('Employee Counts'!$D10:$D2221-'Access - With'!R$11:R$2221,R$11:R$2221)/($C1-'Access - With'!R$1))","v":{"$error":"#VALUE!"}},{"$f":"IF(S6=\"HIDE\",\"\",SUMPRODUCT('Employee Counts'!$D10:$D2221-'Access - With'!S$11:S$2221,S$11:S$2221)/($C1-'Access - With'!S$1))","v":""},{"$f":"IF(T6=\"HIDE\",\"\",SUMPRODUCT('Employee Counts'!$D10:$D2221-'Access - With'!T$11:T$2221,T$11:T$2221)/($C1-'Access - With'!T$1))","v":""},{"$f":"IF(U6=\"HIDE\",\"\",SUMPRODUCT('Employee Counts'!$D10:$D2221-'Access - With'!U$11:U$2221,U$11:U$2221)/($C1-'Access - With'!U$1))","v":""},{"$f":"IF(V6=\"HIDE\",\"\",SUMPRODUCT('Employee Counts'!$D10:$D2221-'Access - With'!V$11:V$2221,V$11:V$2221)/($C1-'Access - With'!V$1))","v":""},{"$f":"IF(W6=\"HIDE\",\"\",SUMPRODUCT('Employee Counts'!$D10:$D2221-'Access - With'!W$11:W$2221,W$11:W$2221)/($C1-'Access - With'!W$1))","v":""},{"$f":"IF(X6=\"HIDE\",\"\",SUMPRODUCT('Employee Counts'!$D10:$D2221-'Access - With'!X$11:X$2221,X$11:X$2221)/($C1-'Access - With'!X$1))","v":""},{"$f":"IF(Y6=\"HIDE\",\"\",SUMPRODUCT('Employee Counts'!$D10:$D2221-'Access - With'!Y$11:Y$2221,Y$11:Y$2221)/($C1-'Access - With'!Y$1))","v":""},{"$f":"IF(Z6=\"HIDE\",\"\",SUMPRODUCT('Employee Counts'!$D10:$D2221-'Access - With'!Z$11:Z$2221,Z$11:Z$2221)/($C1-'Access - With'!Z$1))","v":""},{"$f":"IF(AA6=\"HIDE\",\"\",SUMPRODUCT('Employee Counts'!$D10:$D2221-'Access - With'!AA$11:AA$2221,AA$11:AA$2221)/($C1-'Access - With'!AA$1))","v":""},{"$f":"IF(AB6=\"HIDE\",\"\",SUMPRODUCT('Employee Counts'!$D10:$D2221-'Access - With'!AB$11:AB$2221,AB$11:AB$2221)/($C1-'Access - With'!AB$1))","v":""},{"$f":"IF(AC6=\"HIDE\",\"\",SUMPRODUCT('Employee Counts'!$D10:$D2221-'Access - With'!AC$11:AC$2221,AC$11:AC$2221)/($C1-'Access - With'!AC$1))","v":""},{"$f":"IF(AD6=\"HIDE\",\"\",SUMPRODUCT('Employee Counts'!$D10:$D2221-'Access - With'!AD$11:AD$2221,AD$11:AD$2221)/($C1-'Access - With'!AD$1))","v":""},{"$f":"IF(AE6=\"HIDE\",\"\",SUMPRODUCT('Employee Counts'!$D10:$D2221-'Access - With'!AE$11:AE$2221,AE$11:AE$2221)/($C1-'Access - With'!AE$1))","v":""},{"$f":"IF(AF6=\"HIDE\",\"\",SUMPRODUCT('Employee Counts'!$D10:$D2221-'Access - With'!AF$11:AF$2221,AF$11:AF$2221)/($C1-'Access - With'!AF$1))","v":""},{"$f":"IF(AG6=\"HIDE\",\"\",SUMPRODUCT('Employee Counts'!$D10:$D2221-'Access - With'!AG$11:AG$2221,AG$11:AG$2221)/($C1-'Access - With'!AG$1))","v":""}]
[null,"State of Delaware",null,"Provide the average driving distance to the indicated number of providers for employees who do not meet the access standards"]
[null,{"$f":"IF('Vendor Instructions'!$D$9=\"\",\"Vendor Name\",'Vendor Instructions'!$D$9)&\"-\"&IF('Vendor Instructions'!$D$10=\"\",\"Vendor Name\",'Vendor Instructions'!$D$10)","v":"[Enter vendor name here]-[Enter network name here]"},null,"For example, \"2 in 10\" means the average driving distance (among employees without at least 2 providers within 10 miles) to reach their 2nd nearest in-network provider"]
[null,null,null,"Provide a numeric (in miles) response to all columns requested (apply the full census to each access standard)"]
[null,null,null,"You may leave cells blank if all employees live within the defined access standard"]
[null,null,null,null,null,null,null,null,null,null,null,null,null,null,null,null,null,null,"HIDE","HIDE","HIDE","HIDE","HIDE","HIDE","HIDE","HIDE","HIDE","HIDE","HIDE","HIDE","HIDE","HIDE","HIDE"]
[null,null,"Provider Type","[DEN] General Dentists",null,null,"[DEN] Endodontists",null,null,"[DEN] Oral Surgeons",null,null,"[DEN] Periodontists",null,null,"[DEN] Orthodontists"]
[null,null,"Access Standard","3 in 5","2 in 10","2 in 15","2 in 10","2 in 15","2 in 20","2 in 10","2 in 15","2 in 20","2 in 10","2 in 15","2 in 20","2 in 10","2 in 15","2 in 20"]
[null,null,"Accepting New Patients?","Yes",null,null,"Yes",null,null,"Yes",null,null,"Yes",null,null,"Yes"]
[null,"Zip Code","EEs Provided"]
[{"$error":"#N/A"},19904,2342]
[{"$error":"#N/A"},19901,1785]
[{"$error":"#N/A"},19720,1703]
[{"$error":"#N/A"},19977,1660]
[{"$error":"#N/A"},19709,1553]
[{"$error":"#N/A"},19711,1509]
[{"$error":"#N/A"},19966,1426]
[{"$error":"#N/A"},19958,1415]
[{"$error":"#N/A"},19963,1364]
[{"$error":"#N/A"},19702,1320]
[{"$error":"#N/A"},19701,1251]
[{"$error":"#N/A"},19808,1153]
[{"$error":"#N/A"},19973,1101]
[{"$error":"#N/A"},19947,1048]
[{"$error":"#N/A"},19968,1003]
[{"$error":"#N/A"},19934,992]
[{"$error":"#N/A"},19943,954]
[{"$error":"#N/A"},19713,865]
[{"$error":"#N/A"},19805,838]
[{"$error":"#N/A"},19962,810]
[{"$error":"#N/A"},19938,710]
[{"$error":"#N/A"},19802,705]
[{"$error":"#N/A"},19956,673]
[{"$error":"#N/A"},19803,656]
[{"$error":"#N/A"},19952,655]
[{"$error":"#N/A"},19810,612]
[{"$error":"#N/A"},19971,537]
[{"$error":"#N/A"},19734,531]
[{"$error":"#N/A"},19707,524]
[{"$error":"#N/A"},19804,503]
[{"$error":"#N/A"},19950,404]
[{"$error":"#N/A"},19960,396]
[{"$error":"#N/A"},19809,388]
[{"$error":"#N/A"},21921,368]
[{"$error":"#N/A"},19945,359]
[{"$error":"#N/A"},19939,353]
[{"$error":"#N/A"},19933,341]
[{"$error":"#N/A"},19801,337]
[{"$error":"#N/A"},19946,323]
[{"$error":"#N/A"},19806,298]
[{"$error":"#N/A"},19953,292]
[{"$error":"#N/A"},19970,273]
[{"$error":"#N/A"},19703,272]
[{"$error":"#N/A"},19975,258]
[{"$error":"#N/A"},19940,167]
[{"$error":"#N/A"},19807,163]
[{"$error":"#N/A"},19941,158]
[{"$error":"#N/A"},19951,121]
[{"$error":"#N/A"},19350,113]
[{"$error":"#N/A"},19954,106]
[{"$error":"#N/A"},19706,83]
[{"$error":"#N/A"},19964,79]
[{"$error":"#N/A"},19342,78]
[{"$error":"#N/A"},21901,78]
[{"$error":"#N/A"},19348,76]
[{"$error":"#N/A"},21811,76]
[{"$error":"#N/A"},19979,68]
[{"$error":"#N/A"},21804,68]
[{"$error":"#N/A"},21875,60]
[{"$error":"#N/A"},19390,58]
[{"$error":"#N/A"},21801,58]
[{"$error":"#N/A"},19317,57]
[{"$error":"#N/A"},19363,46]
[{"$error":"#N/A"},19382,46]
[{"$error":"#N/A"},19930,45]
[{"$error":"#N/A"},19060,44]
[{"$error":"#N/A"},19352,44]
[{"$error":"#N/A"},21911,44]
[{"$error":"#N/A"},19311,42]
[{"$error":"#N/A"},19063,41]
[{"$error":"#N/A"},19967,39]
[{"$error":"#N/A"},8070,38]
[{"$error":"#N/A"},19061,36]
[{"$error":"#N/A"},19014,32]
[{"$error":"#N/A"},21915,32]
[{"$error":"#N/A"},21620,30]
[{"$error":"#N/A"},32162,29]
[{"$error":"#N/A"},8069,28]
[{"$error":"#N/A"},21842,28]
[{"$error":"#N/A"},21919,28]
[{"$error":"#N/A"},19730,27]
[{"$error":"#N/A"},19380,25]
[{"$error":"#N/A"},19903,24]
[{"$error":"#N/A"},8085,23]
[{"$error":"#N/A"},19320,21]
[{"$error":"#N/A"},21813,21]
[{"$error":"#N/A"},19013,20]
[{"$error":"#N/A"},19936,20]
[{"$error":"#N/A"},19955,20]
[{"$error":"#N/A"},21830,20]
[{"$error":"#N/A"},21912,20]
[{"$error":"#N/A"},19015,19]
[{"$error":"#N/A"},19731,19]
[{"$error":"#N/A"},19931,19]
[{"$error":"#N/A"},19335,18]
[{"$error":"#N/A"},19944,17]
[{"$error":"#N/A"},21629,17]
[{"$error":"#N/A"},21635,17]
[{"$error":"#N/A"},32163,17]
[{"$error":"#N/A"},19980,16]
[{"$error":"#N/A"},21853,16]
[{"$error":"#N/A"},21078,15]
[{"$error":"#N/A"},21904,15]
[{"$error":"#N/A"},8096,14]
[{"$error":"#N/A"},19143,14]
[{"$error":"#N/A"},19733,13]
[{"$error":"#N/A"},8098,12]
[{"$error":"#N/A"},17602,12]
[{"$error":"#N/A"},21639,12]
[{"$error":"#N/A"},8021,11]
[{"$error":"#N/A"},8079,11]
[{"$error":"#N/A"},19050,11]
[{"$error":"#N/A"},19146,11]
[{"$error":"#N/A"},21613,11]
[{"$error":"#N/A"},21849,11]
[{"$error":"#N/A"},29909,11]
[{"$error":"#N/A"},32159,11]
[{"$error":"#N/A"},34135,11]
[{"$error":"#N/A"},8081,10]
[{"$error":"#N/A"},8302,10]
[{"$error":"#N/A"},19064,10]
[{"$error":"#N/A"},21649,10]
[{"$error":"#N/A"},21651,10]
[{"$error":"#N/A"},19026,9]
[{"$error":"#N/A"},19081,9]
[{"$error":"#N/A"},19086,9]
[{"$error":"#N/A"},19714,9]
[{"$error":"#N/A"},21601,9]
[{"$error":"#N/A"},21643,9]
[{"$error":"#N/A"},27703,9]
[{"$error":"#N/A"},8332,8]
[{"$error":"#N/A"},19008,8]
[{"$error":"#N/A"},19330,8]
[{"$error":"#N/A"},19341,8]
[{"$error":"#N/A"},19362,8]
[{"$error":"#N/A"},19961,8]
[{"$error":"#N/A"},21632,8]
[{"$error":"#N/A"},21640,8]
[{"$error":"#N/A"},21678,8]
[{"$error":"#N/A"},32940,8]
[{"$error":"#N/A"},33573,8]
[{"$error":"#N/A"},34293,8]
[{"$error":"#N/A"},34481,8]
[{"$error":"#N/A"},34748,8]
[{"$error":"#N/A"},17543,7]
[{"$error":"#N/A"},19083,7]
[{"$error":"#N/A"},19087,7]
[{"$error":"#N/A"},19131,7]
[{"$error":"#N/A"},19147,7]
[{"$error":"#N/A"},19148,7]
[{"$error":"#N/A"},19732,7]
[{"$error":"#N/A"},21903,7]
[{"$error":"#N/A"},21917,7]
[{"$error":"#N/A"},29566,7]
[{"$error":"#N/A"},32164,7]
[{"$error":"#N/A"},32967,7]
[{"$error":"#N/A"},34114,7]
[{"$error":"#N/A"},34219,7]
[{"$error":"#N/A"},34287,7]
[{"$error":"#N/A"},17022,6]
[{"$error":"#N/A"},19142,6]
[{"$error":"#N/A"},19460,6]
[{"$error":"#N/A"},19899,6]
[{"$error":"#N/A"},20721,6]
[{"$error":"#N/A"},21001,6]
[{"$error":"#N/A"},21660,6]
[{"$error":"#N/A"},21826,6]
[{"$error":"#N/A"},21837,6]
[{"$error":"#N/A"},21850,6]
[{"$error":"#N/A"},21913,6]
[{"$error":"#N/A"},23356,6]
[{"$error":"#N/A"},29576,6]
[{"$error":"#N/A"},29707,6]
[{"$error":"#N/A"},33908,6]
[{"$error":"#N/A"},33913,6]
[{"$error":"#N/A"},33982,6]
[{"$error":"#N/A"},34606,6]
[{"$error":"#N/A"},8028,5]
[{"$error":"#N/A"},8104,5]
[{"$error":"#N/A"},8318,5]
[{"$error":"#N/A"},17603,5]
[{"$error":"#N/A"},19079,5]
[{"$error":"#N/A"},19082,5]
[{"$error":"#N/A"},19120,5]
[{"$error":"#N/A"},19124,5]
[{"$error":"#N/A"},19145,5]
[{"$error":"#N/A"},19355,5]
[{"$error":"#N/A"},19365,5]
[{"$error":"#N/A"},19736,5]
[{"$error":"#N/A"},19850,5]
[{"$error":"#N/A"},20147,5]
[{"$error":"#N/A"},21044,5]
[{"$error":"#N/A"},21617,5]
[{"$error":"#N/A"},21638,5]
[{"$error":"#N/A"},21655,5]
[{"$error":"#N/A"},21661,5]
[{"$error":"#N/A"},21922,5]
[{"$error":"#N/A"},23185,5]
[{"$error":"#N/A"},23336,5]
[{"$error":"#N/A"},27519,5]
[{"$error":"#N/A"},28451,5]
[{"$error":"#N/A"},29526,5]
[{"$error":"#N/A"},29928,5]
[{"$error":"#N/A"},32043,5]
[{"$error":"#N/A"},32124,5]
[{"$error":"#N/A"},33991,5]
[{"$error":"#N/A"},34221,5]
[{"$error":"#N/A"},34223,5]
[{"$error":"#N/A"},34491,5]
[{"$error":"#N/A"},34762,5]
[{"$error":"#N/A"},34987,5]
[{"$error":"#N/A"},8012,4]
[{"$error":"#N/A"},8046,4]
[{"$error":"#N/A"},8051,4]
[{"$error":"#N/A"},8066,4]
[{"$error":"#N/A"},8067,4]
[{"$error":"#N/A"},8090,4]
[{"$error":"#N/A"},8094,4]
[{"$error":"#N/A"},8204,4]
[{"$error":"#N/A"},8260,4]
[{"$error":"#N/A"},17566,4]
[{"$error":"#N/A"},17584,4]
[{"$error":"#N/A"},17601,4]
[{"$error":"#N/A"},19003,4]
[{"$error":"#N/A"},19018,4]
[{"$error":"#N/A"},19022,4]
[{"$error":"#N/A"},19023,4]
[{"$error":"#N/A"},19027,4]
[{"$error":"#N/A"},19033,4]
[{"$error":"#N/A"},19036,4]
[{"$error":"#N/A"},19106,4]
[{"$error":"#N/A"},19130,4]
[{"$error":"#N/A"},19151,4]
[{"$error":"#N/A"},19153,4]
[{"$error":"#N/A"},19347,4]
[{"$error":"#N/A"},19428,4]
[{"$error":"#N/A"},19446,4]
[{"$error":"#N/A"},19710,4]
[{"$error":"#N/A"},19969,4]
[{"$error":"#N/A"},21045,4]
[{"$error":"#N/A"},21234,4]
[{"$error":"#N/A"},21631,4]
[{"$error":"#N/A"},21702,4]
[{"$error":"#N/A"},21817,4]
[{"$error":"#N/A"},21861,4]
[{"$error":"#N/A"},21914,4]
[{"$error":"#N/A"},23238,4]
[{"$error":"#N/A"},24401,4]
[{"$error":"#N/A"},27606,4]
[{"$error":"#N/A"},28405,4]
[{"$error":"#N/A"},28412,4]
[{"$error":"#N/A"},28461,4]
[{"$error":"#N/A"},28562,4]
[{"$error":"#N/A"},28731,4]
[{"$error":"#N/A"},32724,4]
[{"$error":"#N/A"},32757,4]
[{"$error":"#N/A"},33446,4]
[{"$error":"#N/A"},33805,4]
[{"$error":"#N/A"},33837,4]
[{"$error":"#N/A"},33881,4]
[{"$error":"#N/A"},33950,4]
[{"$error":"#N/A"},33952,4]
[{"$error":"#N/A"},33980,4]
[{"$error":"#N/A"},33981,4]
[{"$error":"#N/A"},33983,4]
[{"$error":"#N/A"},34211,4]
[{"$error":"#N/A"},34238,4]
[{"$error":"#N/A"},34292,4]
[{"$error":"#N/A"},34747,4]
[{"$error":"#N/A"},34759,4]
[{"$error":"#N/A"},34786,4]
[{"$error":"#N/A"},8002,3]
[{"$error":"#N/A"},8080,3]
[{"$error":"#N/A"},8083,3]
[{"$error":"#N/A"},8093,3]
[{"$error":"#N/A"},8105,3]
[{"$error":"#N/A"},8226,3]
[{"$error":"#N/A"},8312,3]
[{"$error":"#N/A"},8401,3]
[{"$error":"#N/A"},8691,3]
[{"$error":"#N/A"},16652,3]
[{"$error":"#N/A"},17222,3]
[{"$error":"#N/A"},17552,3]
[{"$error":"#N/A"},17557,3]
[{"$error":"#N/A"},18436,3]
[{"$error":"#N/A"},18966,3]
[{"$error":"#N/A"},19070,3]
[{"$error":"#N/A"},19073,3]
[{"$error":"#N/A"},19078,3]
[{"$error":"#N/A"},19094,3]
[{"$error":"#N/A"},19103,3]
[{"$error":"#N/A"},19107,3]
[{"$error":"#N/A"},19119,3]
[{"$error":"#N/A"},19123,3]
[{"$error":"#N/A"},19128,3]
[{"$error":"#N/A"},19133,3]
[{"$error":"#N/A"},19141,3]
[{"$error":"#N/A"},19144,3]
[{"$error":"#N/A"},19518,3]
[{"$error":"#N/A"},19607,3]
[{"$error":"#N/A"},20012,3]
[{"$error":"#N/A"},20015,3]
[{"$error":"#N/A"},20187,3]
[{"$error":"#N/A"},21009,3]
[{"$error":"#N/A"},21015,3]
[{"$error":"#N/A"},21050,3]
[{"$error":"#N/A"},21060,3]
[{"$error":"#N/A"},21113,3]
[{"$error":"#N/A"},21157,3]
[{"$error":"#N/A"},21401,3]
[{"$error":"#N/A"},21502,3]
[{"$error":"#N/A"},21610,3]
[{"$error":"#N/A"},21636,3]
[{"$error":"#N/A"},21645,3]
[{"$error":"#N/A"},21658,3]
[{"$error":"#N/A"},21666,3]
[{"$error":"#N/A"},21701,3]
[{"$error":"#N/A"},21803,3]
[{"$error":"#N/A"},21821,3]
[{"$error":"#N/A"},21851,3]
[{"$error":"#N/A"},22150,3]
[{"$error":"#N/A"},22835,3]
[{"$error":"#N/A"},23454,3]
[{"$error":"#N/A"},23456,3]
[{"$error":"#N/A"},23832,3]
[{"$error":"#N/A"},24503,3]
[{"$error":"#N/A"},25427,3]
[{"$error":"#N/A"},27030,3]
[{"$error":"#N/A"},27106,3]
[{"$error":"#N/A"},27265,3]
[{"$error":"#N/A"},27526,3]
[{"$error":"#N/A"},27529,3]
[{"$error":"#N/A"},27540,3]
[{"$error":"#N/A"},27587,3]
[{"$error":"#N/A"},27889,3]
[{"$error":"#N/A"},28105,3]
[{"$error":"#N/A"},28403,3]
[{"$error":"#N/A"},28428,3]
[{"$error":"#N/A"},28443,3]
[{"$error":"#N/A"},28467,3]
[{"$error":"#N/A"},29045,3]
[{"$error":"#N/A"},29466,3]
[{"$error":"#N/A"},29483,3]
[{"$error":"#N/A"},29486,3]
[{"$error":"#N/A"},29575,3]
[{"$error":"#N/A"},29577,3]
[{"$error":"#N/A"},29579,3]
[{"$error":"#N/A"},29582,3]
[{"$error":"#N/A"},29585,3]
[{"$error":"#N/A"},29588,3]
[{"$error":"#N/A"},29681,3]
[{"$error":"#N/A"},29732,3]
[{"$error":"#N/A"},30506,3]
[{"$error":"#N/A"},30605,3]
[{"$error":"#N/A"},32034,3]
[{"$error":"#N/A"},32080,3]
[{"$error":"#N/A"},32224,3]
[{"$error":"#N/A"},32726,3]
[{"$error":"#N/A"},32778,3]
[{"$error":"#N/A"},32958,3]
[{"$error":"#N/A"},32963,3]
[{"$error":"#N/A"},33042,3]
[{"$error":"#N/A"},33408,3]
[{"$error":"#N/A"},33433,3]
[{"$error":"#N/A"},33445,3]
[{"$error":"#N/A"},33483,3]
[{"$error":"#N/A"},33647,3]
[{"$error":"#N/A"},33715,3]
[{"$error":"#N/A"},33764,3]
[{"$error":"#N/A"},33880,3]
[{"$error":"#N/A"},33904,3]
[{"$error":"#N/A"},33917,3]
[{"$error":"#N/A"},33955,3]
[{"$error":"#N/A"},33957,3]
[{"$error":"#N/A"},33993,3]
[{"$error":"#N/A"},34113,3]
[{"$error":"#N/A"},34117,3]
[{"$error":"#N/A"},34120,3]
[{"$error":"#N/A"},34203,3]
[{"$error":"#N/A"},34222,3]
[{"$error":"#N/A"},34240,3]
[{"$error":"#N/A"},34275,3]
[{"$error":"#N/A"},34609,3]
[{"$error":"#N/A"},34652,3]
[{"$error":"#N/A"},34667,3]
[{"$error":"#N/A"},34711,3]
[{"$error":"#N/A"},34772,3]
[{"$error":"#N/A"},34949,3]
[{"$error":"#N/A"},37122,3]
[{"$error":"#N/A"},44256,3]
[{"$error":"#N/A"},45040,3]
[{"$error":"#N/A"},65778,3]
[{"$error":"#N/A"},75043,3]
[{"$error":"#N/A"},76542,3]
[{"$error":"#N/A"},78633,3]
[{"$error":"#N/A"},80504,3]
[{"$error":"#N/A"},85351,3]
[{"$error":"#N/A"},85614,3]
[{"$error":"#N/A"},85748,3]
[{"$error":"#N/A"},1507,2]
[{"$error":"#N/A"},1754,2]
[{"$error":"#N/A"},1845,2]
[{"$error":"#N/A"},2818,2]
[{"$error":"#N/A"},4843,2]
[{"$error":"#N/A"},7040,2]
[{"$error":"#N/A"},7108,2]
[{"$error":"#N/A"},7712,2]
[{"$error":"#N/A"},8003,2]
[{"$error":"#N/A"},8008,2]
[{"$error":"#N/A"},8010,2]
[{"$error":"#N/A"},8023,2]
[{"$error":"#N/A"},8027,2]
[{"$error":"#N/A"},8033,2]
[{"$error":"#N/A"},8034,2]
[{"$error":"#N/A"},8035,2]
[{"$error":"#N/A"},8043,2]
[{"$error":"#N/A"},8053,2]
[{"$error":"#N/A"},8054,2]
[{"$error":"#N/A"},8061,2]
[{"$error":"#N/A"},8062,2]
[{"$error":"#N/A"},8075,2]
[{"$error":"#N/A"},8106,2]
[{"$error":"#N/A"},8107,2]
[{"$error":"#N/A"},8108,2]
[{"$error":"#N/A"},8109,2]
[{"$error":"#N/A"},8110,2]
[{"$error":"#N/A"},8203,2]
[{"$error":"#N/A"},8205,2]
[{"$error":"#N/A"},8210,2]
[{"$error":"#N/A"},8330,2]
[{"$error":"#N/A"},8360,2]
[{"$error":"#N/A"},8361,2]
[{"$error":"#N/A"},8406,2]
[{"$error":"#N/A"},8540,2]
[{"$error":"#N/A"},8759,2]
[{"$error":"#N/A"},11434,2]
[{"$error":"#N/A"},14830,2]
[{"$error":"#N/A"},16662,2]
[{"$error":"#N/A"},16743,2]
[{"$error":"#N/A"},16823,2]
[{"$error":"#N/A"},17067,2]
[{"$error":"#N/A"},17111,2]
[{"$error":"#N/A"},17112,2]
[{"$error":"#N/A"},17268,2]
[{"$error":"#N/A"},17320,2]
[{"$error":"#N/A"},17339,2]
[{"$error":"#N/A"},17356,2]
[{"$error":"#N/A"},17402,2]
[{"$error":"#N/A"},17529,2]
[{"$error":"#N/A"},17536,2]
[{"$error":"#N/A"},17579,2]
[{"$error":"#N/A"},17745,2]
[{"$error":"#N/A"},17771,2]
[{"$error":"#N/A"},17776,2]
[{"$error":"#N/A"},17815,2]
[{"$error":"#N/A"},18062,2]
[{"$error":"#N/A"},18078,2]
[{"$error":"#N/A"},18104,2]
[{"$error":"#N/A"},18235,2]
[{"$error":"#N/A"},18240,2]
[{"$error":"#N/A"},18504,2]
[{"$error":"#N/A"},18644,2]
[{"$error":"#N/A"},18901,2]
[{"$error":"#N/A"},18902,2]
[{"$error":"#N/A"},18940,2]
[{"$error":"#N/A"},18974,2]
[{"$error":"#N/A"},19002,2]
[{"$error":"#N/A"},19006,2]
[{"$error":"#N/A"},19010,2]
[{"$error":"#N/A"},19041,2]
[{"$error":"#N/A"},19043,2]
[{"$error":"#N/A"},19074,2]
[{"$error":"#N/A"},19076,2]
[{"$error":"#N/A"},19090,2]
[{"$error":"#N/A"},19121,2]
[{"$error":"#N/A"},19125,2]
[{"$error":"#N/A"},19129,2]
[{"$error":"#N/A"},19135,2]
[{"$error":"#N/A"},19139,2]
[{"$error":"#N/A"},19150,2]
[{"$error":"#N/A"},19152,2]
[{"$error":"#N/A"},19344,2]
[{"$error":"#N/A"},19351,2]
[{"$error":"#N/A"},19403,2]
[{"$error":"#N/A"},19422,2]
[{"$error":"#N/A"},19464,2]
[{"$error":"#N/A"},19510,2]
[{"$error":"#N/A"},19525,2]
[{"$error":"#N/A"},19567,2]
[{"$error":"#N/A"},19708,2]
[{"$error":"#N/A"},20152,2]
[{"$error":"#N/A"},20169,2]
[{"$error":"#N/A"},20171,2]
[{"$error":"#N/A"},20180,2]
[{"$error":"#N/A"},20602,2]
[{"$error":"#N/A"},20640,2]
[{"$error":"#N/A"},20650,2]
[{"$error":"#N/A"},20705,2]
[{"$error":"#N/A"},20706,2]
[{"$error":"#N/A"},20715,2]
[{"$error":"#N/A"},20735,2]
[{"$error":"#N/A"},20744,2]
[{"$error":"#N/A"},20815,2]
[{"$error":"#N/A"},20895,2]
[{"$error":"#N/A"},20912,2]
[{"$error":"#N/A"},21028,2]
[{"$error":"#N/A"},21030,2]
[{"$error":"#N/A"},21040,2]
[{"$error":"#N/A"},21043,2]
[{"$error":"#N/A"},21047,2]
[{"$error":"#N/A"},21061,2]
[{"$error":"#N/A"},21076,2]
[{"$error":"#N/A"},21108,2]
[{"$error":"#N/A"},21146,2]
[{"$error":"#N/A"},21228,2]
[{"$error":"#N/A"},21619,2]
[{"$error":"#N/A"},21628,2]
[{"$error":"#N/A"},21654,2]
[{"$error":"#N/A"},21659,2]
[{"$error":"#N/A"},21663,2]
[{"$error":"#N/A"},21667,2]
[{"$error":"#N/A"},21668,2]
[{"$error":"#N/A"},21673,2]
[{"$error":"#N/A"},21742,2]
[{"$error":"#N/A"},21822,2]
[{"$error":"#N/A"},21838,2]
[{"$error":"#N/A"},21840,2]
[{"$error":"#N/A"},21863,2]
[{"$error":"#N/A"},21871,2]
[{"$error":"#N/A"},21872,2]
[{"$error":"#N/A"},21874,2]
[{"$error":"#N/A"},21918,2]
[{"$error":"#N/A"},22401,2]
[{"$error":"#N/A"},22406,2]
[{"$error":"#N/A"},22485,2]
[{"$error":"#N/A"},22902,2]
[{"$error":"#N/A"},22911,2]
[{"$error":"#N/A"},23059,2]
[{"$error":"#N/A"},23061,2]
[{"$error":"#N/A"},23112,2]
[{"$error":"#N/A"},23117,2]
[{"$error":"#N/A"},23139,2]
[{"$error":"#N/A"},23229,2]
[{"$error":"#N/A"},23235,2]
[{"$error":"#N/A"},23320,2]
[{"$error":"#N/A"},23350,2]
[{"$error":"#N/A"},23395,2]
[{"$error":"#N/A"},23401,2]
[{"$error":"#N/A"},23435,2]
[{"$error":"#N/A"},23451,2]
[{"$error":"#N/A"},23831,2]
[{"$error":"#N/A"},23836,2]
[{"$error":"#N/A"},24060,2]
[{"$error":"#N/A"},24101,2]
[{"$error":"#N/A"},24450,2]
[{"$error":"#N/A"},24558,2]
[{"$error":"#N/A"},25303,2]
[{"$error":"#N/A"},27215,2]
[{"$error":"#N/A"},27284,2]
[{"$error":"#N/A"},27406,2]
[{"$error":"#N/A"},27520,2]
[{"$error":"#N/A"},27523,2]
[{"$error":"#N/A"},27527,2]
[{"$error":"#N/A"},27616,2]
[{"$error":"#N/A"},27804,2]
[{"$error":"#N/A"},27850,2]
[{"$error":"#N/A"},27936,2]
[{"$error":"#N/A"},28075,2]
[{"$error":"#N/A"},28115,2]
[{"$error":"#N/A"},28173,2]
[{"$error":"#N/A"},28227,2]
[{"$error":"#N/A"},28337,2]
[{"$error":"#N/A"},28374,2]
[{"$error":"#N/A"},28462,2]
[{"$error":"#N/A"},28512,2]
[{"$error":"#N/A"},28546,2]
[{"$error":"#N/A"},28557,2]
[{"$error":"#N/A"},28613,2]
[{"$error":"#N/A"},28734,2]
[{"$error":"#N/A"},29016,2]
[{"$error":"#N/A"},29036,2]
[{"$error":"#N/A"},29072,2]
[{"$error":"#N/A"},29102,2]
[{"$error":"#N/A"},29148,2]
[{"$error":"#N/A"},29154,2]
[{"$error":"#N/A"},29301,2]
[{"$error":"#N/A"},29414,2]
[{"$error":"#N/A"},29440,2]
[{"$error":"#N/A"},29455,2]
[{"$error":"#N/A"},29470,2]
[{"$error":"#N/A"},29505,2]
[{"$error":"#N/A"},29560,2]
[{"$error":"#N/A"},29803,2]
[{"$error":"#N/A"},29910,2]
[{"$error":"#N/A"},29927,2]
[{"$error":"#N/A"},30004,2]
[{"$error":"#N/A"},30019,2]
[{"$error":"#N/A"},30022,2]
[{"$error":"#N/A"},30024,2]
[{"$error":"#N/A"},30041,2]
[{"$error":"#N/A"},30043,2]
[{"$error":"#N/A"},30084,2]
[{"$error":"#N/A"},30101,2]
[{"$error":"#N/A"},30114,2]
[{"$error":"#N/A"},30127,2]
[{"$error":"#N/A"},30134,2]
[{"$error":"#N/A"},30276,2]
[{"$error":"#N/A"},30331,2]
[{"$error":"#N/A"},30680,2]
[{"$error":"#N/A"},30815,2]
[{"$error":"#N/A"},31522,2]
[{"$error":"#N/A"},31632,2]
[{"$error":"#N/A"},32065,2]
[{"$error":"#N/A"},32082,2]
[{"$error":"#N/A"},32086,2]
[{"$error":"#N/A"},32095,2]
[{"$error":"#N/A"},32127,2]
[{"$error":"#N/A"},32137,2]
[{"$error":"#N/A"},32168,2]
[{"$error":"#N/A"},32174,2]
[{"$error":"#N/A"},32176,2]
[{"$error":"#N/A"},32205,2]
[{"$error":"#N/A"},32233,2]
[{"$error":"#N/A"},32256,2]
[{"$error":"#N/A"},32404,2]
[{"$error":"#N/A"},32536,2]
[{"$error":"#N/A"},32547,2]
[{"$error":"#N/A"},32707,2]
[{"$error":"#N/A"},32796,2]
[{"$error":"#N/A"},32837,2]
[{"$error":"#N/A"},32901,2]
[{"$error":"#N/A"},32904,2]
[{"$error":"#N/A"},32937,2]
[{"$error":"#N/A"},32953,2]
[{"$error":"#N/A"},32962,2]
[{"$error":"#N/A"},33050,2]
[{"$error":"#N/A"},33064,2]
[{"$error":"#N/A"},33069,2]
[{"$error":"#N/A"},33139,2]
[{"$error":"#N/A"},33321,2]
[{"$error":"#N/A"},33411,2]
[{"$error":"#N/A"},33414,2]
[{"$error":"#N/A"},33434,2]
[{"$error":"#N/A"},33435,2]
[{"$error":"#N/A"},33437,2]
[{"$error":"#N/A"},33458,2]
[{"$error":"#N/A"},33473,2]
[{"$error":"#N/A"},33484,2]
[{"$error":"#N/A"},33486,2]
[{"$error":"#N/A"},33558,2]
[{"$error":"#N/A"},33572,2]
[{"$error":"#N/A"},33578,2]
[{"$error":"#N/A"},33598,2]
[{"$error":"#N/A"},33625,2]
[{"$error":"#N/A"},33706,2]
[{"$error":"#N/A"},33707,2]
[{"$error":"#N/A"},33774,2]
[{"$error":"#N/A"},33809,2]
[{"$error":"#N/A"},33823,2]
[{"$error":"#N/A"},33852,2]
[{"$error":"#N/A"},33884,2]
[{"$error":"#N/A"},33909,2]
[{"$error":"#N/A"},33928,2]
[{"$error":"#N/A"},33931,2]
[{"$error":"#N/A"},33948,2]
[{"$error":"#N/A"},33954,2]
[{"$error":"#N/A"},33966,2]
[{"$error":"#N/A"},33967,2]
[{"$error":"#N/A"},34108,2]
[{"$error":"#N/A"},34209,2]
[{"$error":"#N/A"},34243,2]
[{"$error":"#N/A"},34285,2]
[{"$error":"#N/A"},34289,2]
[{"$error":"#N/A"},34461,2]
[{"$error":"#N/A"},34601,2]
[{"$error":"#N/A"},34610,2]
[{"$error":"#N/A"},34639,2]
[{"$error":"#N/A"},34655,2]
[{"$error":"#N/A"},34691,2]
[{"$error":"#N/A"},34698,2]
[{"$error":"#N/A"},34714,2]
[{"$error":"#N/A"},34746,2]
[{"$error":"#N/A"},34758,2]
[{"$error":"#N/A"},34953,2]
[{"$error":"#N/A"},34957,2]
[{"$error":"#N/A"},35022,2]
[{"$error":"#N/A"},35593,2]
[{"$error":"#N/A"},35748,2]
[{"$error":"#N/A"},36532,2]
[{"$error":"#N/A"},37043,2]
[{"$error":"#N/A"},37066,2]
[{"$error":"#N/A"},37312,2]
[{"$error":"#N/A"},37861,2]
[{"$error":"#N/A"},37934,2]
[{"$error":"#N/A"},39503,2]
[{"$error":"#N/A"},39897,2]
[{"$error":"#N/A"},40299,2]
[{"$error":"#N/A"},43076,2]
[{"$error":"#N/A"},44406,2]
[{"$error":"#N/A"},46033,2]
[{"$error":"#N/A"},49431,2]
[{"$error":"#N/A"},57730,2]
[{"$error":"#N/A"},59870,2]
[{"$error":"#N/A"},76227,2]
[{"$error":"#N/A"},77018,2]
[{"$error":"#N/A"},77459,2]
[{"$error":"#N/A"},77469,2]
[{"$error":"#N/A"},77493,2]
[{"$error":"#N/A"},77573,2]
[{"$error":"#N/A"},78245,2]
[{"$error":"#N/A"},78260,2]
[{"$error":"#N/A"},78261,2]
[{"$error":"#N/A"},78628,2]
[{"$error":"#N/A"},80517,2]
[{"$error":"#N/A"},84780,2]
[{"$error":"#N/A"},85298,2]
[{"$error":"#N/A"},85373,2]
[{"$error":"#N/A"},85395,2]
[{"$error":"#N/A"},85635,2]
[{"$error":"#N/A"},85658,2]
[{"$error":"#N/A"},85737,2]
[{"$error":"#N/A"},85739,2]
[{"$error":"#N/A"},89032,2]
[{"$error":"#N/A"},89052,2]
[{"$error":"#N/A"},90094,2]
[{"$error":"#N/A"},92037,2]
[{"$error":"#N/A"},96706,2]
[{"$error":"#N/A"},96740,2]
[{"$error":"#N/A"},97206,2]
[{"$error":"#N/A"},98136,2]
[{"$error":"#N/A"},98362,2]
[{"$error":"#N/A"},637,1]
[{"$error":"#N/A"},650,1]
[{"$error":"#N/A"},682,1]
[{"$error":"#N/A"},754,1]
[{"$error":"#N/A"},820,1]
[{"$error":"#N/A"},1002,1]
[{"$error":"#N/A"},1096,1]
[{"$error":"#N/A"},1129,1]
[{"$error":"#N/A"},1452,1]
[{"$error":"#N/A"},1453,1]
[{"$error":"#N/A"},1516,1]
[{"$error":"#N/A"},1950,1]
[{"$error":"#N/A"},1960,1]
[{"$error":"#N/A"},2035,1]
[{"$error":"#N/A"},2043,1]
[{"$error":"#N/A"},2121,1]
[{"$error":"#N/A"},2136,1]
[{"$error":"#N/A"},2139,1]
[{"$error":"#N/A"},2184,1]
[{"$error":"#N/A"},2360,1]
[{"$error":"#N/A"},2420,1]
[{"$error":"#N/A"},2445,1]
[{"$error":"#N/A"},2540,1]
[{"$error":"#N/A"},2631,1]
[{"$error":"#N/A"},2651,1]
[{"$error":"#N/A"},2653,1]
[{"$error":"#N/A"},2663,1]
[{"$error":"#N/A"},2673,1]
[{"$error":"#N/A"},2675,1]
[{"$error":"#N/A"},2777,1]
[{"$error":"#N/A"},2861,1]
[{"$error":"#N/A"},2892,1]
[{"$error":"#N/A"},2906,1]
[{"$error":"#N/A"},2910,1]
[{"$error":"#N/A"},3062,1]
[{"$error":"#N/A"},3301,1]
[{"$error":"#N/A"},3304,1]
[{"$error":"#N/A"},3595,1]
[{"$error":"#N/A"},3740,1]
[{"$error":"#N/A"},3753,1]
[{"$error":"#N/A"},3801,1]
[{"$error":"#N/A"},3842,1]
[{"$error":"#N/A"},3848,1]
[{"$error":"#N/A"},3856,1]
[{"$error":"#N/A"},4072,1]
[{"$error":"#N/A"},4074,1]
[{"$error":"#N/A"},4076,1]
[{"$error":"#N/A"},4090,1]
[{"$error":"#N/A"},4106,1]
[{"$error":"#N/A"},4210,1]
[{"$error":"#N/A"},4282,1]
[{"$error":"#N/A"},4294,1]
[{"$error":"#N/A"},4352,1]
[{"$error":"#N/A"},4401,1]
[{"$error":"#N/A"},4464,1]
[{"$error":"#N/A"},4578,1]
[{"$error":"#N/A"},4605,1]
[{"$error":"#N/A"},4627,1]
[{"$error":"#N/A"},4776,1]
[{"$error":"#N/A"},4848,1]
[{"$error":"#N/A"},4854,1]
[{"$error":"#N/A"},4901,1]
[{"$error":"#N/A"},4917,1]
[{"$error":"#N/A"},4939,1]
[{"$error":"#N/A"},5037,1]
[{"$error":"#N/A"},5143,1]
[{"$error":"#N/A"},5201,1]
[{"$error":"#N/A"},5401,1]
[{"$error":"#N/A"},5403,1]
[{"$error":"#N/A"},5452,1]
[{"$error":"#N/A"},5464,1]
[{"$error":"#N/A"},5488,1]
[{"$error":"#N/A"},5701,1]
[{"$error":"#N/A"},6082,1]
[{"$error":"#N/A"},6095,1]
[{"$error":"#N/A"},6096,1]
[{"$error":"#N/A"},6237,1]
[{"$error":"#N/A"},6351,1]
[{"$error":"#N/A"},6355,1]
[{"$error":"#N/A"},6415,1]
[{"$error":"#N/A"},6443,1]
[{"$error":"#N/A"},6488,1]
[{"$error":"#N/A"},6498,1]
[{"$error":"#N/A"},6516,1]
[{"$error":"#N/A"},6604,1]
[{"$error":"#N/A"},6850,1]
[{"$error":"#N/A"},7010,1]
[{"$error":"#N/A"},7016,1]
[{"$error":"#N/A"},7071,1]
[{"$error":"#N/A"},7103,1]
[{"$error":"#N/A"},7302,1]
[{"$error":"#N/A"},7444,1]
[{"$error":"#N/A"},7450,1]
[{"$error":"#N/A"},7461,1]
[{"$error":"#N/A"},7481,1]
[{"$error":"#N/A"},7601,1]
[{"$error":"#N/A"},7645,1]
[{"$error":"#N/A"},7675,1]
[{"$error":"#N/A"},7677,1]
[{"$error":"#N/A"},7719,1]
[{"$error":"#N/A"},7746,1]
[{"$error":"#N/A"},7756,1]
[{"$error":"#N/A"},7840,1]
[{"$error":"#N/A"},7843,1]
[{"$error":"#N/A"},7860,1]
[{"$error":"#N/A"},7866,1]
[{"$error":"#N/A"},7930,1]
[{"$error":"#N/A"},8004,1]
[{"$error":"#N/A"},8009,1]
[{"$error":"#N/A"},8015,1]
[{"$error":"#N/A"},8016,1]
[{"$error":"#N/A"},8020,1]
[{"$error":"#N/A"},8022,1]
[{"$error":"#N/A"},8030,1]
[{"$error":"#N/A"},8031,1]
[{"$error":"#N/A"},8037,1]
[{"$error":"#N/A"},8038,1]
[{"$error":"#N/A"},8045,1]
[{"$error":"#N/A"},8050,1]
[{"$error":"#N/A"},8052,1]
[{"$error":"#N/A"},8055,1]
[{"$error":"#N/A"},8060,1]
[{"$error":"#N/A"},8063,1]
[{"$error":"#N/A"},8072,1]
[{"$error":"#N/A"},8078,1]
[{"$error":"#N/A"},8084,1]
[{"$error":"#N/A"},8086,1]
[{"$error":"#N/A"},8102,1]
[{"$error":"#N/A"},8215,1]
[{"$error":"#N/A"},8221,1]
[{"$error":"#N/A"},8241,1]
[{"$error":"#N/A"},8243,1]
[{"$error":"#N/A"},8251,1]
[{"$error":"#N/A"},8320,1]
[{"$error":"#N/A"},8322,1]
[{"$error":"#N/A"},8343,1]
[{"$error":"#N/A"},8344,1]
[{"$error":"#N/A"},8362,1]
[{"$error":"#N/A"},8402,1]
[{"$error":"#N/A"},8505,1]
[{"$error":"#N/A"},8514,1]
[{"$error":"#N/A"},8534,1]
[{"$error":"#N/A"},8542,1]
[{"$error":"#N/A"},8559,1]
[{"$error":"#N/A"},8610,1]
[{"$error":"#N/A"},8620,1]
[{"$error":"#N/A"},8648,1]
[{"$error":"#N/A"},8701,1]
[{"$error":"#N/A"},8751,1]
[{"$error":"#N/A"},8757,1]
[{"$error":"#N/A"},8758,1]
[{"$error":"#N/A"},8801,1]
[{"$error":"#N/A"},8816,1]
[{"$error":"#N/A"},8857,1]
[{"$error":"#N/A"},8859,1]
[{"$error":"#N/A"},8873,1]
[{"$error":"#N/A"},10010,1]
[{"$error":"#N/A"},10018,1]
[{"$error":"#N/A"},10044,1]
[{"$error":"#N/A"},10128,1]
[{"$error":"#N/A"},10460,1]
[{"$error":"#N/A"},10527,1]
[{"$error":"#N/A"},10598,1]
[{"$error":"#N/A"},10607,1]
[{"$error":"#N/A"},10706,1]
[{"$error":"#N/A"},11010,1]
[{"$error":"#N/A"},11021,1]
[{"$error":"#N/A"},11105,1]
[{"$error":"#N/A"},11231,1]
[{"$error":"#N/A"},11254,1]
[{"$error":"#N/A"},11369,1]
[{"$error":"#N/A"},11411,1]
[{"$error":"#N/A"},11510,1]
[{"$error":"#N/A"},11530,1]
[{"$error":"#N/A"},11691,1]
[{"$error":"#N/A"},11743,1]
[{"$error":"#N/A"},11937,1]
[{"$error":"#N/A"},11961,1]
[{"$error":"#N/A"},11977,1]
[{"$error":"#N/A"},12065,1]
[{"$error":"#N/A"},12090,1]
[{"$error":"#N/A"},12401,1]
[{"$error":"#N/A"},12472,1]
[{"$error":"#N/A"},12776,1]
[{"$error":"#N/A"},12831,1]
[{"$error":"#N/A"},12866,1]
[{"$error":"#N/A"},13045,1]
[{"$error":"#N/A"},13057,1]
[{"$error":"#N/A"},13167,1]
[{"$error":"#N/A"},13808,1]
[{"$error":"#N/A"},14092,1]
[{"$error":"#N/A"},14424,1]
[{"$error":"#N/A"},14450,1]
[{"$error":"#N/A"},14472,1]
[{"$error":"#N/A"},14616,1]
[{"$error":"#N/A"},14626,1]
[{"$error":"#N/A"},14701,1]
[{"$error":"#N/A"},14826,1]
[{"$error":"#N/A"},14891,1]
[{"$error":"#N/A"},14901,1]
[{"$error":"#N/A"},15037,1]
[{"$error":"#N/A"},15067,1]
[{"$error":"#N/A"},15101,1]
[{"$error":"#N/A"},15108,1]
[{"$error":"#N/A"},15137,1]
[{"$error":"#N/A"},15147,1]
[{"$error":"#N/A"},15202,1]
[{"$error":"#N/A"},15216,1]
[{"$error":"#N/A"},15218,1]
[{"$error":"#N/A"},15301,1]
[{"$error":"#N/A"},15317,1]
[{"$error":"#N/A"},15323,1]
[{"$error":"#N/A"},15401,1]
[{"$error":"#N/A"},15658,1]
[{"$error":"#N/A"},15676,1]
[{"$error":"#N/A"},15701,1]
[{"$error":"#N/A"},15759,1]
[{"$error":"#N/A"},15824,1]
[{"$error":"#N/A"},15825,1]
[{"$error":"#N/A"},15834,1]
[{"$error":"#N/A"},15905,1]
[{"$error":"#N/A"},15928,1]
[{"$error":"#N/A"},16001,1]
[{"$error":"#N/A"},16002,1]
[{"$error":"#N/A"},16057,1]
[{"$error":"#N/A"},16066,1]
[{"$error":"#N/A"},16111,1]
[{"$error":"#N/A"},16148,1]
[{"$error":"#N/A"},16323,1]
[{"$error":"#N/A"},16412,1]
[{"$error":"#N/A"},16506,1]
[{"$error":"#N/A"},16509,1]
[{"$error":"#N/A"},16650,1]
[{"$error":"#N/A"},16680,1]
[{"$error":"#N/A"},16801,1]
[{"$error":"#N/A"},16803,1]
[{"$error":"#N/A"},16868,1]
[{"$error":"#N/A"},16875,1]
[{"$error":"#N/A"},16901,1]
[{"$error":"#N/A"},16946,1]
[{"$error":"#N/A"},17015,1]
[{"$error":"#N/A"},17019,1]
[{"$error":"#N/A"},17042,1]
[{"$error":"#N/A"},17050,1]
[{"$error":"#N/A"},17055,1]
[{"$error":"#N/A"},17057,1]
[{"$error":"#N/A"},17063,1]
[{"$error":"#N/A"},17066,1]
[{"$error":"#N/A"},17202,1]
[{"$error":"#N/A"},17228,1]
[{"$error":"#N/A"},17241,1]
[{"$error":"#N/A"},17257,1]
[{"$error":"#N/A"},17314,1]
[{"$error":"#N/A"},17315,1]
[{"$error":"#N/A"},17350,1]
[{"$error":"#N/A"},17362,1]
[{"$error":"#N/A"},17403,1]
[{"$error":"#N/A"},17406,1]
[{"$error":"#N/A"},17505,1]
[{"$error":"#N/A"},17512,1]
[{"$error":"#N/A"},17516,1]
[{"$error":"#N/A"},17517,1]
[{"$error":"#N/A"},17519,1]
[{"$error":"#N/A"},17527,1]
[{"$error":"#N/A"},17532,1]
[{"$error":"#N/A"},17538,1]
[{"$error":"#N/A"},17545,1]
[{"$error":"#N/A"},17563,1]
[{"$error":"#N/A"},17565,1]
[{"$error":"#N/A"},17702,1]
[{"$error":"#N/A"},17731,1]
[{"$error":"#N/A"},17740,1]
[{"$error":"#N/A"},17754,1]
[{"$error":"#N/A"},17841,1]
[{"$error":"#N/A"},17846,1]
[{"$error":"#N/A"},18014,1]
[{"$error":"#N/A"},18017,1]
[{"$error":"#N/A"},18018,1]
[{"$error":"#N/A"},18032,1]
[{"$error":"#N/A"},18034,1]
[{"$error":"#N/A"},18049,1]
[{"$error":"#N/A"},18055,1]
[{"$error":"#N/A"},18067,1]
[{"$error":"#N/A"},18069,1]
[{"$error":"#N/A"},18071,1]
[{"$error":"#N/A"},18106,1]
[{"$error":"#N/A"},18202,1]
[{"$error":"#N/A"},18218,1]
[{"$error":"#N/A"},18229,1]
[{"$error":"#N/A"},18302,1]
[{"$error":"#N/A"},18343,1]
[{"$error":"#N/A"},18346,1]
[{"$error":"#N/A"},18347,1]
[{"$error":"#N/A"},18353,1]
[{"$error":"#N/A"},18407,1]
[{"$error":"#N/A"},18424,1]
[{"$error":"#N/A"},18431,1]
[{"$error":"#N/A"},18433,1]
[{"$error":"#N/A"},18452,1]
[{"$error":"#N/A"},18466,1]
[{"$error":"#N/A"},18472,1]
[{"$error":"#N/A"},18603,1]
[{"$error":"#N/A"},18621,1]
[{"$error":"#N/A"},18628,1]
[{"$error":"#N/A"},18661,1]
[{"$error":"#N/A"},18833,1]
[{"$error":"#N/A"},18834,1]
[{"$error":"#N/A"},18845,1]
[{"$error":"#N/A"},18853,1]
[{"$error":"#N/A"},18917,1]
[{"$error":"#N/A"},18925,1]
[{"$error":"#N/A"},18951,1]
[{"$error":"#N/A"},18960,1]
[{"$error":"#N/A"},18972,1]
[{"$error":"#N/A"},19004,1]
[{"$error":"#N/A"},19016,1]
[{"$error":"#N/A"},19020,1]
[{"$error":"#N/A"},19021,1]
[{"$error":"#N/A"},19025,1]
[{"$error":"#N/A"},19029,1]
[{"$error":"#N/A"},19032,1]
[{"$error":"#N/A"},19038,1]
[{"$error":"#N/A"},19040,1]
[{"$error":"#N/A"},19053,1]
[{"$error":"#N/A"},19056,1]
[{"$error":"#N/A"},19057,1]
[{"$error":"#N/A"},19067,1]
[{"$error":"#N/A"},19072,1]
[{"$error":"#N/A"},19101,1]
[{"$error":"#N/A"},19102,1]
[{"$error":"#N/A"},19104,1]
[{"$error":"#N/A"},19111,1]
[{"$error":"#N/A"},19114,1]
[{"$error":"#N/A"},19116,1]
[{"$error":"#N/A"},19126,1]
[{"$error":"#N/A"},19136,1]
[{"$error":"#N/A"},19140,1]
[{"$error":"#N/A"},19301,1]
[{"$error":"#N/A"},19310,1]
[{"$error":"#N/A"},19312,1]
[{"$error":"#N/A"},19333,1]
[{"$error":"#N/A"},19360,1]
[{"$error":"#N/A"},19369,1]
[{"$error":"#N/A"},19373,1]
[{"$error":"#N/A"},19374,1]
[{"$error":"#N/A"},19375,1]
[{"$error":"#N/A"},19405,1]
[{"$error":"#N/A"},19406,1]
[{"$error":"#N/A"},19425,1]
[{"$error":"#N/A"},19426,1]
[{"$error":"#N/A"},19438,1]
[{"$error":"#N/A"},19440,1]
[{"$error":"#N/A"},19444,1]
[{"$error":"#N/A"},19454,1]
[{"$error":"#N/A"},19462,1]
[{"$error":"#N/A"},19465,1]
[{"$error":"#N/A"},19477,1]
[{"$error":"#N/A"},19505,1]
[{"$error":"#N/A"},19506,1]
[{"$error":"#N/A"},19522,1]
[{"$error":"#N/A"},19560,1]
[{"$error":"#N/A"},19562,1]
[{"$error":"#N/A"},19565,1]
[{"$error":"#N/A"},19601,1]
[{"$error":"#N/A"},19606,1]
[{"$error":"#N/A"},19609,1]
[{"$error":"#N/A"},20007,1]
[{"$error":"#N/A"},20008,1]
[{"$error":"#N/A"},20016,1]
[{"$error":"#N/A"},20037,1]
[{"$error":"#N/A"},20117,1]
[{"$error":"#N/A"},20132,1]
[{"$error":"#N/A"},20164,1]
[{"$error":"#N/A"},20165,1]
[{"$error":"#N/A"},20170,1]
[{"$error":"#N/A"},20176,1]
[{"$error":"#N/A"},20619,1]
[{"$error":"#N/A"},20646,1]
[{"$error":"#N/A"},20688,1]
[{"$error":"#N/A"},20707,1]
[{"$error":"#N/A"},20720,1]
[{"$error":"#N/A"},20723,1]
[{"$error":"#N/A"},20732,1]
[{"$error":"#N/A"},20743,1]
[{"$error":"#N/A"},20772,1]
[{"$error":"#N/A"},20784,1]
[{"$error":"#N/A"},20785,1]
[{"$error":"#N/A"},20794,1]
[{"$error":"#N/A"},20850,1]
[{"$error":"#N/A"},20852,1]
[{"$error":"#N/A"},20853,1]
[{"$error":"#N/A"},20872,1]
[{"$error":"#N/A"},20874,1]
[{"$error":"#N/A"},20903,1]
[{"$error":"#N/A"},20906,1]
[{"$error":"#N/A"},20910,1]
[{"$error":"#N/A"},21012,1]
[{"$error":"#N/A"},21017,1]
[{"$error":"#N/A"},21029,1]
[{"$error":"#N/A"},21042,1]
[{"$error":"#N/A"},21054,1]
[{"$error":"#N/A"},21057,1]
[{"$error":"#N/A"},21077,1]
[{"$error":"#N/A"},21093,1]
[{"$error":"#N/A"},21111,1]
[{"$error":"#N/A"},21114,1]
[{"$error":"#N/A"},21117,1]
[{"$error":"#N/A"},21155,1]
[{"$error":"#N/A"},21162,1]
[{"$error":"#N/A"},21163,1]
[{"$error":"#N/A"},21201,1]
[{"$error":"#N/A"},21202,1]
[{"$error":"#N/A"},21208,1]
[{"$error":"#N/A"},21210,1]
[{"$error":"#N/A"},21212,1]
[{"$error":"#N/A"},21216,1]
[{"$error":"#N/A"},21220,1]
[{"$error":"#N/A"},21222,1]
[{"$error":"#N/A"},21224,1]
[{"$error":"#N/A"},21227,1]
[{"$error":"#N/A"},21229,1]
[{"$error":"#N/A"},21237,1]
[{"$error":"#N/A"},21239,1]
[{"$error":"#N/A"},21531,1]
[{"$error":"#N/A"},21541,1]
[{"$error":"#N/A"},21607,1]
[{"$error":"#N/A"},21623,1]
[{"$error":"#N/A"},21625,1]
[{"$error":"#N/A"},21657,1]
[{"$error":"#N/A"},21662,1]
[{"$error":"#N/A"},21670,1]
[{"$error":"#N/A"},21677,1]
[{"$error":"#N/A"},21704,1]
[{"$error":"#N/A"},21738,1]
[{"$error":"#N/A"},21740,1]
[{"$error":"#N/A"},21773,1]
[{"$error":"#N/A"},21774,1]
[{"$error":"#N/A"},21784,1]
[{"$error":"#N/A"},21791,1]
[{"$error":"#N/A"},21802,1]
[{"$error":"#N/A"},21814,1]
[{"$error":"#N/A"},21843,1]
[{"$error":"#N/A"},21856,1]
[{"$error":"#N/A"},21862,1]
[{"$error":"#N/A"},21865,1]
[{"$error":"#N/A"},21916,1]
[{"$error":"#N/A"},21920,1]
[{"$error":"#N/A"},22025,1]
[{"$error":"#N/A"},22026,1]
[{"$error":"#N/A"},22031,1]
[{"$error":"#N/A"},22101,1]
[{"$error":"#N/A"},22180,1]
[{"$error":"#N/A"},22202,1]
[{"$error":"#N/A"},22207,1]
[{"$error":"#N/A"},22302,1]
[{"$error":"#N/A"},22314,1]
[{"$error":"#N/A"},22407,1]
[{"$error":"#N/A"},22473,1]
[{"$error":"#N/A"},22480,1]
[{"$error":"#N/A"},22520,1]
[{"$error":"#N/A"},22572,1]
[{"$error":"#N/A"},22603,1]
[{"$error":"#N/A"},22802,1]
[{"$error":"#N/A"},22810,1]
[{"$error":"#N/A"},22834,1]
[{"$error":"#N/A"},22901,1]
[{"$error":"#N/A"},22939,1]
[{"$error":"#N/A"},22942,1]
[{"$error":"#N/A"},22947,1]
[{"$error":"#N/A"},22952,1]
[{"$error":"#N/A"},22980,1]
[{"$error":"#N/A"},23015,1]
[{"$error":"#N/A"},23060,1]
[{"$error":"#N/A"},23103,1]
[{"$error":"#N/A"},23111,1]
[{"$error":"#N/A"},23114,1]
[{"$error":"#N/A"},23124,1]
[{"$error":"#N/A"},23128,1]
[{"$error":"#N/A"},23188,1]
[{"$error":"#N/A"},23227,1]
[{"$error":"#N/A"},23230,1]
[{"$error":"#N/A"},23233,1]
[{"$error":"#N/A"},23234,1]
[{"$error":"#N/A"},23294,1]
[{"$error":"#N/A"},23308,1]
[{"$error":"#N/A"},23310,1]
[{"$error":"#N/A"},23314,1]
[{"$error":"#N/A"},23410,1]
[{"$error":"#N/A"},23417,1]
[{"$error":"#N/A"},23418,1]
[{"$error":"#N/A"},23421,1]
[{"$error":"#N/A"},23430,1]
[{"$error":"#N/A"},23432,1]
[{"$error":"#N/A"},23434,1]
[{"$error":"#N/A"},23450,1]
[{"$error":"#N/A"},23455,1]
[{"$error":"#N/A"},23464,1]
[{"$error":"#N/A"},23502,1]
[{"$error":"#N/A"},23503,1]
[{"$error":"#N/A"},23513,1]
[{"$error":"#N/A"},23601,1]
[{"$error":"#N/A"},23607,1]
[{"$error":"#N/A"},23608,1]
[{"$error":"#N/A"},23703,1]
[{"$error":"#N/A"},23851,1]
[{"$error":"#N/A"},23860,1]
[{"$error":"#N/A"},23887,1]
[{"$error":"#N/A"},24012,1]
[{"$error":"#N/A"},24090,1]
[{"$error":"#N/A"},24095,1]
[{"$error":"#N/A"},24112,1]
[{"$error":"#N/A"},24127,1]
[{"$error":"#N/A"},24151,1]
[{"$error":"#N/A"},24171,1]
[{"$error":"#N/A"},24210,1]
[{"$error":"#N/A"},24319,1]
[{"$error":"#N/A"},24426,1]
[{"$error":"#N/A"},24477,1]
[{"$error":"#N/A"},24486,1]
[{"$error":"#N/A"},24551,1]
[{"$error":"#N/A"},24556,1]
[{"$error":"#N/A"},24605,1]
[{"$error":"#N/A"},24901,1]
[{"$error":"#N/A"},24931,1]
[{"$error":"#N/A"},24963,1]
[{"$error":"#N/A"},24993,1]
[{"$error":"#N/A"},25276,1]
[{"$error":"#N/A"},25413,1]
[{"$error":"#N/A"},25434,1]
[{"$error":"#N/A"},25443,1]
[{"$error":"#N/A"},25444,1]
[{"$error":"#N/A"},25544,1]
[{"$error":"#N/A"},25812,1]
[{"$error":"#N/A"},25840,1]
[{"$error":"#N/A"},25976,1]
[{"$error":"#N/A"},26050,1]
[{"$error":"#N/A"},26142,1]
[{"$error":"#N/A"},26267,1]
[{"$error":"#N/A"},26301,1]
[{"$error":"#N/A"},26444,1]
[{"$error":"#N/A"},26505,1]
[{"$error":"#N/A"},26508,1]
[{"$error":"#N/A"},26588,1]
[{"$error":"#N/A"},26601,1]
[{"$error":"#N/A"},26631,1]
[{"$error":"#N/A"},26710,1]
[{"$error":"#N/A"},26739,1]
[{"$error":"#N/A"},26757,1]
[{"$error":"#N/A"},27101,1]
[{"$error":"#N/A"},27104,1]
[{"$error":"#N/A"},27127,1]
[{"$error":"#N/A"},27214,1]
[{"$error":"#N/A"},27235,1]
[{"$error":"#N/A"},27282,1]
[{"$error":"#N/A"},27292,1]
[{"$error":"#N/A"},27295,1]
[{"$error":"#N/A"},27302,1]
[{"$error":"#N/A"},27312,1]
[{"$error":"#N/A"},27317,1]
[{"$error":"#N/A"},27330,1]
[{"$error":"#N/A"},27370,1]
[{"$error":"#N/A"},27377,1]
[{"$error":"#N/A"},27407,1]
[{"$error":"#N/A"},27455,1]
[{"$error":"#N/A"},27511,1]
[{"$error":"#N/A"},27513,1]
[{"$error":"#N/A"},27514,1]
[{"$error":"#N/A"},27516,1]
[{"$error":"#N/A"},27530,1]
[{"$error":"#N/A"},27534,1]
[{"$error":"#N/A"},27539,1]
[{"$error":"#N/A"},27545,1]
[{"$error":"#N/A"},27562,1]
[{"$error":"#N/A"},27565,1]
[{"$error":"#N/A"},27573,1]
[{"$error":"#N/A"},27583,1]
[{"$error":"#N/A"},27604,1]
[{"$error":"#N/A"},27610,1]
[{"$error":"#N/A"},27613,1]
[{"$error":"#N/A"},27614,1]
[{"$error":"#N/A"},27617,1]
[{"$error":"#N/A"},27712,1]
[{"$error":"#N/A"},27822,1]
[{"$error":"#N/A"},27824,1]
[{"$error":"#N/A"},27828,1]
[{"$error":"#N/A"},27856,1]
[{"$error":"#N/A"},27870,1]
[{"$error":"#N/A"},27874,1]
[{"$error":"#N/A"},27906,1]
[{"$error":"#N/A"},27909,1]
[{"$error":"#N/A"},27915,1]
[{"$error":"#N/A"},27924,1]
[{"$error":"#N/A"},27944,1]
[{"$error":"#N/A"},27948,1]
[{"$error":"#N/A"},27959,1]
[{"$error":"#N/A"},27966,1]
[{"$error":"#N/A"},28025,1]
[{"$error":"#N/A"},28027,1]
[{"$error":"#N/A"},28036,1]
[{"$error":"#N/A"},28043,1]
[{"$error":"#N/A"},28052,1]
[{"$error":"#N/A"},28054,1]
[{"$error":"#N/A"},28056,1]
[{"$error":"#N/A"},28083,1]
[{"$error":"#N/A"},28117,1]
[{"$error":"#N/A"},28120,1]
[{"$error":"#N/A"},28128,1]
[{"$error":"#N/A"},28144,1]
[{"$error":"#N/A"},28147,1]
[{"$error":"#N/A"},28150,1]
[{"$error":"#N/A"},28205,1]
[{"$error":"#N/A"},28210,1]
[{"$error":"#N/A"},28211,1]
[{"$error":"#N/A"},28216,1]
[{"$error":"#N/A"},28226,1]
[{"$error":"#N/A"},28269,1]
[{"$error":"#N/A"},28273,1]
[{"$error":"#N/A"},28277,1]
[{"$error":"#N/A"},28278,1]
[{"$error":"#N/A"},28318,1]
[{"$error":"#N/A"},28320,1]
[{"$error":"#N/A"},28326,1]
[{"$error":"#N/A"},28327,1]
[{"$error":"#N/A"},28328,1]
[{"$error":"#N/A"},28371,1]
[{"$error":"#N/A"},28379,1]
[{"$error":"#N/A"},28387,1]
[{"$error":"#N/A"},28396,1]
[{"$error":"#N/A"},28398,1]
[{"$error":"#N/A"},28409,1]
[{"$error":"#N/A"},28411,1]
[{"$error":"#N/A"},28425,1]
[{"$error":"#N/A"},28458,1]
[{"$error":"#N/A"},28463,1]
[{"$error":"#N/A"},28513,1]
[{"$error":"#N/A"},28532,1]
[{"$error":"#N/A"},28540,1]
[{"$error":"#N/A"},28560,1]
[{"$error":"#N/A"},28571,1]
[{"$error":"#N/A"},28584,1]
[{"$error":"#N/A"},28586,1]
[{"$error":"#N/A"},28590,1]
[{"$error":"#N/A"},28594,1]
[{"$error":"#N/A"},28625,1]
[{"$error":"#N/A"},28627,1]
[{"$error":"#N/A"},28636,1]
[{"$error":"#N/A"},28655,1]
[{"$error":"#N/A"},28673,1]
[{"$error":"#N/A"},28694,1]
[{"$error":"#N/A"},28704,1]
[{"$error":"#N/A"},28711,1]
[{"$error":"#N/A"},28712,1]
[{"$error":"#N/A"},28753,1]
[{"$error":"#N/A"},28756,1]
[{"$error":"#N/A"},28787,1]
[{"$error":"#N/A"},28790,1]
[{"$error":"#N/A"},28791,1]
[{"$error":"#N/A"},28792,1]
[{"$error":"#N/A"},28803,1]
[{"$error":"#N/A"},28806,1]
[{"$error":"#N/A"},29030,1]
[{"$error":"#N/A"},29047,1]
[{"$error":"#N/A"},29073,1]
[{"$error":"#N/A"},29115,1]
[{"$error":"#N/A"},29142,1]
[{"$error":"#N/A"},29163,1]
[{"$error":"#N/A"},29164,1]
[{"$error":"#N/A"},29204,1]
[{"$error":"#N/A"},29210,1]
[{"$error":"#N/A"},29229,1]
[{"$error":"#N/A"},29379,1]
[{"$error":"#N/A"},29388,1]
[{"$error":"#N/A"},29407,1]
[{"$error":"#N/A"},29410,1]
[{"$error":"#N/A"},29412,1]
[{"$error":"#N/A"},29439,1]
[{"$error":"#N/A"},29445,1]
[{"$error":"#N/A"},29456,1]
[{"$error":"#N/A"},29461,1]
[{"$error":"#N/A"},29464,1]
[{"$error":"#N/A"},29485,1]
[{"$error":"#N/A"},29488,1]
[{"$error":"#N/A"},29492,1]
[{"$error":"#N/A"},29501,1]
[{"$error":"#N/A"},29511,1]
[{"$error":"#N/A"},29527,1]
[{"$error":"#N/A"},29532,1]
[{"$error":"#N/A"},29541,1]
[{"$error":"#N/A"},29545,1]
[{"$error":"#N/A"},29554,1]
[{"$error":"#N/A"},29568,1]
[{"$error":"#N/A"},29569,1]
[{"$error":"#N/A"},29570,1]
[{"$error":"#N/A"},29572,1]
[{"$error":"#N/A"},29601,1]
[{"$error":"#N/A"},29607,1]
[{"$error":"#N/A"},29611,1]
[{"$error":"#N/A"},29617,1]
[{"$error":"#N/A"},29621,1]
[{"$error":"#N/A"},29631,1]
[{"$error":"#N/A"},29649,1]
[{"$error":"#N/A"},29651,1]
[{"$error":"#N/A"},29664,1]
[{"$error":"#N/A"},29670,1]
[{"$error":"#N/A"},29672,1]
[{"$error":"#N/A"},29676,1]
[{"$error":"#N/A"},29678,1]
[{"$error":"#N/A"},29680,1]
[{"$error":"#N/A"},29690,1]
[{"$error":"#N/A"},29702,1]
[{"$error":"#N/A"},29706,1]
[{"$error":"#N/A"},29708,1]
[{"$error":"#N/A"},29710,1]
[{"$error":"#N/A"},29715,1]
[{"$error":"#N/A"},29717,1]
[{"$error":"#N/A"},29720,1]
[{"$error":"#N/A"},29829,1]
[{"$error":"#N/A"},29902,1]
[{"$error":"#N/A"},29920,1]
[{"$error":"#N/A"},29926,1]
[{"$error":"#N/A"},29935,1]
[{"$error":"#N/A"},30013,1]
[{"$error":"#N/A"},30017,1]
[{"$error":"#N/A"},30028,1]
[{"$error":"#N/A"},30034,1]
[{"$error":"#N/A"},30040,1]
[{"$error":"#N/A"},30045,1]
[{"$error":"#N/A"},30046,1]
[{"$error":"#N/A"},30052,1]
[{"$error":"#N/A"},30068,1]
[{"$error":"#N/A"},30076,1]
[{"$error":"#N/A"},30078,1]
[{"$error":"#N/A"},30080,1]
[{"$error":"#N/A"},30087,1]
[{"$error":"#N/A"},30107,1]
[{"$error":"#N/A"},30126,1]
[{"$error":"#N/A"},30135,1]
[{"$error":"#N/A"},30141,1]
[{"$error":"#N/A"},30143,1]
[{"$error":"#N/A"},30157,1]
[{"$error":"#N/A"},30214,1]
[{"$error":"#N/A"},30215,1]
[{"$error":"#N/A"},30223,1]
[{"$error":"#N/A"},30228,1]
[{"$error":"#N/A"},30238,1]
[{"$error":"#N/A"},30252,1]
[{"$error":"#N/A"},30253,1]
[{"$error":"#N/A"},30281,1]
[{"$error":"#N/A"},30288,1]
[{"$error":"#N/A"},30294,1]
[{"$error":"#N/A"},30310,1]
[{"$error":"#N/A"},30311,1]
[{"$error":"#N/A"},30324,1]
[{"$error":"#N/A"},30327,1]
[{"$error":"#N/A"},30338,1]
[{"$error":"#N/A"},30349,1]
[{"$error":"#N/A"},30417,1]
[{"$error":"#N/A"},30467,1]
[{"$error":"#N/A"},30534,1]
[{"$error":"#N/A"},30535,1]
[{"$error":"#N/A"},30548,1]
[{"$error":"#N/A"},30553,1]
[{"$error":"#N/A"},30643,1]
[{"$error":"#N/A"},30705,1]
[{"$error":"#N/A"},30809,1]
[{"$error":"#N/A"},30909,1]
[{"$error":"#N/A"},31005,1]
[{"$error":"#N/A"},31028,1]
[{"$error":"#N/A"},31069,1]
[{"$error":"#N/A"},31210,1]
[{"$error":"#N/A"},31221,1]
[{"$error":"#N/A"},31302,1]
[{"$error":"#N/A"},31313,1]
[{"$error":"#N/A"},31316,1]
[{"$error":"#N/A"},31322,1]
[{"$error":"#N/A"},31324,1]
[{"$error":"#N/A"},31329,1]
[{"$error":"#N/A"},31408,1]
[{"$error":"#N/A"},31410,1]
[{"$error":"#N/A"},31525,1]
[{"$error":"#N/A"},31548,1]
[{"$error":"#N/A"},31558,1]
[{"$error":"#N/A"},31560,1]
[{"$error":"#N/A"},31569,1]
[{"$error":"#N/A"},31750,1]
[{"$error":"#N/A"},32003,1]
[{"$error":"#N/A"},32073,1]
[{"$error":"#N/A"},32081,1]
[{"$error":"#N/A"},32084,1]
[{"$error":"#N/A"},32091,1]
[{"$error":"#N/A"},32092,1]
[{"$error":"#N/A"},32102,1]
[{"$error":"#N/A"},32118,1]
[{"$error":"#N/A"},32136,1]
[{"$error":"#N/A"},32141,1]
[{"$error":"#N/A"},32169,1]
[{"$error":"#N/A"},32218,1]
[{"$error":"#N/A"},32225,1]
[{"$error":"#N/A"},32234,1]
[{"$error":"#N/A"},32244,1]
[{"$error":"#N/A"},32259,1]
[{"$error":"#N/A"},32277,1]
[{"$error":"#N/A"},32308,1]
[{"$error":"#N/A"},32408,1]
[{"$error":"#N/A"},32413,1]
[{"$error":"#N/A"},32428,1]
[{"$error":"#N/A"},32439,1]
[{"$error":"#N/A"},32459,1]
[{"$error":"#N/A"},32504,1]
[{"$error":"#N/A"},32513,1]
[{"$error":"#N/A"},32514,1]
[{"$error":"#N/A"},32533,1]
[{"$error":"#N/A"},32561,1]
[{"$error":"#N/A"},32563,1]
[{"$error":"#N/A"},32567,1]
[{"$error":"#N/A"},32570,1]
[{"$error":"#N/A"},32578,1]
[{"$error":"#N/A"},32583,1]
[{"$error":"#N/A"},32608,1]
[{"$error":"#N/A"},32609,1]
[{"$error":"#N/A"},32664,1]
[{"$error":"#N/A"},32686,1]
[{"$error":"#N/A"},32696,1]
[{"$error":"#N/A"},32702,1]
[{"$error":"#N/A"},32708,1]
[{"$error":"#N/A"},32714,1]
[{"$error":"#N/A"},32720,1]
[{"$error":"#N/A"},32735,1]
[{"$error":"#N/A"},32736,1]
[{"$error":"#N/A"},32750,1]
[{"$error":"#N/A"},32763,1]
[{"$error":"#N/A"},32765,1]
[{"$error":"#N/A"},32766,1]
[{"$error":"#N/A"},32771,1]
[{"$error":"#N/A"},32780,1]
[{"$error":"#N/A"},32817,1]
[{"$error":"#N/A"},32824,1]
[{"$error":"#N/A"},32836,1]
[{"$error":"#N/A"},32903,1]
[{"$error":"#N/A"},32906,1]
[{"$error":"#N/A"},32907,1]
[{"$error":"#N/A"},32923,1]
[{"$error":"#N/A"},32968,1]
[{"$error":"#N/A"},32976,1]
[{"$error":"#N/A"},33033,1]
[{"$error":"#N/A"},33041,1]
[{"$error":"#N/A"},33060,1]
[{"$error":"#N/A"},33062,1]
[{"$error":"#N/A"},33066,1]
[{"$error":"#N/A"},33068,1]
[{"$error":"#N/A"},33071,1]
[{"$error":"#N/A"},33076,1]
[{"$error":"#N/A"},33138,1]
[{"$error":"#N/A"},33143,1]
[{"$error":"#N/A"},33156,1]
[{"$error":"#N/A"},33178,1]
[{"$error":"#N/A"},33183,1]
[{"$error":"#N/A"},33304,1]
[{"$error":"#N/A"},33331,1]
[{"$error":"#N/A"},33401,1]
[{"$error":"#N/A"},33404,1]
[{"$error":"#N/A"},33412,1]
[{"$error":"#N/A"},33417,1]
[{"$error":"#N/A"},33418,1]
[{"$error":"#N/A"},33426,1]
[{"$error":"#N/A"},33428,1]
[{"$error":"#N/A"},33431,1]
[{"$error":"#N/A"},33460,1]
[{"$error":"#N/A"},33471,1]
[{"$error":"#N/A"},33477,1]
[{"$error":"#N/A"},33478,1]
[{"$error":"#N/A"},33496,1]
[{"$error":"#N/A"},33498,1]
[{"$error":"#N/A"},33510,1]
[{"$error":"#N/A"},33525,1]
[{"$error":"#N/A"},33540,1]
[{"$error":"#N/A"},33541,1]
[{"$error":"#N/A"},33542,1]
[{"$error":"#N/A"},33543,1]
[{"$error":"#N/A"},33547,1]
[{"$error":"#N/A"},33566,1]
[{"$error":"#N/A"},33569,1]
[{"$error":"#N/A"},33570,1]
[{"$error":"#N/A"},33584,1]
[{"$error":"#N/A"},33597,1]
[{"$error":"#N/A"},33604,1]
[{"$error":"#N/A"},33618,1]
[{"$error":"#N/A"},33701,1]
[{"$error":"#N/A"},33703,1]
[{"$error":"#N/A"},33704,1]
[{"$error":"#N/A"},33708,1]
[{"$error":"#N/A"},33710,1]
[{"$error":"#N/A"},33713,1]
[{"$error":"#N/A"},33756,1]
[{"$error":"#N/A"},33762,1]
[{"$error":"#N/A"},33763,1]
[{"$error":"#N/A"},33770,1]
[{"$error":"#N/A"},33771,1]
[{"$error":"#N/A"},33773,1]
[{"$error":"#N/A"},33776,1]
[{"$error":"#N/A"},33778,1]
[{"$error":"#N/A"},33785,1]
[{"$error":"#N/A"},33810,1]
[{"$error":"#N/A"},33811,1]
[{"$error":"#N/A"},33813,1]
[{"$error":"#N/A"},33830,1]
[{"$error":"#N/A"},33844,1]
[{"$error":"#N/A"},33859,1]
[{"$error":"#N/A"},33868,1]
[{"$error":"#N/A"},33896,1]
[{"$error":"#N/A"},33897,1]
[{"$error":"#N/A"},33898,1]
[{"$error":"#N/A"},33903,1]
[{"$error":"#N/A"},33905,1]
[{"$error":"#N/A"},33907,1]
[{"$error":"#N/A"},33914,1]
[{"$error":"#N/A"},33916,1]
[{"$error":"#N/A"},33919,1]
[{"$error":"#N/A"},33920,1]
[{"$error":"#N/A"},33947,1]
[{"$error":"#N/A"},33953,1]
[{"$error":"#N/A"},33971,1]
[{"$error":"#N/A"},33990,1]
[{"$error":"#N/A"},34102,1]
[{"$error":"#N/A"},34104,1]
[{"$error":"#N/A"},34105,1]
[{"$error":"#N/A"},34110,1]
[{"$error":"#N/A"},34112,1]
[{"$error":"#N/A"},34119,1]
[{"$error":"#N/A"},34134,1]
[{"$error":"#N/A"},34142,1]
[{"$error":"#N/A"},34145,1]
[{"$error":"#N/A"},34201,1]
[{"$error":"#N/A"},34202,1]
[{"$error":"#N/A"},34205,1]
[{"$error":"#N/A"},34208,1]
[{"$error":"#N/A"},34210,1]
[{"$error":"#N/A"},34212,1]
[{"$error":"#N/A"},34224,1]
[{"$error":"#N/A"},34231,1]
[{"$error":"#N/A"},34233,1]
[{"$error":"#N/A"},34235,1]
[{"$error":"#N/A"},34241,1]
[{"$error":"#N/A"},34265,1]
[{"$error":"#N/A"},34269,1]
[{"$error":"#N/A"},34291,1]
[{"$error":"#N/A"},34420,1]
[{"$error":"#N/A"},34431,1]
[{"$error":"#N/A"},34433,1]
[{"$error":"#N/A"},34436,1]
[{"$error":"#N/A"},34442,1]
[{"$error":"#N/A"},34446,1]
[{"$error":"#N/A"},34448,1]
[{"$error":"#N/A"},34450,1]
[{"$error":"#N/A"},34453,1]
[{"$error":"#N/A"},34465,1]
[{"$error":"#N/A"},34470,1]
[{"$error":"#N/A"},34471,1]
[{"$error":"#N/A"},34472,1]
[{"$error":"#N/A"},34473,1]
[{"$error":"#N/A"},34476,1]
[{"$error":"#N/A"},34482,1]
[{"$error":"#N/A"},34484,1]
[{"$error":"#N/A"},34607,1]
[{"$error":"#N/A"},34608,1]
[{"$error":"#N/A"},34638,1]
[{"$error":"#N/A"},34668,1]
[{"$error":"#N/A"},34677,1]
[{"$error":"#N/A"},34684,1]
[{"$error":"#N/A"},34685,1]
[{"$error":"#N/A"},34695,1]
[{"$error":"#N/A"},34705,1]
[{"$error":"#N/A"},34744,1]
[{"$error":"#N/A"},34770,1]
[{"$error":"#N/A"},34952,1]
[{"$error":"#N/A"},34972,1]
[{"$error":"#N/A"},34982,1]
[{"$error":"#N/A"},34986,1]
[{"$error":"#N/A"},34990,1]
[{"$error":"#N/A"},34997,1]
[{"$error":"#N/A"},35077,1]
[{"$error":"#N/A"},35085,1]
[{"$error":"#N/A"},35120,1]
[{"$error":"#N/A"},35124,1]
[{"$error":"#N/A"},35244,1]
[{"$error":"#N/A"},35611,1]
[{"$error":"#N/A"},35633,1]
[{"$error":"#N/A"},35744,1]
[{"$error":"#N/A"},35757,1]
[{"$error":"#N/A"},35758,1]
[{"$error":"#N/A"},35769,1]
[{"$error":"#N/A"},35803,1]
[{"$error":"#N/A"},35810,1]
[{"$error":"#N/A"},36066,1]
[{"$error":"#N/A"},36116,1]
[{"$error":"#N/A"},36360,1]
[{"$error":"#N/A"},36526,1]
[{"$error":"#N/A"},36530,1]
[{"$error":"#N/A"},36587,1]
[{"$error":"#N/A"},36703,1]
[{"$error":"#N/A"},36854,1]
[{"$error":"#N/A"},36870,1]
[{"$error":"#N/A"},37090,1]
[{"$error":"#N/A"},37128,1]
[{"$error":"#N/A"},37135,1]
[{"$error":"#N/A"},37138,1]
[{"$error":"#N/A"},37167,1]
[{"$error":"#N/A"},37174,1]
[{"$error":"#N/A"},37205,1]
[{"$error":"#N/A"},37211,1]
[{"$error":"#N/A"},37323,1]
[{"$error":"#N/A"},37343,1]
[{"$error":"#N/A"},37411,1]
[{"$error":"#N/A"},37615,1]
[{"$error":"#N/A"},37617,1]
[{"$error":"#N/A"},37656,1]
[{"$error":"#N/A"},37658,1]
[{"$error":"#N/A"},37687,1]
[{"$error":"#N/A"},37726,1]
[{"$error":"#N/A"},37737,1]
[{"$error":"#N/A"},37743,1]
[{"$error":"#N/A"},37763,1]
[{"$error":"#N/A"},37774,1]
[{"$error":"#N/A"},37777,1]
[{"$error":"#N/A"},37804,1]
[{"$error":"#N/A"},37818,1]
[{"$error":"#N/A"},37857,1]
[{"$error":"#N/A"},37865,1]
[{"$error":"#N/A"},37870,1]
[{"$error":"#N/A"},37882,1]
[{"$error":"#N/A"},37918,1]
[{"$error":"#N/A"},37921,1]
[{"$error":"#N/A"},38024,1]
[{"$error":"#N/A"},38251,1]
[{"$error":"#N/A"},38451,1]
[{"$error":"#N/A"},38485,1]
[{"$error":"#N/A"},38555,1]
[{"$error":"#N/A"},38556,1]
[{"$error":"#N/A"},38658,1]
[{"$error":"#N/A"},38673,1]
[{"$error":"#N/A"},39202,1]
[{"$error":"#N/A"},39272,1]
[{"$error":"#N/A"},39347,1]
[{"$error":"#N/A"},39507,1]
[{"$error":"#N/A"},39553,1]
[{"$error":"#N/A"},39564,1]
[{"$error":"#N/A"},39565,1]
[{"$error":"#N/A"},39759,1]
[{"$error":"#N/A"},40444,1]
[{"$error":"#N/A"},40502,1]
[{"$error":"#N/A"},40513,1]
[{"$error":"#N/A"},41004,1]
[{"$error":"#N/A"},41005,1]
[{"$error":"#N/A"},41091,1]
[{"$error":"#N/A"},42276,1]
[{"$error":"#N/A"},42764,1]
[{"$error":"#N/A"},43017,1]
[{"$error":"#N/A"},43021,1]
[{"$error":"#N/A"},43065,1]
[{"$error":"#N/A"},43110,1]
[{"$error":"#N/A"},43202,1]
[{"$error":"#N/A"},43219,1]
[{"$error":"#N/A"},43221,1]
[{"$error":"#N/A"},43229,1]
[{"$error":"#N/A"},43235,1]
[{"$error":"#N/A"},43420,1]
[{"$error":"#N/A"},43533,1]
[{"$error":"#N/A"},43560,1]
[{"$error":"#N/A"},43942,1]
[{"$error":"#N/A"},43988,1]
[{"$error":"#N/A"},44084,1]
[{"$error":"#N/A"},44116,1]
[{"$error":"#N/A"},44128,1]
[{"$error":"#N/A"},44130,1]
[{"$error":"#N/A"},44145,1]
[{"$error":"#N/A"},44281,1]
[{"$error":"#N/A"},44313,1]
[{"$error":"#N/A"},44408,1]
[{"$error":"#N/A"},44515,1]
[{"$error":"#N/A"},44654,1]
[{"$error":"#N/A"},44721,1]
[{"$error":"#N/A"},44864,1]
[{"$error":"#N/A"},45036,1]
[{"$error":"#N/A"},45102,1]
[{"$error":"#N/A"},45230,1]
[{"$error":"#N/A"},45417,1]
[{"$error":"#N/A"},45424,1]
[{"$error":"#N/A"},45429,1]
[{"$error":"#N/A"},45601,1]
[{"$error":"#N/A"},45662,1]
[{"$error":"#N/A"},45723,1]
[{"$error":"#N/A"},46038,1]
[{"$error":"#N/A"},46163,1]
[{"$error":"#N/A"},46342,1]
[{"$error":"#N/A"},46561,1]
[{"$error":"#N/A"},46617,1]
[{"$error":"#N/A"},47424,1]
[{"$error":"#N/A"},47725,1]
[{"$error":"#N/A"},47802,1]
[{"$error":"#N/A"},47906,1]
[{"$error":"#N/A"},47909,1]
[{"$error":"#N/A"},48101,1]
[{"$error":"#N/A"},48104,1]
[{"$error":"#N/A"},48188,1]
[{"$error":"#N/A"},48197,1]
[{"$error":"#N/A"},48236,1]
[{"$error":"#N/A"},48309,1]
[{"$error":"#N/A"},48322,1]
[{"$error":"#N/A"},48328,1]
[{"$error":"#N/A"},48383,1]
[{"$error":"#N/A"},48450,1]
[{"$error":"#N/A"},48750,1]
[{"$error":"#N/A"},48823,1]
[{"$error":"#N/A"},49046,1]
[{"$error":"#N/A"},49079,1]
[{"$error":"#N/A"},49417,1]
[{"$error":"#N/A"},49461,1]
[{"$error":"#N/A"},49651,1]
[{"$error":"#N/A"},49686,1]
[{"$error":"#N/A"},49801,1]
[{"$error":"#N/A"},49837,1]
[{"$error":"#N/A"},49876,1]
[{"$error":"#N/A"},49931,1]
[{"$error":"#N/A"},50074,1]
[{"$error":"#N/A"},50208,1]
[{"$error":"#N/A"},50266,1]
[{"$error":"#N/A"},51652,1]
[{"$error":"#N/A"},52003,1]
[{"$error":"#N/A"},52404,1]
[{"$error":"#N/A"},52732,1]
[{"$error":"#N/A"},53572,1]
[{"$error":"#N/A"},54016,1]
[{"$error":"#N/A"},54601,1]
[{"$error":"#N/A"},54701,1]
[{"$error":"#N/A"},54810,1]
[{"$error":"#N/A"},55042,1]
[{"$error":"#N/A"},55116,1]
[{"$error":"#N/A"},55350,1]
[{"$error":"#N/A"},55415,1]
[{"$error":"#N/A"},55449,1]
[{"$error":"#N/A"},55956,1]
[{"$error":"#N/A"},56011,1]
[{"$error":"#N/A"},57110,1]
[{"$error":"#N/A"},57702,1]
[{"$error":"#N/A"},57719,1]
[{"$error":"#N/A"},59047,1]
[{"$error":"#N/A"},59405,1]
[{"$error":"#N/A"},59501,1]
[{"$error":"#N/A"},59718,1]
[{"$error":"#N/A"},59720,1]
[{"$error":"#N/A"},59752,1]
[{"$error":"#N/A"},59803,1]
[{"$error":"#N/A"},59804,1]
[{"$error":"#N/A"},59904,1]
[{"$error":"#N/A"},60053,1]
[{"$error":"#N/A"},60061,1]
[{"$error":"#N/A"},60102,1]
[{"$error":"#N/A"},60188,1]
[{"$error":"#N/A"},60201,1]
[{"$error":"#N/A"},60409,1]
[{"$error":"#N/A"},60607,1]
[{"$error":"#N/A"},60640,1]
[{"$error":"#N/A"},61603,1]
[{"$error":"#N/A"},61833,1]
[{"$error":"#N/A"},62095,1]
[{"$error":"#N/A"},62269,1]
[{"$error":"#N/A"},62474,1]
[{"$error":"#N/A"},62959,1]
[{"$error":"#N/A"},62967,1]
[{"$error":"#N/A"},63117,1]
[{"$error":"#N/A"},63129,1]
[{"$error":"#N/A"},63401,1]
[{"$error":"#N/A"},63670,1]
[{"$error":"#N/A"},64155,1]
[{"$error":"#N/A"},65201,1]
[{"$error":"#N/A"},65203,1]
[{"$error":"#N/A"},67039,1]
[{"$error":"#N/A"},67401,1]
[{"$error":"#N/A"},67550,1]
[{"$error":"#N/A"},70118,1]
[{"$error":"#N/A"},70433,1]
[{"$error":"#N/A"},71018,1]
[{"$error":"#N/A"},71291,1]
[{"$error":"#N/A"},71326,1]
[{"$error":"#N/A"},71457,1]
[{"$error":"#N/A"},71603,1]
[{"$error":"#N/A"},72116,1]
[{"$error":"#N/A"},72120,1]
[{"$error":"#N/A"},72127,1]
[{"$error":"#N/A"},72658,1]
[{"$error":"#N/A"},72774,1]
[{"$error":"#N/A"},72835,1]
[{"$error":"#N/A"},73072,1]
[{"$error":"#N/A"},73401,1]
[{"$error":"#N/A"},73521,1]
[{"$error":"#N/A"},73547,1]
[{"$error":"#N/A"},73601,1]
[{"$error":"#N/A"},74002,1]
[{"$error":"#N/A"},74012,1]
[{"$error":"#N/A"},74019,1]
[{"$error":"#N/A"},74066,1]
[{"$error":"#N/A"},74136,1]
[{"$error":"#N/A"},74868,1]
[{"$error":"#N/A"},75006,1]
[{"$error":"#N/A"},75034,1]
[{"$error":"#N/A"},75044,1]
[{"$error":"#N/A"},75069,1]
[{"$error":"#N/A"},75070,1]
[{"$error":"#N/A"},75071,1]
[{"$error":"#N/A"},75087,1]
[{"$error":"#N/A"},75115,1]
[{"$error":"#N/A"},75442,1]
[{"$error":"#N/A"},75452,1]
[{"$error":"#N/A"},75455,1]
[{"$error":"#N/A"},75662,1]
[{"$error":"#N/A"},75701,1]
[{"$error":"#N/A"},76012,1]
[{"$error":"#N/A"},76021,1]
[{"$error":"#N/A"},76050,1]
[{"$error":"#N/A"},76052,1]
[{"$error":"#N/A"},76065,1]
[{"$error":"#N/A"},76126,1]
[{"$error":"#N/A"},76179,1]
[{"$error":"#N/A"},76244,1]
[{"$error":"#N/A"},76248,1]
[{"$error":"#N/A"},76273,1]
[{"$error":"#N/A"},76367,1]
[{"$error":"#N/A"},76502,1]
[{"$error":"#N/A"},76657,1]
[{"$error":"#N/A"},76903,1]
[{"$error":"#N/A"},77014,1]
[{"$error":"#N/A"},77019,1]
[{"$error":"#N/A"},77027,1]
[{"$error":"#N/A"},77089,1]
[{"$error":"#N/A"},77210,1]
[{"$error":"#N/A"},77302,1]
[{"$error":"#N/A"},77303,1]
[{"$error":"#N/A"},77316,1]
[{"$error":"#N/A"},77320,1]
[{"$error":"#N/A"},77346,1]
[{"$error":"#N/A"},77378,1]
[{"$error":"#N/A"},77389,1]
[{"$error":"#N/A"},77396,1]
[{"$error":"#N/A"},77406,1]
[{"$error":"#N/A"},77407,1]
[{"$error":"#N/A"},77471,1]
[{"$error":"#N/A"},77479,1]
[{"$error":"#N/A"},77484,1]
[{"$error":"#N/A"},77494,1]
[{"$error":"#N/A"},77535,1]
[{"$error":"#N/A"},77550,1]
[{"$error":"#N/A"},77551,1]
[{"$error":"#N/A"},77571,1]
[{"$error":"#N/A"},77581,1]
[{"$error":"#N/A"},77584,1]
[{"$error":"#N/A"},77616,1]
[{"$error":"#N/A"},77803,1]
[{"$error":"#N/A"},77951,1]
[{"$error":"#N/A"},77957,1]
[{"$error":"#N/A"},78015,1]
[{"$error":"#N/A"},78109,1]
[{"$error":"#N/A"},78114,1]
[{"$error":"#N/A"},78132,1]
[{"$error":"#N/A"},78154,1]
[{"$error":"#N/A"},78212,1]
[{"$error":"#N/A"},78220,1]
[{"$error":"#N/A"},78223,1]
[{"$error":"#N/A"},78240,1]
[{"$error":"#N/A"},78254,1]
[{"$error":"#N/A"},78255,1]
[{"$error":"#N/A"},78264,1]
[{"$error":"#N/A"},78372,1]
[{"$error":"#N/A"},78413,1]
[{"$error":"#N/A"},78418,1]
[{"$error":"#N/A"},78504,1]
[{"$error":"#N/A"},78613,1]
[{"$error":"#N/A"},78621,1]
[{"$error":"#N/A"},78626,1]
[{"$error":"#N/A"},78664,1]
[{"$error":"#N/A"},78665,1]
[{"$error":"#N/A"},78681,1]
[{"$error":"#N/A"},78735,1]
[{"$error":"#N/A"},78741,1]
[{"$error":"#N/A"},78752,1]
[{"$error":"#N/A"},78840,1]
[{"$error":"#N/A"},79407,1]
[{"$error":"#N/A"},79831,1]
[{"$error":"#N/A"},79935,1]
[{"$error":"#N/A"},80123,1]
[{"$error":"#N/A"},80134,1]
[{"$error":"#N/A"},80227,1]
[{"$error":"#N/A"},80247,1]
[{"$error":"#N/A"},80249,1]
[{"$error":"#N/A"},80303,1]
[{"$error":"#N/A"},80442,1]
[{"$error":"#N/A"},80477,1]
[{"$error":"#N/A"},80501,1]
[{"$error":"#N/A"},80513,1]
[{"$error":"#N/A"},80516,1]
[{"$error":"#N/A"},80602,1]
[{"$error":"#N/A"},80634,1]
[{"$error":"#N/A"},80915,1]
[{"$error":"#N/A"},80923,1]
[{"$error":"#N/A"},81005,1]
[{"$error":"#N/A"},81082,1]
[{"$error":"#N/A"},81091,1]
[{"$error":"#N/A"},81201,1]
[{"$error":"#N/A"},81224,1]
[{"$error":"#N/A"},81520,1]
[{"$error":"#N/A"},82301,1]
[{"$error":"#N/A"},83202,1]
[{"$error":"#N/A"},83642,1]
[{"$error":"#N/A"},83646,1]
[{"$error":"#N/A"},83854,1]
[{"$error":"#N/A"},83858,1]
[{"$error":"#N/A"},83860,1]
[{"$error":"#N/A"},84032,1]
[{"$error":"#N/A"},84045,1]
[{"$error":"#N/A"},84060,1]
[{"$error":"#N/A"},84105,1]
[{"$error":"#N/A"},84116,1]
[{"$error":"#N/A"},84121,1]
[{"$error":"#N/A"},85018,1]
[{"$error":"#N/A"},85029,1]
[{"$error":"#N/A"},85042,1]
[{"$error":"#N/A"},85118,1]
[{"$error":"#N/A"},85131,1]
[{"$error":"#N/A"},85132,1]
[{"$error":"#N/A"},85138,1]
[{"$error":"#N/A"},85140,1]
[{"$error":"#N/A"},85142,1]
[{"$error":"#N/A"},85143,1]
[{"$error":"#N/A"},85207,1]
[{"$error":"#N/A"},85248,1]
[{"$error":"#N/A"},85249,1]
[{"$error":"#N/A"},85253,1]
[{"$error":"#N/A"},85255,1]
[{"$error":"#N/A"},85260,1]
[{"$error":"#N/A"},85282,1]
[{"$error":"#N/A"},85304,1]
[{"$error":"#N/A"},85345,1]
[{"$error":"#N/A"},85364,1]
[{"$error":"#N/A"},85375,1]
[{"$error":"#N/A"},85381,1]
[{"$error":"#N/A"},85382,1]
[{"$error":"#N/A"},85387,1]
[{"$error":"#N/A"},85388,1]
[{"$error":"#N/A"},85390,1]
[{"$error":"#N/A"},85392,1]
[{"$error":"#N/A"},85396,1]
[{"$error":"#N/A"},85641,1]
[{"$error":"#N/A"},85650,1]
[{"$error":"#N/A"},85652,1]
[{"$error":"#N/A"},85653,1]
[{"$error":"#N/A"},85710,1]
[{"$error":"#N/A"},85718,1]
[{"$error":"#N/A"},85719,1]
[{"$error":"#N/A"},85746,1]
[{"$error":"#N/A"},85747,1]
[{"$error":"#N/A"},85750,1]
[{"$error":"#N/A"},85755,1]
[{"$error":"#N/A"},86004,1]
[{"$error":"#N/A"},86301,1]
[{"$error":"#N/A"},86325,1]
[{"$error":"#N/A"},86351,1]
[{"$error":"#N/A"},86406,1]
[{"$error":"#N/A"},87043,1]
[{"$error":"#N/A"},87083,1]
[{"$error":"#N/A"},87110,1]
[{"$error":"#N/A"},87120,1]
[{"$error":"#N/A"},87144,1]
[{"$error":"#N/A"},88012,1]
[{"$error":"#N/A"},88201,1]
[{"$error":"#N/A"},89011,1]
[{"$error":"#N/A"},89044,1]
[{"$error":"#N/A"},89084,1]
[{"$error":"#N/A"},89105,1]
[{"$error":"#N/A"},89123,1]
[{"$error":"#N/A"},89128,1]
[{"$error":"#N/A"},89131,1]
[{"$error":"#N/A"},89135,1]
[{"$error":"#N/A"},89156,1]
[{"$error":"#N/A"},89436,1]
[{"$error":"#N/A"},89509,1]
[{"$error":"#N/A"},89521,1]
[{"$error":"#N/A"},90035,1]
[{"$error":"#N/A"},90275,1]
[{"$error":"#N/A"},90713,1]
[{"$error":"#N/A"},90808,1]
[{"$error":"#N/A"},90814,1]
[{"$error":"#N/A"},91107,1]
[{"$error":"#N/A"},91350,1]
[{"$error":"#N/A"},91361,1]
[{"$error":"#N/A"},91942,1]
[{"$error":"#N/A"},92008,1]
[{"$error":"#N/A"},92009,1]
[{"$error":"#N/A"},92021,1]
[{"$error":"#N/A"},92054,1]
[{"$error":"#N/A"},92065,1]
[{"$error":"#N/A"},92081,1]
[{"$error":"#N/A"},92108,1]
[{"$error":"#N/A"},92111,1]
[{"$error":"#N/A"},92116,1]
[{"$error":"#N/A"},92119,1]
[{"$error":"#N/A"},92129,1]
[{"$error":"#N/A"},92130,1]
[{"$error":"#N/A"},92131,1]
[{"$error":"#N/A"},92203,1]
[{"$error":"#N/A"},92253,1]
[{"$error":"#N/A"},92264,1]
[{"$error":"#N/A"},92543,1]
[{"$error":"#N/A"},92625,1]
[{"$error":"#N/A"},92629,1]
[{"$error":"#N/A"},92673,1]
[{"$error":"#N/A"},92675,1]
[{"$error":"#N/A"},92704,1]
[{"$error":"#N/A"},92867,1]
[{"$error":"#N/A"},93105,1]
[{"$error":"#N/A"},93117,1]
[{"$error":"#N/A"},93291,1]
[{"$error":"#N/A"},93306,1]
[{"$error":"#N/A"},93422,1]
[{"$error":"#N/A"},93427,1]
[{"$error":"#N/A"},94010,1]
[{"$error":"#N/A"},94044,1]
[{"$error":"#N/A"},94513,1]
[{"$error":"#N/A"},94595,1]
[{"$error":"#N/A"},94605,1]
[{"$error":"#N/A"},94608,1]
[{"$error":"#N/A"},95209,1]
[{"$error":"#N/A"},95240,1]
[{"$error":"#N/A"},95476,1]
[{"$error":"#N/A"},95618,1]
[{"$error":"#N/A"},95687,1]
[{"$error":"#N/A"},95758,1]
[{"$error":"#N/A"},95820,1]
[{"$error":"#N/A"},95827,1]
[{"$error":"#N/A"},96738,1]
[{"$error":"#N/A"},96744,1]
[{"$error":"#N/A"},97041,1]
[{"$error":"#N/A"},97070,1]
[{"$error":"#N/A"},97211,1]
[{"$error":"#N/A"},97214,1]
[{"$error":"#N/A"},97217,1]
[{"$error":"#N/A"},97224,1]
[{"$error":"#N/A"},97229,1]
[{"$error":"#N/A"},97280,1]
[{"$error":"#N/A"},97367,1]
[{"$error":"#N/A"},97402,1]
[{"$error":"#N/A"},97439,1]
[{"$error":"#N/A"},97501,1]
[{"$error":"#N/A"},97601,1]
[{"$error":"#N/A"},97702,1]
[{"$error":"#N/A"},97756,1]
[{"$error":"#N/A"},98007,1]
[{"$error":"#N/A"},98038,1]
[{"$error":"#N/A"},98042,1]
[{"$error":"#N/A"},98053,1]
[{"$error":"#N/A"},98074,1]
[{"$error":"#N/A"},98112,1]
[{"$error":"#N/A"},98221,1]
[{"$error":"#N/A"},98225,1]
[{"$error":"#N/A"},98229,1]
[{"$error":"#N/A"},98230,1]
[{"$error":"#N/A"},98262,1]
[{"$error":"#N/A"},98275,1]
[{"$error":"#N/A"},98311,1]
[{"$error":"#N/A"},98363,1]
[{"$error":"#N/A"},98365,1]
[{"$error":"#N/A"},98374,1]
[{"$error":"#N/A"},98501,1]
[{"$error":"#N/A"},98626,1]
[{"$error":"#N/A"},98665,1]
[{"$error":"#N/A"},99019,1]
[{"$error":"#N/A"},99026,1]
[{"$error":"#N/A"},99114,1]
[{"$error":"#N/A"},99352,1]
[{"$error":"#N/A"},99362,1]
[{"$error":"#N/A"},99503,1]
[{"$error":"#N/A"},99615,1]